-- Table structure for table `mdl_role_context_levels`
--

CREATE TABLE `mdl_role_context_levels` (
  `id` bigint(10) NOT NULL AUTO_INCREMENT,
  `roleid` bigint(10) NOT NULL,
  `contextlevel` bigint(10) NOT NULL,
  PRIMARY KEY (`id`),
  UNIQUE KEY `mdl_rolecontleve_conrol_uix` (`contextlevel`,`roleid`),
  KEY `mdl_rolecontleve_rol_ix` (`roleid`)
) ENGINE=InnoDB AUTO_INCREMENT=12 DEFAULT CHARSET=utf8mb4 ROW_FORMAT=COMPRESSED COMMENT='Lists which roles can be assigned at which context levels. T';

--
-- Dumping data for table `mdl_role_context_levels`
--

INSERT INTO `mdl_role_context_levels` VALUES (1,1,10),(4,2,10),(2,1,40),(5,2,40),(3,1,50),(6,3,50),(8,4,50),(10,5,50),(7,3,70),(9,4,70),(11,5,70);

--
-- Table structure for table `mdl_role_names`
--

CREATE TABLE `mdl_role_names` (
  `id` bigint(10) NOT NULL AUTO_INCREMENT,
  `roleid` bigint(10) NOT NULL DEFAULT '0',
  `contextid` bigint(10) NOT NULL DEFAULT '0',
  `name` varchar(255) NOT NULL DEFAULT '',
  PRIMARY KEY (`id`),
  UNIQUE KEY `mdl_rolename_rolcon_uix` (`roleid`,`contextid`),
  KEY `mdl_rolename_rol_ix` (`roleid`),
  KEY `mdl_rolename_con_ix` (`contextid`)
) ENGINE=InnoDB DEFAULT CHARSET=utf8mb4 ROW_FORMAT=COMPRESSED COMMENT='role names in native strings';

--
-- Dumping data for table `mdl_role_names`
--


--
-- Table structure for table `mdl_role_sortorder`
--

CREATE TABLE `mdl_role_sortorder` (
  `id` bigint(10) NOT NULL AUTO_INCREMENT,
  `userid` bigint(10) NOT NULL,
  `roleid` bigint(10) NOT NULL,
  `contextid` bigint(10) NOT NULL,
  `sortoder` bigint(10) NOT NULL,
  PRIMARY KEY (`id`),
  UNIQUE KEY `mdl_rolesort_userolcon_uix` (`userid`,`roleid`,`contextid`),
  KEY `mdl_rolesort_use_ix` (`userid`),
  KEY `mdl_rolesort_rol_ix` (`roleid`),
  KEY `mdl_rolesort_con_ix` (`contextid`)
) ENGINE=InnoDB DEFAULT CHARSET=utf8mb4 ROW_FORMAT=COMPRESSED COMMENT='sort order of course managers in a course';

--
-- Dumping data for table `mdl_role_sortorder`
--


--
-- Table structure for table `mdl_scale`
--

CREATE TABLE `mdl_scale` (
  `id` bigint(10) NOT NULL AUTO_INCREMENT,
  `courseid` bigint(10) NOT NULL DEFAULT '0',
  `userid` bigint(10) NOT NULL DEFAULT '0',
  `name` varchar(255) NOT NULL DEFAULT '',
  `scale` longtext NOT NULL,
  `description` longtext NOT NULL,
  `descriptionformat` tinyint(2) NOT NULL DEFAULT '0',
  `timemodified` bigint(10) NOT NULL DEFAULT '0',
  PRIMARY KEY (`id`),
  KEY `mdl_scal_cou_ix` (`courseid`)
) ENGINE=InnoDB AUTO_INCREMENT=3 DEFAULT CHARSET=utf8mb4 ROW_FORMAT=COMPRESSED COMMENT='Defines grading scales';

--
-- Dumping data for table `mdl_scale`
--

INSERT INTO `mdl_scale` VALUES (1,0,0,'Separate and Connected ways of knowing','Mostly separate knowing,Separate and connected,Mostly connected knowing','The scale based on the theory of separate and connected knowing. This theory describes two different ways that we can evaluate and learn about the things we see and hear.<ul><li><strong>Separate knowers</strong> remain as objective as possible without including feelings and emotions. In a discussion with other people, they like to defend their own ideas, using logic to find holes in opponent\'s ideas.</li><li><strong>Connected knowers</strong> are more sensitive to other people. They are skilled at empathy and tend to listen and ask questions until they feel they can connect and \"understand things from their point of view\". They learn by trying to share the experiences that led to the knowledge they find in other people.</li></ul>',0,1551371087),(2,0,0,'Default competence scale','Not yet competent,Competent','A binary rating scale that provides no further information beyond whether someone has demonstrated proficiency or not.',0,1551371087);

--
-- Table structure for table `mdl_scale_history`
--

CREATE TABLE `mdl_scale_history` (
  `id` bigint(10) NOT NULL AUTO_INCREMENT,
  `action` bigint(10) NOT NULL DEFAULT '0',
  `oldid` bigint(10) NOT NULL,
  `source` varchar(255) DEFAULT NULL,
  `timemodified` bigint(10) DEFAULT NULL,
  `loggeduser` bigint(10) DEFAULT NULL,
  `courseid` bigint(10) NOT NULL DEFAULT '0',
  `userid` bigint(10) NOT NULL DEFAULT '0',
  `name` varchar(255) NOT NULL DEFAULT '',
  `scale` longtext NOT NULL,
  `description` longtext NOT NULL,
  PRIMARY KEY (`id`),
  KEY `mdl_scalhist_act_ix` (`action`),
  KEY `mdl_scalhist_tim_ix` (`timemodified`),
  KEY `mdl_scalhist_old_ix` (`oldid`),
  KEY `mdl_scalhist_cou_ix` (`courseid`),
  KEY `mdl_scalhist_log_ix` (`loggeduser`)
) ENGINE=InnoDB DEFAULT CHARSET=utf8mb4 ROW_FORMAT=COMPRESSED COMMENT='History table';

--
-- Dumping data for table `mdl_scale_history`
--


--
-- Table structure for table `mdl_scorm`
--

CREATE TABLE `mdl_scorm` (
  `id` bigint(10) NOT NULL AUTO_INCREMENT,
  `course` bigint(10) NOT NULL DEFAULT '0',
  `name` varchar(255) NOT NULL DEFAULT '',
  `scormtype` varchar(50) NOT NULL DEFAULT 'local',
  `reference` varchar(255) NOT NULL DEFAULT '',
  `intro` longtext NOT NULL,
  `introformat` smallint(4) NOT NULL DEFAULT '0',
  `version` varchar(9) NOT NULL DEFAULT '',
  `maxgrade` double NOT NULL DEFAULT '0',
  `grademethod` tinyint(2) NOT NULL DEFAULT '0',
  `whatgrade` bigint(10) NOT NULL DEFAULT '0',
  `maxattempt` bigint(10) NOT NULL DEFAULT '1',
  `forcecompleted` tinyint(1) NOT NULL DEFAULT '0',
  `forcenewattempt` tinyint(1) NOT NULL DEFAULT '0',
  `lastattemptlock` tinyint(1) NOT NULL DEFAULT '0',
  `masteryoverride` tinyint(1) NOT NULL DEFAULT '1',
  `displayattemptstatus` tinyint(1) NOT NULL DEFAULT '1',
  `displaycoursestructure` tinyint(1) NOT NULL DEFAULT '0',
  `updatefreq` tinyint(1) NOT NULL DEFAULT '0',
  `sha1hash` varchar(40) DEFAULT NULL,
  `md5hash` varchar(32) NOT NULL DEFAULT '',
  `revision` bigint(10) NOT NULL DEFAULT '0',
  `launch` bigint(10) NOT NULL DEFAULT '0',
  `skipview` tinyint(1) NOT NULL DEFAULT '1',
  `hidebrowse` tinyint(1) NOT NULL DEFAULT '0',
  `hidetoc` tinyint(1) NOT NULL DEFAULT '0',
  `nav` tinyint(1) NOT NULL DEFAULT '1',
  `navpositionleft` bigint(10) DEFAULT '-100',
  `navpositiontop` bigint(10) DEFAULT '-100',
  `auto` tinyint(1) NOT NULL DEFAULT '0',
  `popup` tinyint(1) NOT NULL DEFAULT '0',
  `options` varchar(255) NOT NULL DEFAULT '',
  `width` bigint(10) NOT NULL DEFAULT '100',
  `height` bigint(10) NOT NULL DEFAULT '600',
  `timeopen` bigint(10) NOT NULL DEFAULT '0',
  `timeclose` bigint(10) NOT NULL DEFAULT '0',
  `timemodified` bigint(10) NOT NULL DEFAULT '0',
  `completionstatusrequired` tinyint(1) DEFAULT NULL,
  `completionscorerequired` bigint(10) DEFAULT NULL,
  `completionstatusallscos` tinyint(1) DEFAULT NULL,
  `displayactivityname` smallint(4) NOT NULL DEFAULT '1',
  `autocommit` tinyint(1) NOT NULL DEFAULT '0',
  PRIMARY KEY (`id`),
  KEY `mdl_scor_cou_ix` (`course`)
) ENGINE=InnoDB DEFAULT CHARSET=utf8mb4 ROW_FORMAT=COMPRESSED COMMENT='each table is one SCORM module and its configuration';

--
-- Dumping data for table `mdl_scorm`
--


--
-- Table structure for table `mdl_scorm_aicc_session`
--

CREATE TABLE `mdl_scorm_aicc_session` (
  `id` bigint(10) NOT NULL AUTO_INCREMENT,
  `userid` bigint(10) NOT NULL DEFAULT '0',
  `scormid` bigint(10) NOT NULL DEFAULT '0',
  `hacpsession` varchar(255) NOT NULL DEFAULT '',
  `scoid` bigint(10) DEFAULT '0',
  `scormmode` varchar(50) DEFAULT NULL,
  `scormstatus` varchar(255) DEFAULT NULL,
  `attempt` bigint(10) DEFAULT NULL,
  `lessonstatus` varchar(255) DEFAULT NULL,
  `sessiontime` varchar(255) DEFAULT NULL,
  `timecreated` bigint(10) NOT NULL DEFAULT '0',
  `timemodified` bigint(10) NOT NULL DEFAULT '0',
  PRIMARY KEY (`id`),
  KEY `mdl_scoraiccsess_sco_ix` (`scormid`),
  KEY `mdl_scoraiccsess_use_ix` (`userid`)
) ENGINE=InnoDB DEFAULT CHARSET=utf8mb4 ROW_FORMAT=COMPRESSED COMMENT='Used by AICC HACP to store session information';

--
-- Dumping data for table `mdl_scorm_aicc_session`
--


--
-- Table structure for table `mdl_scorm_scoes`
--

CREATE TABLE `mdl_scorm_scoes` (
  `id` bigint(10) NOT NULL AUTO_INCREMENT,
  `scorm` bigint(10) NOT NULL DEFAULT '0',
  `manifest` varchar(255) NOT NULL DEFAULT '',
  `organization` varchar(255) NOT NULL DEFAULT '',
  `parent` varchar(255) NOT NULL DEFAULT '',
  `identifier` varchar(255) NOT NULL DEFAULT '',
  `launch` longtext NOT NULL,
  `scormtype` varchar(5) NOT NULL DEFAULT '',
  `title` varchar(255) NOT NULL DEFAULT '',
  `sortorder` bigint(10) NOT NULL DEFAULT '0',
  PRIMARY KEY (`id`),
  KEY `mdl_scorscoe_sco_ix` (`scorm`)
) ENGINE=InnoDB DEFAULT CHARSET=utf8mb4 ROW_FORMAT=COMPRESSED COMMENT='each SCO part of the SCORM module';

--
-- Dumping data for table `mdl_scorm_scoes`
--


--
-- Table structure for table `mdl_scorm_scoes_data`
--

CREATE TABLE `mdl_scorm_scoes_data` (
  `id` bigint(10) NOT NULL AUTO_INCREMENT,
  `scoid` bigint(10) NOT NULL DEFAULT '0',
  `name` varchar(255) NOT NULL DEFAULT '',
  `value` longtext NOT NULL,
  PRIMARY KEY (`id`),
  KEY `mdl_scorscoedata_sco_ix` (`scoid`)
) ENGINE=InnoDB DEFAULT CHARSET=utf8mb4 ROW_FORMAT=COMPRESSED COMMENT='Contains variable data get from packages';

--
-- Dumping data for table `mdl_scorm_scoes_data`
--


--
-- Table structure for table `mdl_scorm_scoes_track`
--

CREATE TABLE `mdl_scorm_scoes_track` (
  `id` bigint(10) NOT NULL AUTO_INCREMENT,
  `userid` bigint(10) NOT NULL DEFAULT '0',
  `scormid` bigint(10) NOT NULL DEFAULT '0',
  `scoid` bigint(10) NOT NULL DEFAULT '0',
  `attempt` bigint(10) NOT NULL DEFAULT '1',
  `element` varchar(255) NOT NULL DEFAULT '',
  `value` longtext NOT NULL,
  `timemodified` bigint(10) NOT NULL DEFAULT '0',
  PRIMARY KEY (`id`),
  UNIQUE KEY `mdl_scorscoetrac_usescosco_uix` (`userid`,`scormid`,`scoid`,`attempt`,`element`),
  KEY `mdl_scorscoetrac_use_ix` (`userid`),
  KEY `mdl_scorscoetrac_ele_ix` (`element`),
  KEY `mdl_scorscoetrac_sco_ix` (`scormid`),
  KEY `mdl_scorscoetrac_sco2_ix` (`scoid`)
) ENGINE=InnoDB DEFAULT CHARSET=utf8mb4 ROW_FORMAT=COMPRESSED COMMENT='to track SCOes';

--
-- Dumping data for table `mdl_scorm_scoes_track`
--


--
-- Table structure for table `mdl_scorm_seq_mapinfo`
--

CREATE TABLE `mdl_scorm_seq_mapinfo` (
  `id` bigint(10) NOT NULL AUTO_INCREMENT,
  `scoid` bigint(10) NOT NULL DEFAULT '0',
  `objectiveid` bigint(10) NOT NULL DEFAULT '0',
  `targetobjectiveid` bigint(10) NOT NULL DEFAULT '0',
  `readsatisfiedstatus` tinyint(1) NOT NULL DEFAULT '1',
  `readnormalizedmeasure` tinyint(1) NOT NULL DEFAULT '1',
  `writesatisfiedstatus` tinyint(1) NOT NULL DEFAULT '0',
  `writenormalizedmeasure` tinyint(1) NOT NULL DEFAULT '0',
  PRIMARY KEY (`id`),
  UNIQUE KEY `mdl_scorseqmapi_scoidobj_uix` (`scoid`,`id`,`objectiveid`),
  KEY `mdl_scorseqmapi_sco_ix` (`scoid`),
  KEY `mdl_scorseqmapi_obj_ix` (`objectiveid`)
) ENGINE=InnoDB DEFAULT CHARSET=utf8mb4 ROW_FORMAT=COMPRESSED COMMENT='SCORM2004 objective mapinfo description';

--
-- Dumping data for table `mdl_scorm_seq_mapinfo`
--


--
-- Table structure for table `mdl_scorm_seq_objective`
--

CREATE TABLE `mdl_scorm_seq_objective` (
  `id` bigint(10) NOT NULL AUTO_INCREMENT,
  `scoid` bigint(10) NOT NULL DEFAULT '0',
  `primaryobj` tinyint(1) NOT NULL DEFAULT '0',
  `objectiveid` varchar(255) NOT NULL DEFAULT '',
  `satisfiedbymeasure` tinyint(1) NOT NULL DEFAULT '1',
  `minnormalizedmeasure` float(11,4) NOT NULL DEFAULT '0.0000',
  PRIMARY KEY (`id`),
  UNIQUE KEY `mdl_scorseqobje_scoid_uix` (`scoid`,`id`),
  KEY `mdl_scorseqobje_sco_ix` (`scoid`)
) ENGINE=InnoDB DEFAULT CHARSET=utf8mb4 ROW_FORMAT=COMPRESSED COMMENT='SCORM2004 objective description';

--
-- Dumping data for table `mdl_scorm_seq_objective`
--


--
-- Table structure for table `mdl_scorm_seq_rolluprule`
--

CREATE TABLE `mdl_scorm_seq_rolluprule` (
  `id` bigint(10) NOT NULL AUTO_INCREMENT,
  `scoid` bigint(10) NOT NULL DEFAULT '0',
  `childactivityset` varchar(15) NOT NULL DEFAULT '',
  `minimumcount` bigint(10) NOT NULL DEFAULT '0',
  `minimumpercent` float(11,4) NOT NULL DEFAULT '0.0000',
  `conditioncombination` varchar(3) NOT NULL DEFAULT 'all',
  `action` varchar(15) NOT NULL DEFAULT '',
  PRIMARY KEY (`id`),
  UNIQUE KEY `mdl_scorseqroll_scoid_uix` (`scoid`,`id`),
  KEY `mdl_scorseqroll_sco_ix` (`scoid`)
) ENGINE=InnoDB DEFAULT CHARSET=utf8mb4 ROW_FORMAT=COMPRESSED COMMENT='SCORM2004 sequencing rule';

--
-- Dumping data for table `mdl_scorm_seq_rolluprule`
--


--
-- Table structure for table `mdl_scorm_seq_rolluprulecond`
--

CREATE TABLE `mdl_scorm_seq_rolluprulecond` (
  `id` bigint(10) NOT NULL AUTO_INCREMENT,
  `scoid` bigint(10) NOT NULL DEFAULT '0',
  `rollupruleid` bigint(10) NOT NULL DEFAULT '0',
  `operator` varchar(5) NOT NULL DEFAULT 'noOp',
  `cond` varchar(25) NOT NULL DEFAULT '',
  PRIMARY KEY (`id`),
  UNIQUE KEY `mdl_scorseqroll_scorolid_uix` (`scoid`,`rollupruleid`,`id`),
  KEY `mdl_scorseqroll_sco2_ix` (`scoid`),
  KEY `mdl_scorseqroll_rol_ix` (`rollupruleid`)
) ENGINE=InnoDB DEFAULT CHARSET=utf8mb4 ROW_FORMAT=COMPRESSED COMMENT='SCORM2004 sequencing rule';

--
-- Dumping data for table `mdl_scorm_seq_rolluprulecond`
--


--
-- Table structure for table `mdl_scorm_seq_rulecond`
--

CREATE TABLE `mdl_scorm_seq_rulecond` (
  `id` bigint(10) NOT NULL AUTO_INCREMENT,
  `scoid` bigint(10) NOT NULL DEFAULT '0',
  `ruleconditionsid` bigint(10) NOT NULL DEFAULT '0',
  `refrencedobjective` varchar(255) NOT NULL DEFAULT '',
  `measurethreshold` float(11,4) NOT NULL DEFAULT '0.0000',
  `operator` varchar(5) NOT NULL DEFAULT 'noOp',
  `cond` varchar(30) NOT NULL DEFAULT 'always',
  PRIMARY KEY (`id`),
  UNIQUE KEY `mdl_scorseqrule_idscorul_uix` (`id`,`scoid`,`ruleconditionsid`),
  KEY `mdl_scorseqrule_sco2_ix` (`scoid`),
  KEY `mdl_scorseqrule_rul_ix` (`ruleconditionsid`)
) ENGINE=InnoDB DEFAULT CHARSET=utf8mb4 ROW_FORMAT=COMPRESSED COMMENT='SCORM2004 rule condition';

--
-- Dumping data for table `mdl_scorm_seq_rulecond`
--


--
-- Table structure for table `mdl_scorm_seq_ruleconds`
--

CREATE TABLE `mdl_scorm_seq_ruleconds` (
  `id` bigint(10) NOT NULL AUTO_INCREMENT,
  `scoid` bigint(10) NOT NULL DEFAULT '0',
  `conditioncombination` varchar(3) NOT NULL DEFAULT 'all',
  `ruletype` tinyint(2) NOT NULL DEFAULT '0',
  `action` varchar(25) NOT NULL DEFAULT '',
  PRIMARY KEY (`id`),
  UNIQUE KEY `mdl_scorseqrule_scoid_uix` (`scoid`,`id`),
  KEY `mdl_scorseqrule_sco_ix` (`scoid`)
) ENGINE=InnoDB DEFAULT CHARSET=utf8mb4 ROW_FORMAT=COMPRESSED COMMENT='SCORM2004 rule conditions';

--
-- Dumping data for table `mdl_scorm_seq_ruleconds`
--


--
-- Table structure for table `mdl_search_index_requests`
--

CREATE TABLE `mdl_search_index_requests` (
  `id` bigint(10) NOT NULL AUTO_INCREMENT,
  `contextid` bigint(10) NOT NULL,
  `searcharea` varchar(255) NOT NULL DEFAULT '',
  `timerequested` bigint(10) NOT NULL,
  `partialarea` varchar(255) NOT NULL DEFAULT '',
  `partialtime` bigint(10) NOT NULL,
  `indexpriority` bigint(10) NOT NULL,
  PRIMARY KEY (`id`),
  KEY `mdl_searinderequ_indtim_ix` (`indexpriority`,`timerequested`),
  KEY `mdl_searinderequ_con_ix` (`contextid`)
) ENGINE=InnoDB DEFAULT CHARSET=utf8mb4 ROW_FORMAT=COMPRESSED COMMENT='Records requests for (re)indexing of specific contexts. Entr';

--
-- Dumping data for table `mdl_search_index_requests`
--


--
-- Table structure for table `mdl_search_simpledb_index`
--

CREATE TABLE `mdl_search_simpledb_index` (
  `id` bigint(10) NOT NULL AUTO_INCREMENT,
  `docid` varchar(255) NOT NULL DEFAULT '',
  `itemid` bigint(10) NOT NULL,
  `title` longtext,
  `content` longtext,
  `contextid` bigint(10) NOT NULL,
  `areaid` varchar(255) NOT NULL DEFAULT '',
  `type` tinyint(1) NOT NULL,
  `courseid` bigint(10) NOT NULL,
  `owneruserid` bigint(10) DEFAULT NULL,
  `modified` bigint(10) NOT NULL,
  `userid` bigint(10) DEFAULT NULL,
  `description1` longtext,
  `description2` longtext,
  PRIMARY KEY (`id`),
  UNIQUE KEY `mdl_searsimpinde_doc_uix` (`docid`),
  KEY `mdl_searsimpinde_owncon_ix` (`owneruserid`,`contextid`),
  FULLTEXT KEY `mdl_search_simpledb_index_index` (`title`,`content`,`description1`,`description2`)
) ENGINE=InnoDB DEFAULT CHARSET=utf8mb4 ROW_FORMAT=COMPRESSED COMMENT='search_simpledb table containing the index data.';

--
-- Dumping data for table `mdl_search_simpledb_index`
--


--
-- Table structure for table `mdl_sessions`
--

CREATE TABLE `mdl_sessions` (
  `id` bigint(10) NOT NULL AUTO_INCREMENT,
  `state` bigint(10) NOT NULL DEFAULT '0',
  `sid` varchar(128) NOT NULL DEFAULT '',
  `userid` bigint(10) NOT NULL,
  `sessdata` longtext,
  `timecreated` bigint(10) NOT NULL,
  `timemodified` bigint(10) NOT NULL,
  `firstip` varchar(45) DEFAULT NULL,
  `lastip` varchar(45) DEFAULT NULL,
  PRIMARY KEY (`id`),
  UNIQUE KEY `mdl_sess_sid_uix` (`sid`),
  KEY `mdl_sess_sta_ix` (`state`),
  KEY `mdl_sess_tim_ix` (`timecreated`),
  KEY `mdl_sess_tim2_ix` (`timemodified`),
  KEY `mdl_sess_use_ix` (`userid`)
) ENGINE=InnoDB AUTO_INCREMENT=1774 DEFAULT CHARSET=utf8mb4 ROW_FORMAT=COMPRESSED COMMENT='Database based session storage - now recommended';

--
-- Dumping data for table `mdl_sessions`
--

INSERT INTO `mdl_sessions` VALUES (1773,0,'01lpk5up5q9ojj0d22o84bpm0h',55,NULL,1669146059,1669146060,'98.116.56.250','98.116.56.250');

--
-- Table structure for table `mdl_stats_daily`
--

CREATE TABLE `mdl_stats_daily` (
  `id` bigint(10) NOT NULL AUTO_INCREMENT,
  `courseid` bigint(10) NOT NULL DEFAULT '0',
  `timeend` bigint(10) NOT NULL DEFAULT '0',
  `roleid` bigint(10) NOT NULL DEFAULT '0',
  `stattype` varchar(20) NOT NULL DEFAULT 'activity',
  `stat1` bigint(10) NOT NULL DEFAULT '0',
  `stat2` bigint(10) NOT NULL DEFAULT '0',
  PRIMARY KEY (`id`),
  KEY `mdl_statdail_cou_ix` (`courseid`),
  KEY `mdl_statdail_tim_ix` (`timeend`),
  KEY `mdl_statdail_rol_ix` (`roleid`)
) ENGINE=InnoDB DEFAULT CHARSET=utf8mb4 ROW_FORMAT=COMPRESSED COMMENT='to accumulate daily stats';

--
-- Dumping data for table `mdl_stats_daily`
--


--
-- Table structure for table `mdl_stats_monthly`
--

CREATE TABLE `mdl_stats_monthly` (
  `id` bigint(10) NOT NULL AUTO_INCREMENT,
  `courseid` bigint(10) NOT NULL DEFAULT '0',
  `timeend` bigint(10) NOT NULL DEFAULT '0',
  `roleid` bigint(10) NOT NULL DEFAULT '0',
  `stattype` varchar(20) NOT NULL DEFAULT 'activity',
  `stat1` bigint(10) NOT NULL DEFAULT '0',
  `stat2` bigint(10) NOT NULL DEFAULT '0',
  PRIMARY KEY (`id`),
  KEY `mdl_statmont_cou_ix` (`courseid`),
  KEY `mdl_statmont_tim_ix` (`timeend`),
  KEY `mdl_statmont_rol_ix` (`roleid`)
) ENGINE=InnoDB DEFAULT CHARSET=utf8mb4 ROW_FORMAT=COMPRESSED COMMENT='To accumulate monthly stats';

--
-- Dumping data for table `mdl_stats_monthly`
--


--
-- Table structure for table `mdl_stats_user_daily`
--

CREATE TABLE `mdl_stats_user_daily` (
  `id` bigint(10) NOT NULL AUTO_INCREMENT,
  `courseid` bigint(10) NOT NULL DEFAULT '0',
  `userid` bigint(10) NOT NULL DEFAULT '0',
  `roleid` bigint(10) NOT NULL DEFAULT '0',
  `timeend` bigint(10) NOT NULL DEFAULT '0',
  `statsreads` bigint(10) NOT NULL DEFAULT '0',
  `statswrites` bigint(10) NOT NULL DEFAULT '0',
  `stattype` varchar(30) NOT NULL DEFAULT '',
  PRIMARY KEY (`id`),
  KEY `mdl_statuserdail_cou_ix` (`courseid`),
  KEY `mdl_statuserdail_use_ix` (`userid`),
  KEY `mdl_statuserdail_rol_ix` (`roleid`),
  KEY `mdl_statuserdail_tim_ix` (`timeend`)
) ENGINE=InnoDB DEFAULT CHARSET=utf8mb4 ROW_FORMAT=COMPRESSED COMMENT='To accumulate daily stats per course/user';

--
-- Dumping data for table `mdl_stats_user_daily`
--


--
-- Table structure for table `mdl_stats_user_monthly`
--

CREATE TABLE `mdl_stats_user_monthly` (
  `id` bigint(10) NOT NULL AUTO_INCREMENT,
  `courseid` bigint(10) NOT NULL DEFAULT '0',
  `userid` bigint(10) NOT NULL DEFAULT '0',
  `roleid` bigint(10) NOT NULL DEFAULT '0',
  `timeend` bigint(10) NOT NULL DEFAULT '0',
  `statsreads` bigint(10) NOT NULL DEFAULT '0',
  `statswrites` bigint(10) NOT NULL DEFAULT '0',
  `stattype` varchar(30) NOT NULL DEFAULT '',
  PRIMARY KEY (`id`),
  KEY `mdl_statusermont_cou_ix` (`courseid`),
  KEY `mdl_statusermont_use_ix` (`userid`),
  KEY `mdl_statusermont_rol_ix` (`roleid`),
  KEY `mdl_statusermont_tim_ix` (`timeend`)
) ENGINE=InnoDB DEFAULT CHARSET=utf8mb4 ROW_FORMAT=COMPRESSED COMMENT='To accumulate monthly stats per course/user';

--
-- Dumping data for table `mdl_stats_user_monthly`
--


--
-- Table structure for table `mdl_stats_user_weekly`
--

CREATE TABLE `mdl_stats_user_weekly` (
  `id` bigint(10) NOT NULL AUTO_INCREMENT,
  `courseid` bigint(10) NOT NULL DEFAULT '0',
  `userid` bigint(10) NOT NULL DEFAULT '0',
  `roleid` bigint(10) NOT NULL DEFAULT '0',
  `timeend` bigint(10) NOT NULL DEFAULT '0',
  `statsreads` bigint(10) NOT NULL DEFAULT '0',
  `statswrites` bigint(10) NOT NULL DEFAULT '0',
  `stattype` varchar(30) NOT NULL DEFAULT '',
  PRIMARY KEY (`id`),
  KEY `mdl_statuserweek_cou_ix` (`courseid`),
  KEY `mdl_statuserweek_use_ix` (`userid`),
  KEY `mdl_statuserweek_rol_ix` (`roleid`),
  KEY `mdl_statuserweek_tim_ix` (`timeend`)
) ENGINE=InnoDB DEFAULT CHARSET=utf8mb4 ROW_FORMAT=COMPRESSED COMMENT='To accumulate weekly stats per course/user';

--
-- Dumping data for table `mdl_stats_user_weekly`
--


--
-- Table structure for table `mdl_stats_weekly`
--

CREATE TABLE `mdl_stats_weekly` (
  `id` bigint(10) NOT NULL AUTO_INCREMENT,
  `courseid` bigint(10) NOT NULL DEFAULT '0',
  `timeend` bigint(10) NOT NULL DEFAULT '0',
  `roleid` bigint(10) NOT NULL DEFAULT '0',
  `stattype` varchar(20) NOT NULL DEFAULT 'activity',
  `stat1` bigint(10) NOT NULL DEFAULT '0',
  `stat2` bigint(10) NOT NULL DEFAULT '0',
  PRIMARY KEY (`id`),
  KEY `mdl_statweek_cou_ix` (`courseid`),
  KEY `mdl_statweek_tim_ix` (`timeend`),
  KEY `mdl_statweek_rol_ix` (`roleid`)
) ENGINE=InnoDB DEFAULT CHARSET=utf8mb4 ROW_FORMAT=COMPRESSED COMMENT='To accumulate weekly stats';

--
-- Dumping data for table `mdl_stats_weekly`
--


--
-- Table structure for table `mdl_survey`
--

CREATE TABLE `mdl_survey` (
  `id` bigint(10) NOT NULL AUTO_INCREMENT,
  `course` bigint(10) NOT NULL DEFAULT '0',
  `template` bigint(10) NOT NULL DEFAULT '0',
  `days` mediumint(6) NOT NULL DEFAULT '0',
  `timecreated` bigint(10) NOT NULL DEFAULT '0',
  `timemodified` bigint(10) NOT NULL DEFAULT '0',
  `name` varchar(255) NOT NULL DEFAULT '',
  `intro` longtext NOT NULL,
  `introformat` smallint(4) NOT NULL DEFAULT '0',
  `questions` varchar(255) NOT NULL DEFAULT '',
  `completionsubmit` tinyint(1) NOT NULL DEFAULT '0',
  PRIMARY KEY (`id`),
  KEY `mdl_surv_cou_ix` (`course`)
) ENGINE=InnoDB AUTO_INCREMENT=6 DEFAULT CHARSET=utf8mb4 ROW_FORMAT=COMPRESSED COMMENT='Each record is one SURVEY module with its configuration';

--
-- Dumping data for table `mdl_survey`
--

INSERT INTO `mdl_survey` VALUES (1,0,0,0,985017600,985017600,'collesaname','collesaintro',0,'25,26,27,28,29,30,43,44',0),(2,0,0,0,985017600,985017600,'collespname','collespintro',0,'31,32,33,34,35,36,43,44',0),(3,0,0,0,985017600,985017600,'collesapname','collesapintro',0,'37,38,39,40,41,42,43,44',0),(4,0,0,0,985017600,985017600,'attlsname','attlsintro',0,'65,67,68',0),(5,0,0,0,985017600,985017600,'ciqname','ciqintro',0,'69,70,71,72,73',0);

--
-- Table structure for table `mdl_survey_analysis`
--

CREATE TABLE `mdl_survey_analysis` (
  `id` bigint(10) NOT NULL AUTO_INCREMENT,
  `survey` bigint(10) NOT NULL DEFAULT '0',
  `userid` bigint(10) NOT NULL DEFAULT '0',
  `notes` longtext NOT NULL,
  PRIMARY KEY (`id`),
  KEY `mdl_survanal_use_ix` (`userid`),
  KEY `mdl_survanal_sur_ix` (`survey`)
) ENGINE=InnoDB DEFAULT CHARSET=utf8mb4 ROW_FORMAT=COMPRESSED COMMENT='text about each survey submission';

--
-- Dumping data for table `mdl_survey_analysis`
--


--
-- Table structure for table `mdl_survey_answers`
--

CREATE TABLE `mdl_survey_answers` (
  `id` bigint(10) NOT NULL AUTO_INCREMENT,
  `userid` bigint(10) NOT NULL DEFAULT '0',
  `survey` bigint(10) NOT NULL DEFAULT '0',
  `question` bigint(10) NOT NULL DEFAULT '0',
  `time` bigint(10) NOT NULL DEFAULT '0',
  `answer1` longtext NOT NULL,
  `answer2` longtext NOT NULL,
  PRIMARY KEY (`id`),
  KEY `mdl_survansw_use_ix` (`userid`),
  KEY `mdl_survansw_sur_ix` (`survey`),
  KEY `mdl_survansw_que_ix` (`question`)
) ENGINE=InnoDB DEFAULT CHARSET=utf8mb4 ROW_FORMAT=COMPRESSED COMMENT='the answers to each questions filled by the users';

--
-- Dumping data for table `mdl_survey_answers`
--


--
-- Table structure for table `mdl_survey_questions`
--

CREATE TABLE `mdl_survey_questions` (
  `id` bigint(10) NOT NULL AUTO_INCREMENT,
  `text` varchar(255) NOT NULL DEFAULT '',
  `shorttext` varchar(30) NOT NULL DEFAULT '',
  `multi` varchar(100) NOT NULL DEFAULT '',
  `intro` varchar(50) NOT NULL DEFAULT '',
  `type` smallint(3) NOT NULL DEFAULT '0',
  `options` longtext,
  PRIMARY KEY (`id`)
) ENGINE=InnoDB AUTO_INCREMENT=74 DEFAULT CHARSET=utf8mb4 ROW_FORMAT=COMPRESSED COMMENT='the questions conforming one survey';

--
-- Dumping data for table `mdl_survey_questions`
--

INSERT INTO `mdl_survey_questions` VALUES (1,'colles1','colles1short','','',1,'scaletimes5'),(2,'colles2','colles2short','','',1,'scaletimes5'),(3,'colles3','colles3short','','',1,'scaletimes5'),(4,'colles4','colles4short','','',1,'scaletimes5'),(5,'colles5','colles5short','','',1,'scaletimes5'),(6,'colles6','colles6short','','',1,'scaletimes5'),(7,'colles7','colles7short','','',1,'scaletimes5'),(8,'colles8','colles8short','','',1,'scaletimes5'),(9,'colles9','colles9short','','',1,'scaletimes5'),(10,'colles10','colles10short','','',1,'scaletimes5'),(11,'colles11','colles11short','','',1,'scaletimes5'),(12,'colles12','colles12short','','',1,'scaletimes5'),(13,'colles13','colles13short','','',1,'scaletimes5'),(14,'colles14','colles14short','','',1,'scaletimes5'),(15,'colles15','colles15short','','',1,'scaletimes5'),(16,'colles16','colles16short','','',1,'scaletimes5'),(17,'colles17','colles17short','','',1,'scaletimes5'),(18,'colles18','colles18short','','',1,'scaletimes5'),(19,'colles19','colles19short','','',1,'scaletimes5'),(20,'colles20','colles20short','','',1,'scaletimes5'),(21,'colles21','colles21short','','',1,'scaletimes5'),(22,'colles22','colles22short','','',1,'scaletimes5'),(23,'colles23','colles23short','','',1,'scaletimes5'),(24,'colles24','colles24short','','',1,'scaletimes5'),(25,'collesm1','collesm1short','1,2,3,4','collesmintro',1,'scaletimes5'),(26,'collesm2','collesm2short','5,6,7,8','collesmintro',1,'scaletimes5'),(27,'collesm3','collesm3short','9,10,11,12','collesmintro',1,'scaletimes5'),(28,'collesm4','collesm4short','13,14,15,16','collesmintro',1,'scaletimes5'),(29,'collesm5','collesm5short','17,18,19,20','collesmintro',1,'scaletimes5'),(30,'collesm6','collesm6short','21,22,23,24','collesmintro',1,'scaletimes5'),(31,'collesm1','collesm1short','1,2,3,4','collesmintro',2,'scaletimes5'),(32,'collesm2','collesm2short','5,6,7,8','collesmintro',2,'scaletimes5'),(33,'collesm3','collesm3short','9,10,11,12','collesmintro',2,'scaletimes5'),(34,'collesm4','collesm4short','13,14,15,16','collesmintro',2,'scaletimes5'),(35,'collesm5','collesm5short','17,18,19,20','collesmintro',2,'scaletimes5'),(36,'collesm6','collesm6short','21,22,23,24','collesmintro',2,'scaletimes5'),(37,'collesm1','collesm1short','1,2,3,4','collesmintro',3,'scaletimes5'),(38,'collesm2','collesm2short','5,6,7,8','collesmintro',3,'scaletimes5'),(39,'collesm3','collesm3short','9,10,11,12','collesmintro',3,'scaletimes5'),(40,'collesm4','collesm4short','13,14,15,16','collesmintro',3,'scaletimes5'),(41,'collesm5','collesm5short','17,18,19,20','collesmintro',3,'scaletimes5'),(42,'collesm6','collesm6short','21,22,23,24','collesmintro',3,'scaletimes5'),(43,'howlong','','','',1,'howlongoptions'),(44,'othercomments','','','',0,NULL),(45,'attls1','attls1short','','',1,'scaleagree5'),(46,'attls2','attls2short','','',1,'scaleagree5'),(47,'attls3','attls3short','','',1,'scaleagree5'),(48,'attls4','attls4short','','',1,'scaleagree5'),(49,'attls5','attls5short','','',1,'scaleagree5'),(50,'attls6','attls6short','','',1,'scaleagree5'),(51,'attls7','attls7short','','',1,'scaleagree5'),(52,'attls8','attls8short','','',1,'scaleagree5'),(53,'attls9','attls9short','','',1,'scaleagree5'),(54,'attls10','attls10short','','',1,'scaleagree5'),(55,'attls11','attls11short','','',1,'scaleagree5'),(56,'attls12','attls12short','','',1,'scaleagree5'),(57,'attls13','attls13short','','',1,'scaleagree5'),(58,'attls14','attls14short','','',1,'scaleagree5'),(59,'attls15','attls15short','','',1,'scaleagree5'),(60,'attls16','attls16short','','',1,'scaleagree5'),(61,'attls17','attls17short','','',1,'scaleagree5'),(62,'attls18','attls18short','','',1,'scaleagree5'),(63,'attls19','attls19short','','',1,'scaleagree5'),(64,'attls20','attls20short','','',1,'scaleagree5'),(65,'attlsm1','attlsm1','45,46,47,48,49,50,51,52,53,54,55,56,57,58,59,60,61,62,63,64','attlsmintro',1,'scaleagree5'),(66,'-','-','-','-',0,'-'),(67,'attlsm2','attlsm2','63,62,59,57,55,49,52,50,48,47','attlsmintro',-1,'scaleagree5'),(68,'attlsm3','attlsm3','46,54,45,51,60,53,56,58,61,64','attlsmintro',-1,'scaleagree5'),(69,'ciq1','ciq1short','','',0,NULL),(70,'ciq2','ciq2short','','',0,NULL),(71,'ciq3','ciq3short','','',0,NULL),(72,'ciq4','ciq4short','','',0,NULL),(73,'ciq5','ciq5short','','',0,NULL);

--
-- Table structure for table `mdl_tag`
--

CREATE TABLE `mdl_tag` (
  `id` bigint(10) NOT NULL AUTO_INCREMENT,
  `userid` bigint(10) NOT NULL,
  `tagcollid` bigint(10) NOT NULL,
  `name` varchar(255) NOT NULL DEFAULT '',
  `rawname` varchar(255) NOT NULL DEFAULT '',
  `isstandard` tinyint(1) NOT NULL DEFAULT '0',
  `description` longtext,
  `descriptionformat` tinyint(2) NOT NULL DEFAULT '0',
  `flag` smallint(4) DEFAULT '0',
  `timemodified` bigint(10) DEFAULT NULL,
  PRIMARY KEY (`id`),
  UNIQUE KEY `mdl_tag_tagnam_uix` (`tagcollid`,`name`),
  KEY `mdl_tag_tagiss_ix` (`tagcollid`,`isstandard`),
  KEY `mdl_tag_use_ix` (`userid`),
  KEY `mdl_tag_tag_ix` (`tagcollid`)
) ENGINE=InnoDB DEFAULT CHARSET=utf8mb4 ROW_FORMAT=COMPRESSED COMMENT='Tag table - this generic table will replace the old "tags" t';

--
-- Dumping data for table `mdl_tag`
--


--
-- Table structure for table `mdl_tag_area`
--

CREATE TABLE `mdl_tag_area` (
  `id` bigint(10) NOT NULL AUTO_INCREMENT,
  `component` varchar(100) NOT NULL DEFAULT '',
  `itemtype` varchar(100) NOT NULL DEFAULT '',
  `enabled` tinyint(1) NOT NULL DEFAULT '1',
  `tagcollid` bigint(10) NOT NULL,
  `callback` varchar(100) DEFAULT NULL,
  `callbackfile` varchar(100) DEFAULT NULL,
  `showstandard` tinyint(1) NOT NULL DEFAULT '0',
  `multiplecontexts` tinyint(1) NOT NULL DEFAULT '0',
  PRIMARY KEY (`id`),
  UNIQUE KEY `mdl_tagarea_comite_uix` (`component`,`itemtype`),
  KEY `mdl_tagarea_tag_ix` (`tagcollid`)
) ENGINE=InnoDB AUTO_INCREMENT=12 DEFAULT CHARSET=utf8mb4 ROW_FORMAT=COMPRESSED COMMENT='Defines various tag areas, one area is identified by compone';

--
-- Dumping data for table `mdl_tag_area`
--

INSERT INTO `mdl_tag_area` VALUES (1,'core','user',1,1,'user_get_tagged_users','/user/lib.php',2,0),(2,'core','course',1,1,'course_get_tagged_courses','/course/lib.php',0,0),(3,'core_question','question',1,1,NULL,NULL,0,1),(4,'core','post',1,1,'blog_get_tagged_posts','/blog/lib.php',0,0),(5,'core','blog_external',1,1,NULL,NULL,0,0),(6,'core','course_modules',1,1,'course_get_tagged_course_modules','/course/lib.php',0,0),(7,'mod_book','book_chapters',1,1,'mod_book_get_tagged_chapters','/mod/book/locallib.php',0,0),(8,'mod_data','data_records',1,1,'mod_data_get_tagged_records','/mod/data/locallib.php',0,0),(9,'mod_forum','forum_posts',1,1,'mod_forum_get_tagged_posts','/mod/forum/locallib.php',0,0),(10,'mod_glossary','glossary_entries',1,1,'mod_glossary_get_tagged_entries','/mod/glossary/locallib.php',0,0),(11,'mod_wiki','wiki_pages',1,1,'mod_wiki_get_tagged_pages','/mod/wiki/locallib.php',0,0);

--
-- Table structure for table `mdl_tag_coll`
--

CREATE TABLE `mdl_tag_coll` (
  `id` bigint(10) NOT NULL AUTO_INCREMENT,
  `name` varchar(255) DEFAULT NULL,
  `isdefault` tinyint(2) NOT NULL DEFAULT '0',
  `component` varchar(100) DEFAULT NULL,
  `sortorder` mediumint(5) NOT NULL DEFAULT '0',
  `searchable` tinyint(2) NOT NULL DEFAULT '1',
  `customurl` varchar(255) DEFAULT NULL,
  PRIMARY KEY (`id`)
) ENGINE=InnoDB AUTO_INCREMENT=2 DEFAULT CHARSET=utf8mb4 ROW_FORMAT=COMPRESSED COMMENT='Defines different set of tags';

--
-- Dumping data for table `mdl_tag_coll`
--

INSERT INTO `mdl_tag_coll` VALUES (1,NULL,1,NULL,0,1,NULL);

--
-- Table structure for table `mdl_tag_correlation`
--

CREATE TABLE `mdl_tag_correlation` (
  `id` bigint(10) NOT NULL AUTO_INCREMENT,
  `tagid` bigint(10) NOT NULL,
  `correlatedtags` longtext NOT NULL,
  PRIMARY KEY (`id`),
  KEY `mdl_tagcorr_tag_ix` (`tagid`)
) ENGINE=InnoDB DEFAULT CHARSET=utf8mb4 ROW_FORMAT=COMPRESSED COMMENT='The rationale for the ''tag_correlation'' table is performance';

--
-- Dumping data for table `mdl_tag_correlation`
--


--
-- Table structure for table `mdl_tag_instance`
--

CREATE TABLE `mdl_tag_instance` (
  `id` bigint(10) NOT NULL AUTO_INCREMENT,
  `tagid` bigint(10) NOT NULL,
  `component` varchar(100) NOT NULL DEFAULT '',
  `itemtype` varchar(100) NOT NULL DEFAULT '',
  `itemid` bigint(10) NOT NULL,
  `contextid` bigint(10) DEFAULT NULL,
  `tiuserid` bigint(10) NOT NULL DEFAULT '0',
  `ordering` bigint(10) DEFAULT NULL,
  `timecreated` bigint(10) NOT NULL DEFAULT '0',
  `timemodified` bigint(10) NOT NULL DEFAULT '0',
  PRIMARY KEY (`id`),
  UNIQUE KEY `mdl_taginst_comiteiteconti_uix` (`component`,`itemtype`,`itemid`,`contextid`,`tiuserid`,`tagid`),
  KEY `mdl_taginst_itecomtagcon_ix` (`itemtype`,`component`,`tagid`,`contextid`),
  KEY `mdl_taginst_tag_ix` (`tagid`),
  KEY `mdl_taginst_con_ix` (`contextid`)
) ENGINE=InnoDB DEFAULT CHARSET=utf8mb4 ROW_FORMAT=COMPRESSED COMMENT='tag_instance table holds the information of associations bet';

--
-- Dumping data for table `mdl_tag_instance`
--


--
-- Table structure for table `mdl_task_adhoc`
--

CREATE TABLE `mdl_task_adhoc` (
  `id` bigint(10) NOT NULL AUTO_INCREMENT,
  `component` varchar(255) NOT NULL DEFAULT '',
  `classname` varchar(255) NOT NULL DEFAULT '',
  `nextruntime` bigint(10) NOT NULL,
  `faildelay` bigint(10) DEFAULT NULL,
  `customdata` longtext,
  `userid` bigint(10) DEFAULT NULL,
  `blocking` tinyint(2) NOT NULL DEFAULT '0',
  PRIMARY KEY (`id`),
  KEY `mdl_taskadho_nex_ix` (`nextruntime`),
  KEY `mdl_taskadho_use_ix` (`userid`)
) ENGINE=InnoDB DEFAULT CHARSET=utf8mb4 ROW_FORMAT=COMPRESSED COMMENT='List of adhoc tasks waiting to run.';

--
-- Dumping data for table `mdl_task_adhoc`
--


--
-- Table structure for table `mdl_task_scheduled`
--

CREATE TABLE `mdl_task_scheduled` (
  `id` bigint(10) NOT NULL AUTO_INCREMENT,
  `component` varchar(255) NOT NULL DEFAULT '',
  `classname` varchar(255) NOT NULL DEFAULT '',
  `lastruntime` bigint(10) DEFAULT NULL,
  `nextruntime` bigint(10) DEFAULT NULL,
  `blocking` tinyint(2) NOT NULL DEFAULT '0',
  `minute` varchar(25) NOT NULL DEFAULT '',
  `hour` varchar(25) NOT NULL DEFAULT '',
  `day` varchar(25) NOT NULL DEFAULT '',
  `month` varchar(25) NOT NULL DEFAULT '',
  `dayofweek` varchar(25) NOT NULL DEFAULT '',
  `faildelay` bigint(10) DEFAULT NULL,
  `customised` tinyint(2) NOT NULL DEFAULT '0',
  `disabled` tinyint(1) NOT NULL DEFAULT '0',
  PRIMARY KEY (`id`),
  UNIQUE KEY `mdl_tasksche_cla_uix` (`classname`)
) ENGINE=InnoDB AUTO_INCREMENT=80 DEFAULT CHARSET=utf8mb4 ROW_FORMAT=COMPRESSED COMMENT='List of scheduled tasks to be run by cron.';

--
-- Dumping data for table `mdl_task_scheduled`
--

INSERT INTO `mdl_task_scheduled` VALUES (1,'moodle','\\core\\task\\session_cleanup_task',1669147741,1669147800,0,'*','*','*','*','*',0,0,0),(2,'moodle','\\core\\task\\delete_unconfirmed_users_task',1669147219,1669150800,0,'0','*','*','*','*',0,0,0),(3,'moodle','\\core\\task\\delete_incomplete_users_task',1669147501,1669151100,0,'5','*','*','*','*',0,0,0),(4,'moodle','\\core\\task\\backup_cleanup_task',1669144201,1669147800,0,'10','*','*','*','*',0,0,0),(5,'moodle','\\core\\task\\tag_cron_task',1669107961,1669194360,0,'6','3','*','*','*',0,0,0),(6,'moodle','\\core\\task\\context_cleanup_task',1669145101,1669148700,0,'25','*','*','*','*',0,0,0),(7,'moodle','\\core\\task\\cache_cleanup_task',1669145402,1669149000,0,'30','*','*','*','*',0,0,0),(8,'moodle','\\core\\task\\messaging_cleanup_task',1669145701,1669149300,0,'35','*','*','*','*',0,0,0),(9,'moodle','\\core\\task\\send_new_user_passwords_task',1669147741,1669147800,0,'*','*','*','*','*',0,0,0),(10,'moodle','\\core\\task\\send_failed_login_notifications_task',1669147741,1669147800,0,'*','*','*','*','*',0,0,0),(11,'moodle','\\core\\task\\create_contexts_task',1669096801,1669183200,1,'0','0','*','*','*',0,0,0),(12,'moodle','\\core\\task\\legacy_plugin_cron_task',1669147741,1669147800,0,'*','*','*','*','*',0,0,0),(13,'moodle','\\core\\task\\grade_cron_task',1669147741,1669147800,0,'*','*','*','*','*',0,0,0),(14,'moodle','\\core\\task\\completion_regular_task',1669147741,1669147800,0,'*','*','*','*','*',0,0,0),(15,'moodle','\\core\\task\\completion_daily_task',1669072921,1669159320,0,'22','17','*','*','*',0,0,0),(16,'moodle','\\core\\task\\portfolio_cron_task',1669147741,1669147800,0,'*','*','*','*','*',0,0,0),(17,'moodle','\\core\\task\\plagiarism_cron_task',1669147741,1669147800,0,'*','*','*','*','*',0,0,0),(18,'moodle','\\core\\task\\calendar_cron_task',1669147741,1669147800,0,'*','*','*','*','*',0,0,0),(19,'moodle','\\core\\task\\blog_cron_task',1669147741,1669147800,0,'*','*','*','*','*',0,0,0),(20,'moodle','\\core\\task\\question_cron_task',1669147741,1669147800,0,'*','*','*','*','*',0,0,0),(21,'moodle','\\core\\task\\registration_cron_task',1668644522,1669249320,0,'22','18','*','*','3',0,0,0),(22,'moodle','\\core\\task\\check_for_updates_task',1669147219,1669154400,0,'0','*/2','*','*','*',0,0,0),(23,'moodle','\\core\\task\\cache_cron_task',1669146602,1669150200,0,'50','*','*','*','*',0,0,0),(24,'moodle','\\core\\task\\automated_backup_task',1669146602,1669150200,0,'50','*','*','*','*',0,0,0),(25,'moodle','\\core\\task\\badges_cron_task',1669147501,1669147800,0,'*/5','*','*','*','*',0,0,0),(26,'moodle','\\core\\task\\file_temp_cleanup_task',1669143301,1669164900,0,'55','*/6','*','*','*',0,0,0),(27,'moodle','\\core\\task\\file_trash_cleanup_task',1669143301,1669164900,0,'55','*/6','*','*','*',0,0,0),(28,'moodle','\\core\\task\\search_index_task',1669147219,1669149000,0,'*/30','*','*','*','*',0,0,0),(29,'moodle','\\core\\task\\search_optimize_task',1669140901,1669184100,0,'15','*/12','*','*','*',0,0,0),(30,'moodle','\\core\\task\\stats_cron_task',1669096801,1669183200,0,'0','0','*','*','*',0,0,0),(31,'moodle','\\core\\task\\password_reset_cleanup_task',1669140001,1669161600,0,'0','*/6','*','*','*',0,0,0),(32,'moodle','\\core\\task\\complete_plans_task',1669144261,1669147860,0,'11','*','*','*','*',0,0,0),(33,'moodle','\\core\\task\\sync_plans_from_template_cohorts_task',1669144801,1669148400,0,'20','*','*','*','*',0,0,0),(34,'moodle','\\core_files\\task\\conversion_cleanup_task',1669104421,1669190820,0,'7','2','*','*','*',0,0,0),(35,'moodle','\\core\\oauth2\\refresh_system_tokens_task',1669145402,1669149000,0,'30','*','*','*','*',0,0,0),(36,'moodle','\\core\\task\\analytics_cleanup_task',1669146121,1669149720,0,'42','*','*','*','*',0,0,0),(37,'mod_forum','\\mod_forum\\task\\cron_task',1669147741,1669147800,0,'*','*','*','*','*',0,0,0),(38,'mod_scorm','\\mod_scorm\\task\\cron_task',1669147501,1669147800,0,'*/5','*','*','*','*',0,0,0),(39,'auth_cas','\\auth_cas\\task\\sync_task',0,1551420000,0,'0','0','*','*','*',0,0,1),(40,'auth_db','\\auth_db\\task\\sync_users',0,1551417120,0,'12','23','*','*','*',0,0,1),(41,'auth_ldap','\\auth_ldap\\task\\sync_roles',0,1551420000,0,'0','0','*','*','*',0,0,1),(42,'auth_ldap','\\auth_ldap\\task\\sync_task',0,1551420000,0,'0','0','*','*','*',0,0,1),(43,'enrol_category','\\enrol_category\\task\\enrol_category_sync',0,1551371160,0,'*','*','*','*','*',0,0,0),(44,'enrol_cohort','\\enrol_cohort\\task\\enrol_cohort_sync',1669144801,1669148400,0,'20','*','*','*','*',0,0,0),(45,'enrol_flatfile','\\enrol_flatfile\\task\\flatfile_sync_task',0,1551374100,0,'15','*','*','*','*',0,0,0),(46,'enrol_imsenterprise','\\enrol_imsenterprise\\task\\cron_task',0,1551373800,0,'10','*','*','*','*',0,0,0),(47,'enrol_ldap','\\enrol_ldap\\task\\sync_enrolments',0,1551446340,0,'19','7','*','*','*',0,0,1),(48,'enrol_lti','\\enrol_lti\\task\\sync_grades',0,1551371400,0,'*/30','*','*','*','*',0,0,0),(49,'enrol_lti','\\enrol_lti\\task\\sync_members',0,1551371400,0,'*/30','*','*','*','*',0,0,0),(50,'enrol_manual','\\enrol_manual\\task\\sync_enrolments',1669147219,1669147800,0,'*/10','*','*','*','*',0,0,0),(51,'enrol_manual','\\enrol_manual\\task\\send_expiry_notifications',1669147219,1669147800,0,'*/10','*','*','*','*',0,0,0),(52,'enrol_meta','\\enrol_meta\\task\\enrol_meta_sync',0,1551374100,0,'15','*','*','*','*',0,0,0),(53,'enrol_paypal','\\enrol_paypal\\task\\process_expirations',0,1551371160,0,'*','*','*','*','*',0,0,0),(54,'enrol_self','\\enrol_self\\task\\sync_enrolments',1669147219,1669147800,0,'*/10','*','*','*','*',0,0,0),(55,'enrol_self','\\enrol_self\\task\\send_expiry_notifications',1669147219,1669147800,0,'*/10','*','*','*','*',0,0,0),(56,'block_recent_activity','\\block_recent_activity\\task\\cleanup',1669097701,1669184100,0,'15','0','*','*','*',0,0,0),(57,'block_rss_client','\\block_rss_client\\task\\refreshfeeds',1669147501,1669147800,0,'*/5','*','*','*','*',0,0,0),(58,'editor_atto','\\editor_atto\\task\\autosave_cleanup_task',1668795362,1669400160,0,'16','12','*','*','5',0,0,0),(59,'repository_onedrive','\\repository_onedrive\\remove_temp_access_task',0,1551898980,0,'3','13','*','*','3',0,0,0),(60,'tool_analytics','\\tool_analytics\\task\\train_models',1669086001,1669172400,0,'0','21','*','*','*',0,0,0),(61,'tool_analytics','\\tool_analytics\\task\\predict_models',1669118402,1669204800,0,'0','6','*','*','*',0,0,0),(62,'tool_cohortroles','\\tool_cohortroles\\task\\cohort_role_sync',1669147741,1669151340,0,'9','*','*','*','*',0,0,0),(63,'tool_dataprivacy','\\tool_dataprivacy\\task\\expired_retention_period',1669132802,1669219200,0,'0','10','*','*','*',0,0,0),(64,'tool_dataprivacy','\\tool_dataprivacy\\task\\delete_expired_contexts',1669114802,1669201200,0,'0','5','*','*','*',0,0,0),(65,'tool_dataprivacy','\\tool_dataprivacy\\task\\delete_expired_requests',1669061521,1669147920,0,'12','14','*','*','*',0,0,0),(66,'tool_dataprivacy','\\tool_dataprivacy\\task\\delete_existing_deleted_users',0,1551450060,0,'21','8','*','*','*',0,0,1),(67,'tool_langimport','\\tool_langimport\\task\\update_langpacks_task',1669112042,1669198440,0,'14','4','*','*','*',0,0,0),(68,'tool_messageinbound','\\tool_messageinbound\\task\\pickup_task',1669147741,1669147800,0,'*','*','*','*','*',0,0,0),(69,'tool_messageinbound','\\tool_messageinbound\\task\\cleanup_task',1669103702,1669190100,0,'55','1','*','*','*',0,0,0),(70,'tool_monitor','\\tool_monitor\\task\\clean_events',1669147741,1669147800,0,'*','*','*','*','*',0,0,0),(71,'tool_monitor','\\tool_monitor\\task\\check_subscriptions',1669082822,1669169220,0,'7','20','*','*','*',0,0,0),(72,'tool_recyclebin','\\tool_recyclebin\\task\\cleanup_course_bin',1669147219,1669149000,0,'*/30','*','*','*','*',0,0,0),(73,'tool_recyclebin','\\tool_recyclebin\\task\\cleanup_category_bin',1669147219,1669149000,0,'*/30','*','*','*','*',0,0,0),(74,'assignfeedback_editpdf','\\assignfeedback_editpdf\\task\\convert_submissions',1669147219,1669148100,0,'*/15','*','*','*','*',0,0,0),(75,'ltiservice_gradebookservices','\\ltiservice_gradebookservices\\task\\cleanup_task',1669087082,1669173480,0,'18','21','*','*','*',0,0,0),(76,'logstore_legacy','\\logstore_legacy\\task\\cleanup_task',0,1551438060,0,'1','5','*','*','*',0,0,0),(77,'logstore_standard','\\logstore_standard\\task\\cleanup_task',1669111321,1669197720,0,'2','4','*','*','*',0,0,0),(78,'enrol_coursecompleted','\\enrol_coursecompleted\\task\\process_expirations',1669147741,1669147800,0,'*','*','*','*','*',0,0,0),(79,'mod_customcert','\\mod_customcert\\task\\email_certificate_task',1669147741,1669147800,0,'*','*','*','*','*',0,0,0);

--
-- Table structure for table `mdl_theme_remui_section_instance`
--

CREATE TABLE `mdl_theme_remui_section_instance` (
  `id` bigint(10) NOT NULL AUTO_INCREMENT,
  `sectid` bigint(10) NOT NULL,
  `name` varchar(255) NOT NULL DEFAULT '',
  `deleted` tinyint(1) NOT NULL DEFAULT '0',
  `visible` tinyint(1) NOT NULL DEFAULT '1',
  `timecreated` bigint(10) NOT NULL,
  `timemodified` bigint(10) NOT NULL,
  `configdata` longtext,
  `draftconfig` longtext,
  PRIMARY KEY (`id`)
) ENGINE=InnoDB DEFAULT CHARSET=utf8mb4 ROW_FORMAT=COMPRESSED;

--
-- Dumping data for table `mdl_theme_remui_section_instance`
--


--
-- Table structure for table `mdl_tool_cohortroles`
--

CREATE TABLE `mdl_tool_cohortroles` (
  `id` bigint(10) NOT NULL AUTO_INCREMENT,
  `cohortid` bigint(10) NOT NULL,
  `roleid` bigint(10) NOT NULL,
  `userid` bigint(10) NOT NULL,
  `timecreated` bigint(10) NOT NULL,
  `timemodified` bigint(10) NOT NULL,
  `usermodified` bigint(10) DEFAULT NULL,
  PRIMARY KEY (`id`),
  UNIQUE KEY `mdl_toolcoho_cohroluse_uix` (`cohortid`,`roleid`,`userid`)
) ENGINE=InnoDB DEFAULT CHARSET=utf8mb4 ROW_FORMAT=COMPRESSED COMMENT='Mapping of users to cohort role assignments.';

--
-- Dumping data for table `mdl_tool_cohortroles`
--


--
-- Table structure for table `mdl_tool_customlang`
--

CREATE TABLE `mdl_tool_customlang` (
  `id` bigint(10) NOT NULL AUTO_INCREMENT,
  `lang` varchar(20) NOT NULL DEFAULT '',
  `componentid` bigint(10) NOT NULL,
  `stringid` varchar(255) NOT NULL DEFAULT '',
  `original` longtext NOT NULL,
  `master` longtext,
  `local` longtext,
  `timemodified` bigint(10) NOT NULL,
  `timecustomized` bigint(10) DEFAULT NULL,
  `outdated` smallint(3) DEFAULT '0',
  `modified` smallint(3) DEFAULT '0',
  PRIMARY KEY (`id`),
  UNIQUE KEY `mdl_toolcust_lancomstr_uix` (`lang`,`componentid`,`stringid`),
  KEY `mdl_toolcust_com_ix` (`componentid`)
) ENGINE=InnoDB DEFAULT CHARSET=utf8mb4 ROW_FORMAT=COMPRESSED COMMENT='Contains the working checkout of all strings and their custo';

--
-- Dumping data for table `mdl_tool_customlang`
--


--
-- Table structure for table `mdl_tool_customlang_components`
--

CREATE TABLE `mdl_tool_customlang_components` (
  `id` bigint(10) NOT NULL AUTO_INCREMENT,
  `name` varchar(255) NOT NULL DEFAULT '',
  `version` varchar(255) DEFAULT NULL,
  PRIMARY KEY (`id`)
) ENGINE=InnoDB DEFAULT CHARSET=utf8mb4 ROW_FORMAT=COMPRESSED COMMENT='Contains the list of all installed plugins that provide thei';

--
-- Dumping data for table `mdl_tool_customlang_components`
--


--
-- Table structure for table `mdl_tool_dataprivacy_category`
--

CREATE TABLE `mdl_tool_dataprivacy_category` (
  `id` bigint(10) NOT NULL AUTO_INCREMENT,
  `name` varchar(100) NOT NULL DEFAULT '',
  `description` longtext,
  `descriptionformat` tinyint(1) DEFAULT NULL,
  `usermodified` bigint(10) NOT NULL,
  `timecreated` bigint(10) NOT NULL,
  `timemodified` bigint(10) NOT NULL,
  PRIMARY KEY (`id`)
) ENGINE=InnoDB DEFAULT CHARSET=utf8mb4 ROW_FORMAT=COMPRESSED COMMENT='Data categories';

--
-- Dumping data for table `mdl_tool_dataprivacy_category`
--


--
-- Table structure for table `mdl_tool_dataprivacy_ctxexpired`
--

CREATE TABLE `mdl_tool_dataprivacy_ctxexpired` (
  `id` bigint(10) NOT NULL AUTO_INCREMENT,
  `contextid` bigint(10) NOT NULL,
  `unexpiredroles` longtext,
  `expiredroles` longtext,
  `defaultexpired` tinyint(1) NOT NULL,
  `status` tinyint(2) NOT NULL DEFAULT '0',
  `usermodified` bigint(10) NOT NULL,
  `timecreated` bigint(10) NOT NULL,
  `timemodified` bigint(10) NOT NULL,
  PRIMARY KEY (`id`),
  UNIQUE KEY `mdl_tooldatactxe_con_uix` (`contextid`)
) ENGINE=InnoDB DEFAULT CHARSET=utf8mb4 ROW_FORMAT=COMPRESSED COMMENT='Default comment for the table, please edit me';

--
-- Dumping data for table `mdl_tool_dataprivacy_ctxexpired`
--


--
-- Table structure for table `mdl_tool_dataprivacy_ctxinstance`
--

CREATE TABLE `mdl_tool_dataprivacy_ctxinstance` (
  `id` bigint(10) NOT NULL AUTO_INCREMENT,
  `contextid` bigint(10) NOT NULL,
  `purposeid` bigint(10) DEFAULT NULL,
  `categoryid` bigint(10) DEFAULT NULL,
  `usermodified` bigint(10) NOT NULL,
  `timecreated` bigint(10) NOT NULL,
  `timemodified` bigint(10) NOT NULL,
  PRIMARY KEY (`id`),
  UNIQUE KEY `mdl_tooldatactxi_con_uix` (`contextid`),
  KEY `mdl_tooldatactxi_pur_ix` (`purposeid`),
  KEY `mdl_tooldatactxi_cat_ix` (`categoryid`)
) ENGINE=InnoDB DEFAULT CHARSET=utf8mb4 ROW_FORMAT=COMPRESSED COMMENT='Default comment for the table, please edit me';

--
-- Dumping data for table `mdl_tool_dataprivacy_ctxinstance`
--


--
-- Table structure for table `mdl_tool_dataprivacy_ctxlevel`
--

CREATE TABLE `mdl_tool_dataprivacy_ctxlevel` (
  `id` bigint(10) NOT NULL AUTO_INCREMENT,
  `contextlevel` smallint(3) NOT NULL,
  `purposeid` bigint(10) DEFAULT NULL,
  `categoryid` bigint(10) DEFAULT NULL,
  `usermodified` bigint(10) NOT NULL,
  `timecreated` bigint(10) NOT NULL,
  `timemodified` bigint(10) NOT NULL,
  PRIMARY KEY (`id`),
  UNIQUE KEY `mdl_tooldatactxl_con_uix` (`contextlevel`),
  KEY `mdl_tooldatactxl_cat_ix` (`categoryid`),
  KEY `mdl_tooldatactxl_pur_ix` (`purposeid`)
) ENGINE=InnoDB DEFAULT CHARSET=utf8mb4 ROW_FORMAT=COMPRESSED COMMENT='Default comment for the table, please edit me';

--
-- Dumping data for table `mdl_tool_dataprivacy_ctxlevel`
--


--
-- Table structure for table `mdl_tool_dataprivacy_purpose`
--

CREATE TABLE `mdl_tool_dataprivacy_purpose` (
  `id` bigint(10) NOT NULL AUTO_INCREMENT,
  `name` varchar(100) NOT NULL DEFAULT '',
  `description` longtext,
  `descriptionformat` tinyint(1) DEFAULT NULL,
  `lawfulbases` longtext NOT NULL,
  `sensitivedatareasons` longtext,
  `retentionperiod` varchar(255) NOT NULL DEFAULT '',
  `protected` tinyint(1) DEFAULT NULL,
  `usermodified` bigint(10) NOT NULL,
  `timecreated` bigint(10) NOT NULL,
  `timemodified` bigint(10) NOT NULL,
  PRIMARY KEY (`id`)
) ENGINE=InnoDB DEFAULT CHARSET=utf8mb4 ROW_FORMAT=COMPRESSED COMMENT='Data purposes';

--
-- Dumping data for table `mdl_tool_dataprivacy_purpose`
--


--
-- Table structure for table `mdl_tool_dataprivacy_purposerole`
--

CREATE TABLE `mdl_tool_dataprivacy_purposerole` (
  `id` bigint(10) NOT NULL AUTO_INCREMENT,
  `purposeid` bigint(10) NOT NULL,
  `roleid` bigint(10) NOT NULL,
  `lawfulbases` longtext,
  `sensitivedatareasons` longtext,
  `retentionperiod` varchar(255) NOT NULL DEFAULT '',
  `protected` tinyint(1) DEFAULT NULL,
  `usermodified` bigint(10) NOT NULL,
  `timecreated` bigint(10) NOT NULL,
  `timemodified` bigint(10) NOT NULL,
  PRIMARY KEY (`id`),
  UNIQUE KEY `mdl_tooldatapurp_purrol_uix` (`purposeid`,`roleid`),
  KEY `mdl_tooldatapurp_pur_ix` (`purposeid`),
  KEY `mdl_tooldatapurp_rol_ix` (`roleid`)
) ENGINE=InnoDB DEFAULT CHARSET=utf8mb4 ROW_FORMAT=COMPRESSED COMMENT='Data purpose overrides for a specific role';

--
-- Dumping data for table `mdl_tool_dataprivacy_purposerole`
--


--
-- Table structure for table `mdl_tool_dataprivacy_request`
--

CREATE TABLE `mdl_tool_dataprivacy_request` (
  `id` bigint(10) NOT NULL AUTO_INCREMENT,
  `type` bigint(10) NOT NULL DEFAULT '0',
  `comments` longtext,
  `commentsformat` tinyint(2) NOT NULL DEFAULT '0',
  `userid` bigint(10) NOT NULL DEFAULT '0',
  `requestedby` bigint(10) NOT NULL DEFAULT '0',
  `status` tinyint(2) NOT NULL DEFAULT '0',
  `dpo` bigint(10) DEFAULT '0',
  `dpocomment` longtext,
  `dpocommentformat` tinyint(2) NOT NULL DEFAULT '0',
  `usermodified` bigint(10) NOT NULL DEFAULT '0',
  `timecreated` bigint(10) NOT NULL DEFAULT '0',
  `timemodified` bigint(10) NOT NULL DEFAULT '0',
  `creationmethod` bigint(10) NOT NULL DEFAULT '0',
  PRIMARY KEY (`id`),
  KEY `mdl_tooldatarequ_use_ix` (`userid`),
  KEY `mdl_tooldatarequ_req_ix` (`requestedby`),
  KEY `mdl_tooldatarequ_dpo_ix` (`dpo`),
  KEY `mdl_tooldatarequ_use2_ix` (`usermodified`)
) ENGINE=InnoDB AUTO_INCREMENT=3 DEFAULT CHARSET=utf8mb4 ROW_FORMAT=COMPRESSED COMMENT='Table for data requests';

--
-- Dumping data for table `mdl_tool_dataprivacy_request`
--

INSERT INTO `mdl_tool_dataprivacy_request` VALUES (1,2,'Automatically created upon user deletion.',2,231,2,2,0,'',2,2,1654913809,1654913809,1),(2,2,'Automatically created upon user deletion.',2,233,2,2,0,'',2,2,1654913811,1654913811,1);

--
-- Table structure for table `mdl_tool_monitor_events`
--

CREATE TABLE `mdl_tool_monitor_events` (
  `id` bigint(10) NOT NULL AUTO_INCREMENT,
  `eventname` varchar(254) NOT NULL DEFAULT '',
  `contextid` bigint(10) NOT NULL,
  `contextlevel` bigint(10) NOT NULL,
  `contextinstanceid` bigint(10) NOT NULL,
  `link` varchar(254) NOT NULL DEFAULT '',
  `courseid` bigint(10) NOT NULL,
  `timecreated` bigint(10) NOT NULL,
  PRIMARY KEY (`id`)
) ENGINE=InnoDB DEFAULT CHARSET=utf8mb4 ROW_FORMAT=COMPRESSED COMMENT='A table that keeps a log of events related to subscriptions';

--
-- Dumping data for table `mdl_tool_monitor_events`
--


--
-- Table structure for table `mdl_tool_monitor_history`
--

CREATE TABLE `mdl_tool_monitor_history` (
  `id` bigint(10) NOT NULL AUTO_INCREMENT,
  `sid` bigint(10) NOT NULL,
  `userid` bigint(10) NOT NULL,
  `timesent` bigint(10) NOT NULL,
  PRIMARY KEY (`id`),
  UNIQUE KEY `mdl_toolmonihist_sidusetim_uix` (`sid`,`userid`,`timesent`),
  KEY `mdl_toolmonihist_sid_ix` (`sid`)
) ENGINE=InnoDB DEFAULT CHARSET=utf8mb4 ROW_FORMAT=COMPRESSED COMMENT='Table to store history of message notifications sent';

--
-- Dumping data for table `mdl_tool_monitor_history`
--


--
-- Table structure for table `mdl_tool_monitor_rules`
--

CREATE TABLE `mdl_tool_monitor_rules` (
  `id` bigint(10) NOT NULL AUTO_INCREMENT,
  `description` longtext,
  `descriptionformat` tinyint(1) NOT NULL,
  `name` varchar(254) NOT NULL DEFAULT '',
  `userid` bigint(10) NOT NULL,
  `courseid` bigint(10) NOT NULL,
  `plugin` varchar(254) NOT NULL DEFAULT '',
  `eventname` varchar(254) NOT NULL DEFAULT '',
  `template` longtext NOT NULL,
  `templateformat` tinyint(1) NOT NULL,
  `frequency` smallint(4) NOT NULL,
  `timewindow` mediumint(5) NOT NULL,
  `timemodified` bigint(10) NOT NULL,
  `timecreated` bigint(10) NOT NULL,
  PRIMARY KEY (`id`),
  KEY `mdl_toolmonirule_couuse_ix` (`courseid`,`userid`),
  KEY `mdl_toolmonirule_eve_ix` (`eventname`)
) ENGINE=InnoDB DEFAULT CHARSET=utf8mb4 ROW_FORMAT=COMPRESSED COMMENT='Table to store rules';

--
-- Dumping data for table `mdl_tool_monitor_rules`
--


--
-- Table structure for table `mdl_tool_monitor_subscriptions`
--

CREATE TABLE `mdl_tool_monitor_subscriptions` (
  `id` bigint(10) NOT NULL AUTO_INCREMENT,
  `courseid` bigint(10) NOT NULL,
  `ruleid` bigint(10) NOT NULL,
  `cmid` bigint(10) NOT NULL,
  `userid` bigint(10) NOT NULL,
  `timecreated` bigint(10) NOT NULL,
  `lastnotificationsent` bigint(10) NOT NULL DEFAULT '0',
  `inactivedate` bigint(10) NOT NULL DEFAULT '0',
  PRIMARY KEY (`id`),
  KEY `mdl_toolmonisubs_couuse_ix` (`courseid`,`userid`),
  KEY `mdl_toolmonisubs_rul_ix` (`ruleid`)
) ENGINE=InnoDB DEFAULT CHARSET=utf8mb4 ROW_FORMAT=COMPRESSED COMMENT='Table to store user subscriptions to various rules';

--
-- Dumping data for table `mdl_tool_monitor_subscriptions`
--


--
-- Table structure for table `mdl_tool_policy`
--

CREATE TABLE `mdl_tool_policy` (
  `id` bigint(10) NOT NULL AUTO_INCREMENT,
  `sortorder` mediumint(5) NOT NULL DEFAULT '999',
  `currentversionid` bigint(10) DEFAULT NULL,
  PRIMARY KEY (`id`),
  KEY `mdl_toolpoli_cur_ix` (`currentversionid`)
) ENGINE=InnoDB DEFAULT CHARSET=utf8mb4 ROW_FORMAT=COMPRESSED COMMENT='Contains the list of policy documents defined on the site.';

--
-- Dumping data for table `mdl_tool_policy`
--


--
-- Table structure for table `mdl_tool_policy_acceptances`
--

CREATE TABLE `mdl_tool_policy_acceptances` (
  `id` bigint(10) NOT NULL AUTO_INCREMENT,
  `policyversionid` bigint(10) NOT NULL,
  `userid` bigint(10) NOT NULL,
  `status` tinyint(1) DEFAULT NULL,
  `lang` varchar(30) NOT NULL DEFAULT '',
  `usermodified` bigint(10) NOT NULL,
  `timecreated` bigint(10) NOT NULL,
  `timemodified` bigint(10) NOT NULL,
  `note` longtext,
  PRIMARY KEY (`id`),
  UNIQUE KEY `mdl_toolpoliacce_poluse_uix` (`policyversionid`,`userid`),
  KEY `mdl_toolpoliacce_pol_ix` (`policyversionid`),
  KEY `mdl_toolpoliacce_use_ix` (`userid`),
  KEY `mdl_toolpoliacce_use2_ix` (`usermodified`)
) ENGINE=InnoDB DEFAULT CHARSET=utf8mb4 ROW_FORMAT=COMPRESSED COMMENT='Tracks users accepting the policy versions';

--
-- Dumping data for table `mdl_tool_policy_acceptances`
--


--
-- Table structure for table `mdl_tool_policy_versions`
--

CREATE TABLE `mdl_tool_policy_versions` (
  `id` bigint(10) NOT NULL AUTO_INCREMENT,
  `name` varchar(1333) NOT NULL DEFAULT '',
  `type` smallint(3) NOT NULL DEFAULT '0',
  `audience` smallint(3) NOT NULL DEFAULT '0',
  `archived` smallint(3) NOT NULL DEFAULT '0',
  `usermodified` bigint(10) NOT NULL,
  `timecreated` bigint(10) NOT NULL,
  `timemodified` bigint(10) NOT NULL,
  `policyid` bigint(10) NOT NULL,
  `agreementstyle` smallint(3) NOT NULL DEFAULT '0',
  `optional` smallint(3) NOT NULL DEFAULT '0',
  `revision` varchar(1333) NOT NULL DEFAULT '',
  `summary` longtext NOT NULL,
  `summaryformat` smallint(3) NOT NULL,
  `content` longtext NOT NULL,
  `contentformat` smallint(3) NOT NULL,
  PRIMARY KEY (`id`),
  KEY `mdl_toolpolivers_use_ix` (`usermodified`),
  KEY `mdl_toolpolivers_pol_ix` (`policyid`)
) ENGINE=InnoDB DEFAULT CHARSET=utf8mb4 ROW_FORMAT=COMPRESSED COMMENT='Holds versions of the policy documents';

--
-- Dumping data for table `mdl_tool_policy_versions`
--


--
-- Table structure for table `mdl_tool_recyclebin_category`
--

CREATE TABLE `mdl_tool_recyclebin_category` (
  `id` bigint(10) NOT NULL AUTO_INCREMENT,
  `categoryid` bigint(10) NOT NULL,
  `shortname` varchar(255) NOT NULL DEFAULT '',
  `fullname` varchar(255) NOT NULL DEFAULT '',
  `timecreated` bigint(10) NOT NULL,
  PRIMARY KEY (`id`),
  KEY `mdl_toolrecycate_tim_ix` (`timecreated`),
  KEY `mdl_toolrecycate_cat_ix` (`categoryid`)
) ENGINE=InnoDB DEFAULT CHARSET=utf8mb4 ROW_FORMAT=COMPRESSED COMMENT='A list of items in the category recycle bin';

--
-- Dumping data for table `mdl_tool_recyclebin_category`
--


--
-- Table structure for table `mdl_tool_recyclebin_course`
--

CREATE TABLE `mdl_tool_recyclebin_course` (
  `id` bigint(10) NOT NULL AUTO_INCREMENT,
  `courseid` bigint(10) NOT NULL,
  `section` bigint(10) NOT NULL,
  `module` bigint(10) NOT NULL,
  `name` varchar(255) DEFAULT NULL,
  `timecreated` bigint(10) NOT NULL DEFAULT '0',
  PRIMARY KEY (`id`),
  KEY `mdl_toolrecycour_tim_ix` (`timecreated`),
  KEY `mdl_toolrecycour_cou_ix` (`courseid`)
) ENGINE=InnoDB DEFAULT CHARSET=utf8mb4 ROW_FORMAT=COMPRESSED COMMENT='A list of items in the course recycle bin';

--
-- Dumping data for table `mdl_tool_recyclebin_course`
--


--
-- Table structure for table `mdl_tool_usertours_steps`
--

CREATE TABLE `mdl_tool_usertours_steps` (
  `id` bigint(10) NOT NULL AUTO_INCREMENT,
  `tourid` bigint(10) NOT NULL,
  `title` longtext,
  `content` longtext,
  `targettype` tinyint(2) NOT NULL,
  `targetvalue` longtext NOT NULL,
  `sortorder` bigint(10) NOT NULL DEFAULT '0',
  `configdata` longtext NOT NULL,
  PRIMARY KEY (`id`),
  KEY `mdl_tooluserstep_tousor_ix` (`tourid`,`sortorder`),
  KEY `mdl_tooluserstep_tou_ix` (`tourid`)
) ENGINE=InnoDB AUTO_INCREMENT=15 DEFAULT CHARSET=utf8mb4 ROW_FORMAT=COMPRESSED COMMENT='Steps in an tour';

--
-- Dumping data for table `mdl_tool_usertours_steps`
--

INSERT INTO `mdl_tool_usertours_steps` VALUES (1,1,'tour4_title_messaging,tool_usertours','tour4_content_messaging,tool_usertours',2,'',0,'{\"backdrop\":\"1\"}'),(2,1,'tour4_title_icon,tool_usertours','tour4_content_icon,tool_usertours',0,'[id^=message-drawer-toggle]',1,'{\"backdrop\":\"0\",\"reflex\":\"1\"}'),(3,1,'tour4_title_groupconvo,tool_usertours','tour4_content_groupconvo,tool_usertours',0,'.message-drawer:not(.hidden) [data-region=\"view-overview-group-messages\"]',2,'{\"placement\":\"left\"}'),(4,1,'tour4_title_starred,tool_usertours','tour4_content_starred,tool_usertours',0,'.message-drawer:not(.hidden) [data-region=\"view-overview-favourites\"]',3,'{\"placement\":\"left\"}'),(5,1,'tour4_title_settings,tool_usertours','tour4_content_settings,tool_usertours',0,'.message-drawer:not(.hidden) [data-route=\"view-settings\"]',4,'{\"reflex\":\"1\"}'),(6,1,'tour_final_step_title,tool_usertours','tour_final_step_content,tool_usertours',2,'',5,'{}'),(7,2,'tour3_title_dashboard,tool_usertours','tour3_content_dashboard,tool_usertours',2,'',0,'{\"backdrop\":\"1\"}'),(8,2,'tour3_title_dashboard,tool_usertours','tour3_content_timeline,tool_usertours',1,'timeline',1,'{\"reflex\":\"0\"}'),(9,2,'tour3_title_recentcourses,tool_usertours','tour3_content_recentcourses,tool_usertours',1,'recentlyaccessedcourses',2,'{\"placement\":\"top\",\"backdrop\":\"1\"}'),(10,2,'tour3_title_overview,tool_usertours','tour3_content_overview,tool_usertours',1,'myoverview',3,'{}'),(11,2,'tour3_title_starring,tool_usertours','tour3_content_starring,tool_usertours',0,'.block-myoverview [data-display=\"cards\"] [data-region=\"course-content\"] .coursemenubtn',4,'{\"placement\":\"right\"}'),(12,2,'tour3_title_starring,tool_usertours','tour3_content_starring,tool_usertours',0,'.block-myoverview [data-display]:not([data-display=\"cards\"]) [data-region=\"course-content\"] .coursemenubtn',5,'{}'),(13,2,'tour3_title_displayoptions,tool_usertours','tour3_content_displayoptions,tool_usertours',0,'#sortingdropdown',6,'{\"placement\":\"top\"}'),(14,2,'tour_final_step_title,tool_usertours','tour_final_step_content,tool_usertours',2,'',7,'{}');

--
-- Table structure for table `mdl_tool_usertours_tours`
--

CREATE TABLE `mdl_tool_usertours_tours` (
  `id` bigint(10) NOT NULL AUTO_INCREMENT,
  `name` varchar(255) NOT NULL DEFAULT '',
  `description` longtext,
  `pathmatch` varchar(255) DEFAULT NULL,
  `enabled` tinyint(1) NOT NULL DEFAULT '0',
  `sortorder` bigint(10) NOT NULL DEFAULT '0',
  `configdata` longtext NOT NULL,
  PRIMARY KEY (`id`)
) ENGINE=InnoDB AUTO_INCREMENT=3 DEFAULT CHARSET=utf8mb4 ROW_FORMAT=COMPRESSED COMMENT='List of tours';

--
-- Dumping data for table `mdl_tool_usertours_tours`
--

INSERT INTO `mdl_tool_usertours_tours` VALUES (1,'New Messaging System','New messaging interface in Moodle 3.6','/course/view.php%',1,1,'{\"placement\":\"bottom\",\"orphan\":\"0\",\"backdrop\":\"0\",\"reflex\":\"0\",\"filtervalues\":{\"category\":[],\"course\":[\"0\"],\"courseformat\":[],\"role\":[],\"theme\":[]},\"majorupdatetime\":1543468823,\"shipped_tour\":true,\"shipped_filename\":\"36_messaging.json\",\"shipped_version\":3}'),(2,'Dashboard','New dashboard features','/my/%',1,0,'{\"placement\":\"top\",\"orphan\":\"0\",\"backdrop\":\"0\",\"reflex\":\"0\",\"filtervalues\":{\"category\":[],\"course\":[\"0\"],\"courseformat\":[],\"role\":[],\"theme\":[]},\"majorupdatetime\":1543396938,\"shipped_tour\":true,\"shipped_filename\":\"36_dashboard.json\",\"shipped_version\":3}');

--
-- Table structure for table `mdl_upgrade_log`
--

CREATE TABLE `mdl_upgrade_log` (
  `id` bigint(10) NOT NULL AUTO_INCREMENT,
  `type` bigint(10) NOT NULL,
  `plugin` varchar(100) DEFAULT NULL,
  `version` varchar(100) DEFAULT NULL,
  `targetversion` varchar(100) DEFAULT NULL,
  `info` varchar(255) NOT NULL DEFAULT '',
  `details` longtext,
  `backtrace` longtext,
  `userid` bigint(10) NOT NULL,
  `timemodified` bigint(10) NOT NULL,
  PRIMARY KEY (`id`),
  KEY `mdl_upgrlog_tim_ix` (`timemodified`),
  KEY `mdl_upgrlog_typtim_ix` (`type`,`timemodified`),
  KEY `mdl_upgrlog_use_ix` (`userid`)
) ENGINE=InnoDB AUTO_INCREMENT=1299 DEFAULT CHARSET=utf8mb4 ROW_FORMAT=COMPRESSED COMMENT='Upgrade logging';

--
-- Dumping data for table `mdl_upgrade_log`
--

INSERT INTO `mdl_upgrade_log` VALUES (1,0,'core','2018120301','2018120301','Upgrade savepoint reached',NULL,'',0,1551371087),(2,0,'core','2018120301','2018120301','Core installed',NULL,'',0,1551371096),(3,0,'antivirus_clamav',NULL,'2018120300','Starting plugin installation',NULL,'',0,1551371096),(4,0,'antivirus_clamav','2018120300','2018120300','Upgrade savepoint reached',NULL,'',0,1551371096),(5,0,'antivirus_clamav','2018120300','2018120300','Plugin installed',NULL,'',0,1551371096),(6,0,'availability_completion',NULL,'2018120300','Starting plugin installation',NULL,'',0,1551371096),(7,0,'availability_completion','2018120300','2018120300','Upgrade savepoint reached',NULL,'',0,1551371096),(8,0,'availability_completion','2018120300','2018120300','Plugin installed',NULL,'',0,1551371096),(9,0,'availability_date',NULL,'2018120300','Starting plugin installation',NULL,'',0,1551371096),(10,0,'availability_date','2018120300','2018120300','Upgrade savepoint reached',NULL,'',0,1551371096),(11,0,'availability_date','2018120300','2018120300','Plugin installed',NULL,'',0,1551371096),(12,0,'availability_grade',NULL,'2018120300','Starting plugin installation',NULL,'',0,1551371096),(13,0,'availability_grade','2018120300','2018120300','Upgrade savepoint reached',NULL,'',0,1551371096),(14,0,'availability_grade','2018120300','2018120300','Plugin installed',NULL,'',0,1551371096),(15,0,'availability_group',NULL,'2018120300','Starting plugin installation',NULL,'',0,1551371096),(16,0,'availability_group','2018120300','2018120300','Upgrade savepoint reached',NULL,'',0,1551371096),(17,0,'availability_group','2018120300','2018120300','Plugin installed',NULL,'',0,1551371096),(18,0,'availability_grouping',NULL,'2018120300','Starting plugin installation',NULL,'',0,1551371096),(19,0,'availability_grouping','2018120300','2018120300','Upgrade savepoint reached',NULL,'',0,1551371096),(20,0,'availability_grouping','2018120300','2018120300','Plugin installed',NULL,'',0,1551371096),(21,0,'availability_profile',NULL,'2018120300','Starting plugin installation',NULL,'',0,1551371096),(22,0,'availability_profile','2018120300','2018120300','Upgrade savepoint reached',NULL,'',0,1551371096),(23,0,'availability_profile','2018120300','2018120300','Plugin installed',NULL,'',0,1551371096),(24,0,'qtype_calculated',NULL,'2018120300','Starting plugin installation',NULL,'',0,1551371096),(25,0,'qtype_calculated','2018120300','2018120300','Upgrade savepoint reached',NULL,'',0,1551371096),(26,0,'qtype_calculated','2018120300','2018120300','Plugin installed',NULL,'',0,1551371096),(27,0,'qtype_calculatedmulti',NULL,'2018120300','Starting plugin installation',NULL,'',0,1551371096),(28,0,'qtype_calculatedmulti','2018120300','2018120300','Upgrade savepoint reached',NULL,'',0,1551371096),(29,0,'qtype_calculatedmulti','2018120300','2018120300','Plugin installed',NULL,'',0,1551371096),(30,0,'qtype_calculatedsimple',NULL,'2018120300','Starting plugin installation',NULL,'',0,1551371096),(31,0,'qtype_calculatedsimple','2018120300','2018120300','Upgrade savepoint reached',NULL,'',0,1551371096),(32,0,'qtype_calculatedsimple','2018120300','2018120300','Plugin installed',NULL,'',0,1551371096),(33,0,'qtype_ddimageortext',NULL,'2018120300','Starting plugin installation',NULL,'',0,1551371096),(34,0,'qtype_ddimageortext','2018120300','2018120300','Upgrade savepoint reached',NULL,'',0,1551371097),(35,0,'qtype_ddimageortext','2018120300','2018120300','Plugin installed',NULL,'',0,1551371097),(36,0,'qtype_ddmarker',NULL,'2018120300','Starting plugin installation',NULL,'',0,1551371097),(37,0,'qtype_ddmarker','2018120300','2018120300','Upgrade savepoint reached',NULL,'',0,1551371097),(38,0,'qtype_ddmarker','2018120300','2018120300','Plugin installed',NULL,'',0,1551371097),(39,0,'qtype_ddwtos',NULL,'2018120300','Starting plugin installation',NULL,'',0,1551371097),(40,0,'qtype_ddwtos','2018120300','2018120300','Upgrade savepoint reached',NULL,'',0,1551371097),(41,0,'qtype_ddwtos','2018120300','2018120300','Plugin installed',NULL,'',0,1551371097),(42,0,'qtype_description',NULL,'2018120300','Starting plugin installation',NULL,'',0,1551371097),(43,0,'qtype_description','2018120300','2018120300','Upgrade savepoint reached',NULL,'',0,1551371097),(44,0,'qtype_description','2018120300','2018120300','Plugin installed',NULL,'',0,1551371097),(45,0,'qtype_essay',NULL,'2018120300','Starting plugin installation',NULL,'',0,1551371097),(46,0,'qtype_essay','2018120300','2018120300','Upgrade savepoint reached',NULL,'',0,1551371097),(47,0,'qtype_essay','2018120300','2018120300','Plugin installed',NULL,'',0,1551371097),(48,0,'qtype_gapselect',NULL,'2018120300','Starting plugin installation',NULL,'',0,1551371097),(49,0,'qtype_gapselect','2018120300','2018120300','Upgrade savepoint reached',NULL,'',0,1551371097),(50,0,'qtype_gapselect','2018120300','2018120300','Plugin installed',NULL,'',0,1551371097),(51,0,'qtype_match',NULL,'2018120300','Starting plugin installation',NULL,'',0,1551371097),(52,0,'qtype_match','2018120300','2018120300','Upgrade savepoint reached',NULL,'',0,1551371097),(53,0,'qtype_match','2018120300','2018120300','Plugin installed',NULL,'',0,1551371097),(54,0,'qtype_missingtype',NULL,'2018120300','Starting plugin installation',NULL,'',0,1551371097),(55,0,'qtype_missingtype','2018120300','2018120300','Upgrade savepoint reached',NULL,'',0,1551371097),(56,0,'qtype_missingtype','2018120300','2018120300','Plugin installed',NULL,'',0,1551371097),(57,0,'qtype_multianswer',NULL,'2018120300','Starting plugin installation',NULL,'',0,1551371097),(58,0,'qtype_multianswer','2018120300','2018120300','Upgrade savepoint reached',NULL,'',0,1551371097),(59,0,'qtype_multianswer','2018120300','2018120300','Plugin installed',NULL,'',0,1551371097),(60,0,'qtype_multichoice',NULL,'2018120300','Starting plugin installation',NULL,'',0,1551371097),(61,0,'qtype_multichoice','2018120300','2018120300','Upgrade savepoint reached',NULL,'',0,1551371097),(62,0,'qtype_multichoice','2018120300','2018120300','Plugin installed',NULL,'',0,1551371097),(63,0,'qtype_numerical',NULL,'2018120300','Starting plugin installation',NULL,'',0,1551371097),(64,0,'qtype_numerical','2018120300','2018120300','Upgrade savepoint reached',NULL,'',0,1551371097),(65,0,'qtype_numerical','2018120300','2018120300','Plugin installed',NULL,'',0,1551371097),(66,0,'qtype_random',NULL,'2018120300','Starting plugin installation',NULL,'',0,1551371097),(67,0,'qtype_random','2018120300','2018120300','Upgrade savepoint reached',NULL,'',0,1551371097),(68,0,'qtype_random','2018120300','2018120300','Plugin installed',NULL,'',0,1551371097),(69,0,'qtype_randomsamatch',NULL,'2018120300','Starting plugin installation',NULL,'',0,1551371097),(70,0,'qtype_randomsamatch','2018120300','2018120300','Upgrade savepoint reached',NULL,'',0,1551371097),(71,0,'qtype_randomsamatch','2018120300','2018120300','Plugin installed',NULL,'',0,1551371097),(72,0,'qtype_shortanswer',NULL,'2018120300','Starting plugin installation',NULL,'',0,1551371097),(73,0,'qtype_shortanswer','2018120300','2018120300','Upgrade savepoint reached',NULL,'',0,1551371097),(74,0,'qtype_shortanswer','2018120300','2018120300','Plugin installed',NULL,'',0,1551371097),(75,0,'qtype_truefalse',NULL,'2018120300','Starting plugin installation',NULL,'',0,1551371097),(76,0,'qtype_truefalse','2018120300','2018120300','Upgrade savepoint reached',NULL,'',0,1551371097),(77,0,'qtype_truefalse','2018120300','2018120300','Plugin installed',NULL,'',0,1551371097),(78,0,'mod_assign',NULL,'2018120300','Starting plugin installation',NULL,'',0,1551371097),(79,0,'mod_assign','2018120300','2018120300','Upgrade savepoint reached',NULL,'',0,1551371098),(80,0,'mod_assign','2018120300','2018120300','Plugin installed',NULL,'',0,1551371098),(81,0,'mod_assignment',NULL,'2018120300','Starting plugin installation',NULL,'',0,1551371098),(82,0,'mod_assignment','2018120300','2018120300','Upgrade savepoint reached',NULL,'',0,1551371098),(83,0,'mod_assignment','2018120300','2018120300','Plugin installed',NULL,'',0,1551371098),(84,0,'mod_book',NULL,'2018120300','Starting plugin installation',NULL,'',0,1551371098),(85,0,'mod_book','2018120300','2018120300','Upgrade savepoint reached',NULL,'',0,1551371098),(86,0,'mod_book','2018120300','2018120300','Plugin installed',NULL,'',0,1551371098),(87,0,'mod_chat',NULL,'2018120300','Starting plugin installation',NULL,'',0,1551371098),(88,0,'mod_chat','2018120300','2018120300','Upgrade savepoint reached',NULL,'',0,1551371098),(89,0,'mod_chat','2018120300','2018120300','Plugin installed',NULL,'',0,1551371099),(90,0,'mod_choice',NULL,'2018120300','Starting plugin installation',NULL,'',0,1551371099),(91,0,'mod_choice','2018120300','2018120300','Upgrade savepoint reached',NULL,'',0,1551371099),(92,0,'mod_choice','2018120300','2018120300','Plugin installed',NULL,'',0,1551371099),(93,0,'mod_data',NULL,'2018120300','Starting plugin installation',NULL,'',0,1551371099),(94,0,'mod_data','2018120300','2018120300','Upgrade savepoint reached',NULL,'',0,1551371099),(95,0,'mod_data','2018120300','2018120300','Plugin installed',NULL,'',0,1551371099),(96,0,'mod_feedback',NULL,'2018120300','Starting plugin installation',NULL,'',0,1551371099),(97,0,'mod_feedback','2018120300','2018120300','Upgrade savepoint reached',NULL,'',0,1551371099),(98,0,'mod_feedback','2018120300','2018120300','Plugin installed',NULL,'',0,1551371100),(99,0,'mod_folder',NULL,'2018120300','Starting plugin installation',NULL,'',0,1551371100),(100,0,'mod_folder','2018120300','2018120300','Upgrade savepoint reached',NULL,'',0,1551371100),(101,0,'mod_folder','2018120300','2018120300','Plugin installed',NULL,'',0,1551371100),(102,0,'mod_forum',NULL,'2018120300','Starting plugin installation',NULL,'',0,1551371100),(103,0,'mod_forum','2018120300','2018120300','Upgrade savepoint reached',NULL,'',0,1551371100),(104,0,'mod_forum','2018120300','2018120300','Plugin installed',NULL,'',0,1551371101),(105,0,'mod_glossary',NULL,'2018120300','Starting plugin installation',NULL,'',0,1551371101),(106,0,'mod_glossary','2018120300','2018120300','Upgrade savepoint reached',NULL,'',0,1551371101),(107,0,'mod_glossary','2018120300','2018120300','Plugin installed',NULL,'',0,1551371101),(108,0,'mod_imscp',NULL,'2018120300','Starting plugin installation',NULL,'',0,1551371101),(109,0,'mod_imscp','2018120300','2018120300','Upgrade savepoint reached',NULL,'',0,1551371101),(110,0,'mod_imscp','2018120300','2018120300','Plugin installed',NULL,'',0,1551371101),(111,0,'mod_label',NULL,'2018120300','Starting plugin installation',NULL,'',0,1551371101),(112,0,'mod_label','2018120300','2018120300','Upgrade savepoint reached',NULL,'',0,1551371101),(113,0,'mod_label','2018120300','2018120300','Plugin installed',NULL,'',0,1551371101),(114,0,'mod_lesson',NULL,'2018120300','Starting plugin installation',NULL,'',0,1551371101),(115,0,'mod_lesson','2018120300','2018120300','Upgrade savepoint reached',NULL,'',0,1551371102),(116,0,'mod_lesson','2018120300','2018120300','Plugin installed',NULL,'',0,1551371102),(117,0,'mod_lti',NULL,'2018120300','Starting plugin installation',NULL,'',0,1551371102),(118,0,'mod_lti','2018120300','2018120300','Upgrade savepoint reached',NULL,'',0,1551371102),(119,0,'mod_lti','2018120300','2018120300','Plugin installed',NULL,'',0,1551371102),(120,0,'mod_page',NULL,'2018120300','Starting plugin installation',NULL,'',0,1551371102),(121,0,'mod_page','2018120300','2018120300','Upgrade savepoint reached',NULL,'',0,1551371102),(122,0,'mod_page','2018120300','2018120300','Plugin installed',NULL,'',0,1551371102),(123,0,'mod_quiz',NULL,'2018120300','Starting plugin installation',NULL,'',0,1551371102),(124,0,'mod_quiz','2018120300','2018120300','Upgrade savepoint reached',NULL,'',0,1551371102),(125,0,'mod_quiz','2018120300','2018120300','Plugin installed',NULL,'',0,1551371103),(126,0,'mod_resource',NULL,'2018120300','Starting plugin installation',NULL,'',0,1551371103),(127,0,'mod_resource','2018120300','2018120300','Upgrade savepoint reached',NULL,'',0,1551371103),(128,0,'mod_resource','2018120300','2018120300','Plugin installed',NULL,'',0,1551371103),(129,0,'mod_scorm',NULL,'2018120300','Starting plugin installation',NULL,'',0,1551371103),(130,0,'mod_scorm','2018120300','2018120300','Upgrade savepoint reached',NULL,'',0,1551371103),(131,0,'mod_scorm','2018120300','2018120300','Plugin installed',NULL,'',0,1551371103),(132,0,'mod_survey',NULL,'2018120300','Starting plugin installation',NULL,'',0,1551371103),(133,0,'mod_survey','2018120300','2018120300','Upgrade savepoint reached',NULL,'',0,1551371103),(134,0,'mod_survey','2018120300','2018120300','Plugin installed',NULL,'',0,1551371104),(135,0,'mod_url',NULL,'2018120300','Starting plugin installation',NULL,'',0,1551371104),(136,0,'mod_url','2018120300','2018120300','Upgrade savepoint reached',NULL,'',0,1551371104),(137,0,'mod_url','2018120300','2018120300','Plugin installed',NULL,'',0,1551371104),(138,0,'mod_wiki',NULL,'2018120300','Starting plugin installation',NULL,'',0,1551371104),(139,0,'mod_wiki','2018120300','2018120300','Upgrade savepoint reached',NULL,'',0,1551371104),(140,0,'mod_wiki','2018120300','2018120300','Plugin installed',NULL,'',0,1551371104),(141,0,'mod_workshop',NULL,'2018120300','Starting plugin installation',NULL,'',0,1551371104),(142,0,'mod_workshop','2018120300','2018120300','Upgrade savepoint reached',NULL,'',0,1551371104),(143,0,'mod_workshop','2018120300','2018120300','Plugin installed',NULL,'',0,1551371105),(144,0,'auth_cas',NULL,'2018120300','Starting plugin installation',NULL,'',0,1551371105),(145,0,'auth_cas','2018120300','2018120300','Upgrade savepoint reached',NULL,'',0,1551371105),(146,0,'auth_cas','2018120300','2018120300','Plugin installed',NULL,'',0,1551371105),(147,0,'auth_db',NULL,'2018120300','Starting plugin installation',NULL,'',0,1551371105),(148,0,'auth_db','2018120300','2018120300','Upgrade savepoint reached',NULL,'',0,1551371105),(149,0,'auth_db','2018120300','2018120300','Plugin installed',NULL,'',0,1551371105),(150,0,'auth_email',NULL,'2018120300','Starting plugin installation',NULL,'',0,1551371105),(151,0,'auth_email','2018120300','2018120300','Upgrade savepoint reached',NULL,'',0,1551371105),(152,0,'auth_email','2018120300','2018120300','Plugin installed',NULL,'',0,1551371105),(153,0,'auth_ldap',NULL,'2018120300','Starting plugin installation',NULL,'',0,1551371105),(154,0,'auth_ldap','2018120300','2018120300','Upgrade savepoint reached',NULL,'',0,1551371105),(155,0,'auth_ldap','2018120300','2018120300','Plugin installed',NULL,'',0,1551371105),(156,0,'auth_lti',NULL,'2018120300','Starting plugin installation',NULL,'',0,1551371105),(157,0,'auth_lti','2018120300','2018120300','Upgrade savepoint reached',NULL,'',0,1551371105),(158,0,'auth_lti','2018120300','2018120300','Plugin installed',NULL,'',0,1551371105),(159,0,'auth_manual',NULL,'2018120300','Starting plugin installation',NULL,'',0,1551371105),(160,0,'auth_manual','2018120300','2018120300','Upgrade savepoint reached',NULL,'',0,1551371105),(161,0,'auth_manual','2018120300','2018120300','Plugin installed',NULL,'',0,1551371105),(162,0,'auth_mnet',NULL,'2018120300','Starting plugin installation',NULL,'',0,1551371105),(163,0,'auth_mnet','2018120300','2018120300','Upgrade savepoint reached',NULL,'',0,1551371105),(164,0,'auth_mnet','2018120300','2018120300','Plugin installed',NULL,'',0,1551371105),(165,0,'auth_nologin',NULL,'2018120300','Starting plugin installation',NULL,'',0,1551371105),(166,0,'auth_nologin','2018120300','2018120300','Upgrade savepoint reached',NULL,'',0,1551371105),(167,0,'auth_nologin','2018120300','2018120300','Plugin installed',NULL,'',0,1551371106),(168,0,'auth_none',NULL,'2018120300','Starting plugin installation',NULL,'',0,1551371106),(169,0,'auth_none','2018120300','2018120300','Upgrade savepoint reached',NULL,'',0,1551371106),(170,0,'auth_none','2018120300','2018120300','Plugin installed',NULL,'',0,1551371106),(171,0,'auth_oauth2',NULL,'2018120300','Starting plugin installation',NULL,'',0,1551371106),(172,0,'auth_oauth2','2018120300','2018120300','Upgrade savepoint reached',NULL,'',0,1551371106),(173,0,'auth_oauth2','2018120300','2018120300','Plugin installed',NULL,'',0,1551371106),(174,0,'auth_shibboleth',NULL,'2018120300','Starting plugin installation',NULL,'',0,1551371106),(175,0,'auth_shibboleth','2018120300','2018120300','Upgrade savepoint reached',NULL,'',0,1551371106),(176,0,'auth_shibboleth','2018120300','2018120300','Plugin installed',NULL,'',0,1551371106),(177,0,'auth_webservice',NULL,'2018120300','Starting plugin installation',NULL,'',0,1551371106),(178,0,'auth_webservice','2018120300','2018120300','Upgrade savepoint reached',NULL,'',0,1551371106),(179,0,'auth_webservice','2018120300','2018120300','Plugin installed',NULL,'',0,1551371106),(180,0,'calendartype_gregorian',NULL,'2018120300','Starting plugin installation',NULL,'',0,1551371106),(181,0,'calendartype_gregorian','2018120300','2018120300','Upgrade savepoint reached',NULL,'',0,1551371106),(182,0,'calendartype_gregorian','2018120300','2018120300','Plugin installed',NULL,'',0,1551371106),(183,0,'enrol_category',NULL,'2018120300','Starting plugin installation',NULL,'',0,1551371106),(184,0,'enrol_category','2018120300','2018120300','Upgrade savepoint reached',NULL,'',0,1551371106),(185,0,'enrol_category','2018120300','2018120300','Plugin installed',NULL,'',0,1551371106),(186,0,'enrol_cohort',NULL,'2018120300','Starting plugin installation',NULL,'',0,1551371106),(187,0,'enrol_cohort','2018120300','2018120300','Upgrade savepoint reached',NULL,'',0,1551371106),(188,0,'enrol_cohort','2018120300','2018120300','Plugin installed',NULL,'',0,1551371106),(189,0,'enrol_database',NULL,'2018120300','Starting plugin installation',NULL,'',0,1551371106),(190,0,'enrol_database','2018120300','2018120300','Upgrade savepoint reached',NULL,'',0,1551371106),(191,0,'enrol_database','2018120300','2018120300','Plugin installed',NULL,'',0,1551371106),(192,0,'enrol_flatfile',NULL,'2018120300','Starting plugin installation',NULL,'',0,1551371106),(193,0,'enrol_flatfile','2018120300','2018120300','Upgrade savepoint reached',NULL,'',0,1551371106),(194,0,'enrol_flatfile','2018120300','2018120300','Plugin installed',NULL,'',0,1551371106),(195,0,'enrol_guest',NULL,'2018120300','Starting plugin installation',NULL,'',0,1551371106),(196,0,'enrol_guest','2018120300','2018120300','Upgrade savepoint reached',NULL,'',0,1551371106),(197,0,'enrol_guest','2018120300','2018120300','Plugin installed',NULL,'',0,1551371106),(198,0,'enrol_imsenterprise',NULL,'2018120300','Starting plugin installation',NULL,'',0,1551371106),(199,0,'enrol_imsenterprise','2018120300','2018120300','Upgrade savepoint reached',NULL,'',0,1551371106),(200,0,'enrol_imsenterprise','2018120300','2018120300','Plugin installed',NULL,'',0,1551371106),(201,0,'enrol_ldap',NULL,'2018120300','Starting plugin installation',NULL,'',0,1551371106),(202,0,'enrol_ldap','2018120300','2018120300','Upgrade savepoint reached',NULL,'',0,1551371106),(203,0,'enrol_ldap','2018120300','2018120300','Plugin installed',NULL,'',0,1551371106),(204,0,'enrol_lti',NULL,'2018120300','Starting plugin installation',NULL,'',0,1551371106),(205,0,'enrol_lti','2018120300','2018120300','Upgrade savepoint reached',NULL,'',0,1551371106),(206,0,'enrol_lti','2018120300','2018120300','Plugin installed',NULL,'',0,1551371107),(207,0,'enrol_manual',NULL,'2018120300','Starting plugin installation',NULL,'',0,1551371107),(208,0,'enrol_manual','2018120300','2018120300','Upgrade savepoint reached',NULL,'',0,1551371107),(209,0,'enrol_manual','2018120300','2018120300','Plugin installed',NULL,'',0,1551371107),(210,0,'enrol_meta',NULL,'2018120300','Starting plugin installation',NULL,'',0,1551371107),(211,0,'enrol_meta','2018120300','2018120300','Upgrade savepoint reached',NULL,'',0,1551371107),(212,0,'enrol_meta','2018120300','2018120300','Plugin installed',NULL,'',0,1551371107),(213,0,'enrol_mnet',NULL,'2018120300','Starting plugin installation',NULL,'',0,1551371107),(214,0,'enrol_mnet','2018120300','2018120300','Upgrade savepoint reached',NULL,'',0,1551371107),(215,0,'enrol_mnet','2018120300','2018120300','Plugin installed',NULL,'',0,1551371107),(216,0,'enrol_paypal',NULL,'2018120300','Starting plugin installation',NULL,'',0,1551371107),(217,0,'enrol_paypal','2018120300','2018120300','Upgrade savepoint reached',NULL,'',0,1551371107),(218,0,'enrol_paypal','2018120300','2018120300','Plugin installed',NULL,'',0,1551371107),(219,0,'enrol_self',NULL,'2018120300','Starting plugin installation',NULL,'',0,1551371107),(220,0,'enrol_self','2018120300','2018120300','Upgrade savepoint reached',NULL,'',0,1551371107),(221,0,'enrol_self','2018120300','2018120300','Plugin installed',NULL,'',0,1551371107),(222,0,'message_airnotifier',NULL,'2018120300','Starting plugin installation',NULL,'',0,1551371107),(223,0,'message_airnotifier','2018120300','2018120300','Upgrade savepoint reached',NULL,'',0,1551371107),(224,0,'message_airnotifier','2018120300','2018120300','Plugin installed',NULL,'',0,1551371107),(225,0,'message_email',NULL,'2018120300','Starting plugin installation',NULL,'',0,1551371107),(226,0,'message_email','2018120300','2018120300','Upgrade savepoint reached',NULL,'',0,1551371107),(227,0,'message_email','2018120300','2018120300','Plugin installed',NULL,'',0,1551371107),(228,0,'message_jabber',NULL,'2018120300','Starting plugin installation',NULL,'',0,1551371107),(229,0,'message_jabber','2018120300','2018120300','Upgrade savepoint reached',NULL,'',0,1551371107),(230,0,'message_jabber','2018120300','2018120300','Plugin installed',NULL,'',0,1551371107),(231,0,'message_popup',NULL,'2018120300','Starting plugin installation',NULL,'',0,1551371107),(232,0,'message_popup','2018120300','2018120300','Upgrade savepoint reached',NULL,'',0,1551371108),(233,0,'message_popup','2018120300','2018120300','Plugin installed',NULL,'',0,1551371108),(234,0,'block_activity_modules',NULL,'2018120300','Starting plugin installation',NULL,'',0,1551371108),(235,0,'block_activity_modules','2018120300','2018120300','Upgrade savepoint reached',NULL,'',0,1551371108),(236,0,'block_activity_modules','2018120300','2018120300','Plugin installed',NULL,'',0,1551371108),(237,0,'block_activity_results',NULL,'2018120300','Starting plugin installation',NULL,'',0,1551371108),(238,0,'block_activity_results','2018120300','2018120300','Upgrade savepoint reached',NULL,'',0,1551371108),(239,0,'block_activity_results','2018120300','2018120300','Plugin installed',NULL,'',0,1551371108),(240,0,'block_admin_bookmarks',NULL,'2018120300','Starting plugin installation',NULL,'',0,1551371108),(241,0,'block_admin_bookmarks','2018120300','2018120300','Upgrade savepoint reached',NULL,'',0,1551371108),(242,0,'block_admin_bookmarks','2018120300','2018120300','Plugin installed',NULL,'',0,1551371108),(243,0,'block_badges',NULL,'2018120300','Starting plugin installation',NULL,'',0,1551371108),(244,0,'block_badges','2018120300','2018120300','Upgrade savepoint reached',NULL,'',0,1551371108),(245,0,'block_badges','2018120300','2018120300','Plugin installed',NULL,'',0,1551371108),(246,0,'block_blog_menu',NULL,'2018120300','Starting plugin installation',NULL,'',0,1551371108),(247,0,'block_blog_menu','2018120300','2018120300','Upgrade savepoint reached',NULL,'',0,1551371108),(248,0,'block_blog_menu','2018120300','2018120300','Plugin installed',NULL,'',0,1551371108),(249,0,'block_blog_recent',NULL,'2018120300','Starting plugin installation',NULL,'',0,1551371108),(250,0,'block_blog_recent','2018120300','2018120300','Upgrade savepoint reached',NULL,'',0,1551371108),(251,0,'block_blog_recent','2018120300','2018120300','Plugin installed',NULL,'',0,1551371108),(252,0,'block_blog_tags',NULL,'2018120300','Starting plugin installation',NULL,'',0,1551371108),(253,0,'block_blog_tags','2018120300','2018120300','Upgrade savepoint reached',NULL,'',0,1551371108),(254,0,'block_blog_tags','2018120300','2018120300','Plugin installed',NULL,'',0,1551371108),(255,0,'block_calendar_month',NULL,'2018120300','Starting plugin installation',NULL,'',0,1551371108),(256,0,'block_calendar_month','2018120300','2018120300','Upgrade savepoint reached',NULL,'',0,1551371108),(257,0,'block_calendar_month','2018120300','2018120300','Plugin installed',NULL,'',0,1551371108),(258,0,'block_calendar_upcoming',NULL,'2018120300','Starting plugin installation',NULL,'',0,1551371108),(259,0,'block_calendar_upcoming','2018120300','2018120300','Upgrade savepoint reached',NULL,'',0,1551371108),(260,0,'block_calendar_upcoming','2018120300','2018120300','Plugin installed',NULL,'',0,1551371108),(261,0,'block_comments',NULL,'2018120300','Starting plugin installation',NULL,'',0,1551371108),(262,0,'block_comments','2018120300','2018120300','Upgrade savepoint reached',NULL,'',0,1551371108),(263,0,'block_comments','2018120300','2018120300','Plugin installed',NULL,'',0,1551371108),(264,0,'block_community',NULL,'2018120300','Starting plugin installation',NULL,'',0,1551371108),(265,0,'block_community','2018120300','2018120300','Upgrade savepoint reached',NULL,'',0,1551371108),(266,0,'block_community','2018120300','2018120300','Plugin installed',NULL,'',0,1551371108),(267,0,'block_completionstatus',NULL,'2018120300','Starting plugin installation',NULL,'',0,1551371108),(268,0,'block_completionstatus','2018120300','2018120300','Upgrade savepoint reached',NULL,'',0,1551371108),(269,0,'block_completionstatus','2018120300','2018120300','Plugin installed',NULL,'',0,1551371108),(270,0,'block_course_list',NULL,'2018120300','Starting plugin installation',NULL,'',0,1551371108),(271,0,'block_course_list','2018120300','2018120300','Upgrade savepoint reached',NULL,'',0,1551371108),(272,0,'block_course_list','2018120300','2018120300','Plugin installed',NULL,'',0,1551371108),(273,0,'block_course_summary',NULL,'2018120300','Starting plugin installation',NULL,'',0,1551371108),(274,0,'block_course_summary','2018120300','2018120300','Upgrade savepoint reached',NULL,'',0,1551371108),(275,0,'block_course_summary','2018120300','2018120300','Plugin installed',NULL,'',0,1551371108),(276,0,'block_feedback',NULL,'2018120300','Starting plugin installation',NULL,'',0,1551371108),(277,0,'block_feedback','2018120300','2018120300','Upgrade savepoint reached',NULL,'',0,1551371109),(278,0,'block_feedback','2018120300','2018120300','Plugin installed',NULL,'',0,1551371109),(279,0,'block_globalsearch',NULL,'2018120300','Starting plugin installation',NULL,'',0,1551371109),(280,0,'block_globalsearch','2018120300','2018120300','Upgrade savepoint reached',NULL,'',0,1551371109),(281,0,'block_globalsearch','2018120300','2018120300','Plugin installed',NULL,'',0,1551371109),(282,0,'block_glossary_random',NULL,'2018120300','Starting plugin installation',NULL,'',0,1551371109),(283,0,'block_glossary_random','2018120300','2018120300','Upgrade savepoint reached',NULL,'',0,1551371109),(284,0,'block_glossary_random','2018120300','2018120300','Plugin installed',NULL,'',0,1551371109),(285,0,'block_html',NULL,'2018120300','Starting plugin installation',NULL,'',0,1551371109),(286,0,'block_html','2018120300','2018120300','Upgrade savepoint reached',NULL,'',0,1551371109),(287,0,'block_html','2018120300','2018120300','Plugin installed',NULL,'',0,1551371109),(288,0,'block_login',NULL,'2018120300','Starting plugin installation',NULL,'',0,1551371109),(289,0,'block_login','2018120300','2018120300','Upgrade savepoint reached',NULL,'',0,1551371109),(290,0,'block_login','2018120300','2018120300','Plugin installed',NULL,'',0,1551371109),(291,0,'block_lp',NULL,'2018120300','Starting plugin installation',NULL,'',0,1551371109),(292,0,'block_lp','2018120300','2018120300','Upgrade savepoint reached',NULL,'',0,1551371109),(293,0,'block_lp','2018120300','2018120300','Plugin installed',NULL,'',0,1551371109),(294,0,'block_mentees',NULL,'2018120300','Starting plugin installation',NULL,'',0,1551371109),(295,0,'block_mentees','2018120300','2018120300','Upgrade savepoint reached',NULL,'',0,1551371109),(296,0,'block_mentees','2018120300','2018120300','Plugin installed',NULL,'',0,1551371109),(297,0,'block_mnet_hosts',NULL,'2018120300','Starting plugin installation',NULL,'',0,1551371109),(298,0,'block_mnet_hosts','2018120300','2018120300','Upgrade savepoint reached',NULL,'',0,1551371109),(299,0,'block_mnet_hosts','2018120300','2018120300','Plugin installed',NULL,'',0,1551371109),(300,0,'block_myoverview',NULL,'2018120300','Starting plugin installation',NULL,'',0,1551371109),(301,0,'block_myoverview','2018120300','2018120300','Upgrade savepoint reached',NULL,'',0,1551371109),(302,0,'block_myoverview','2018120300','2018120300','Plugin installed',NULL,'',0,1551371109),(303,0,'block_myprofile',NULL,'2018120300','Starting plugin installation',NULL,'',0,1551371109),(304,0,'block_myprofile','2018120300','2018120300','Upgrade savepoint reached',NULL,'',0,1551371109),(305,0,'block_myprofile','2018120300','2018120300','Plugin installed',NULL,'',0,1551371109),(306,0,'block_navigation',NULL,'2018120300','Starting plugin installation',NULL,'',0,1551371109),(307,0,'block_navigation','2018120300','2018120300','Upgrade savepoint reached',NULL,'',0,1551371109),(308,0,'block_navigation','2018120300','2018120300','Plugin installed',NULL,'',0,1551371109),(309,0,'block_news_items',NULL,'2018120300','Starting plugin installation',NULL,'',0,1551371109),(310,0,'block_news_items','2018120300','2018120300','Upgrade savepoint reached',NULL,'',0,1551371109),(311,0,'block_news_items','2018120300','2018120300','Plugin installed',NULL,'',0,1551371109),(312,0,'block_online_users',NULL,'2018120300','Starting plugin installation',NULL,'',0,1551371109),(313,0,'block_online_users','2018120300','2018120300','Upgrade savepoint reached',NULL,'',0,1551371109),(314,0,'block_online_users','2018120300','2018120300','Plugin installed',NULL,'',0,1551371109),(315,0,'block_participants',NULL,'2018120300','Starting plugin installation',NULL,'',0,1551371109),(316,0,'block_participants','2018120300','2018120300','Upgrade savepoint reached',NULL,'',0,1551371109),(317,0,'block_participants','2018120300','2018120300','Plugin installed',NULL,'',0,1551371109),(318,0,'block_private_files',NULL,'2018120300','Starting plugin installation',NULL,'',0,1551371109),(319,0,'block_private_files','2018120300','2018120300','Upgrade savepoint reached',NULL,'',0,1551371109),(320,0,'block_private_files','2018120300','2018120300','Plugin installed',NULL,'',0,1551371109),(321,0,'block_quiz_results',NULL,'2018120300','Starting plugin installation',NULL,'',0,1551371109),(322,0,'block_quiz_results','2018120300','2018120300','Upgrade savepoint reached',NULL,'',0,1551371109),(323,0,'block_quiz_results','2018120300','2018120300','Plugin installed',NULL,'',0,1551371110),(324,0,'block_recent_activity',NULL,'2018120300','Starting plugin installation',NULL,'',0,1551371110),(325,0,'block_recent_activity','2018120300','2018120300','Upgrade savepoint reached',NULL,'',0,1551371110),(326,0,'block_recent_activity','2018120300','2018120300','Plugin installed',NULL,'',0,1551371110),(327,0,'block_recentlyaccessedcourses',NULL,'2018120300','Starting plugin installation',NULL,'',0,1551371110),(328,0,'block_recentlyaccessedcourses','2018120300','2018120300','Upgrade savepoint reached',NULL,'',0,1551371110),(329,0,'block_recentlyaccessedcourses','2018120300','2018120300','Plugin installed',NULL,'',0,1551371110),(330,0,'block_recentlyaccesseditems',NULL,'2018120301','Starting plugin installation',NULL,'',0,1551371110),(331,0,'block_recentlyaccesseditems','2018120301','2018120301','Upgrade savepoint reached',NULL,'',0,1551371110),(332,0,'block_recentlyaccesseditems','2018120301','2018120301','Plugin installed',NULL,'',0,1551371110),(333,0,'block_rss_client',NULL,'2018120300','Starting plugin installation',NULL,'',0,1551371110),(334,0,'block_rss_client','2018120300','2018120300','Upgrade savepoint reached',NULL,'',0,1551371110),(335,0,'block_rss_client','2018120300','2018120300','Plugin installed',NULL,'',0,1551371110),(336,0,'block_search_forums',NULL,'2018120300','Starting plugin installation',NULL,'',0,1551371110),(337,0,'block_search_forums','2018120300','2018120300','Upgrade savepoint reached',NULL,'',0,1551371110),(338,0,'block_search_forums','2018120300','2018120300','Plugin installed',NULL,'',0,1551371110),(339,0,'block_section_links',NULL,'2018120300','Starting plugin installation',NULL,'',0,1551371110),(340,0,'block_section_links','2018120300','2018120300','Upgrade savepoint reached',NULL,'',0,1551371110),(341,0,'block_section_links','2018120300','2018120300','Plugin installed',NULL,'',0,1551371110),(342,0,'block_selfcompletion',NULL,'2018120300','Starting plugin installation',NULL,'',0,1551371110),(343,0,'block_selfcompletion','2018120300','2018120300','Upgrade savepoint reached',NULL,'',0,1551371110),(344,0,'block_selfcompletion','2018120300','2018120300','Plugin installed',NULL,'',0,1551371110),(345,0,'block_settings',NULL,'2018120300','Starting plugin installation',NULL,'',0,1551371110),(346,0,'block_settings','2018120300','2018120300','Upgrade savepoint reached',NULL,'',0,1551371110),(347,0,'block_settings','2018120300','2018120300','Plugin installed',NULL,'',0,1551371110),(348,0,'block_site_main_menu',NULL,'2018120300','Starting plugin installation',NULL,'',0,1551371110),(349,0,'block_site_main_menu','2018120300','2018120300','Upgrade savepoint reached',NULL,'',0,1551371110),(350,0,'block_site_main_menu','2018120300','2018120300','Plugin installed',NULL,'',0,1551371110),(351,0,'block_social_activities',NULL,'2018120300','Starting plugin installation',NULL,'',0,1551371110),(352,0,'block_social_activities','2018120300','2018120300','Upgrade savepoint reached',NULL,'',0,1551371110),(353,0,'block_social_activities','2018120300','2018120300','Plugin installed',NULL,'',0,1551371110),(354,0,'block_starredcourses',NULL,'2018120300','Starting plugin installation',NULL,'',0,1551371110),(355,0,'block_starredcourses','2018120300','2018120300','Upgrade savepoint reached',NULL,'',0,1551371110),(356,0,'block_starredcourses','2018120300','2018120300','Plugin installed',NULL,'',0,1551371110),(357,0,'block_tag_flickr',NULL,'2018120300','Starting plugin installation',NULL,'',0,1551371110),(358,0,'block_tag_flickr','2018120300','2018120300','Upgrade savepoint reached',NULL,'',0,1551371110),(359,0,'block_tag_flickr','2018120300','2018120300','Plugin installed',NULL,'',0,1551371110),(360,0,'block_tag_youtube',NULL,'2018120300','Starting plugin installation',NULL,'',0,1551371110),(361,0,'block_tag_youtube','2018120300','2018120300','Upgrade savepoint reached',NULL,'',0,1551371110),(362,0,'block_tag_youtube','2018120300','2018120300','Plugin installed',NULL,'',0,1551371110),(363,0,'block_tags',NULL,'2018120300','Starting plugin installation',NULL,'',0,1551371110),(364,0,'block_tags','2018120300','2018120300','Upgrade savepoint reached',NULL,'',0,1551371110),(365,0,'block_tags','2018120300','2018120300','Plugin installed',NULL,'',0,1551371111),(366,0,'block_timeline',NULL,'2018120300','Starting plugin installation',NULL,'',0,1551371111),(367,0,'block_timeline','2018120300','2018120300','Upgrade savepoint reached',NULL,'',0,1551371111),(368,0,'block_timeline','2018120300','2018120300','Plugin installed',NULL,'',0,1551371111),(369,0,'media_html5audio',NULL,'2018120300','Starting plugin installation',NULL,'',0,1551371111),(370,0,'media_html5audio','2018120300','2018120300','Upgrade savepoint reached',NULL,'',0,1551371111),(371,0,'media_html5audio','2018120300','2018120300','Plugin installed',NULL,'',0,1551371111),(372,0,'media_html5video',NULL,'2018120300','Starting plugin installation',NULL,'',0,1551371111),(373,0,'media_html5video','2018120300','2018120300','Upgrade savepoint reached',NULL,'',0,1551371111),(374,0,'media_html5video','2018120300','2018120300','Plugin installed',NULL,'',0,1551371111),(375,0,'media_swf',NULL,'2018120300','Starting plugin installation',NULL,'',0,1551371111),(376,0,'media_swf','2018120300','2018120300','Upgrade savepoint reached',NULL,'',0,1551371111),(377,0,'media_swf','2018120300','2018120300','Plugin installed',NULL,'',0,1551371111),(378,0,'media_videojs',NULL,'2018120300','Starting plugin installation',NULL,'',0,1551371111),(379,0,'media_videojs','2018120300','2018120300','Upgrade savepoint reached',NULL,'',0,1551371111),(380,0,'media_videojs','2018120300','2018120300','Plugin installed',NULL,'',0,1551371111),(381,0,'media_vimeo',NULL,'2018120300','Starting plugin installation',NULL,'',0,1551371111),(382,0,'media_vimeo','2018120300','2018120300','Upgrade savepoint reached',NULL,'',0,1551371111),(383,0,'media_vimeo','2018120300','2018120300','Plugin installed',NULL,'',0,1551371111),(384,0,'media_youtube',NULL,'2018120300','Starting plugin installation',NULL,'',0,1551371111),(385,0,'media_youtube','2018120300','2018120300','Upgrade savepoint reached',NULL,'',0,1551371111),(386,0,'media_youtube','2018120300','2018120300','Plugin installed',NULL,'',0,1551371111),(387,0,'filter_activitynames',NULL,'2018120300','Starting plugin installation',NULL,'',0,1551371111),(388,0,'filter_activitynames','2018120300','2018120300','Upgrade savepoint reached',NULL,'',0,1551371111),(389,0,'filter_activitynames','2018120300','2018120300','Plugin installed',NULL,'',0,1551371111),(390,0,'filter_algebra',NULL,'2018120300','Starting plugin installation',NULL,'',0,1551371111),(391,0,'filter_algebra','2018120300','2018120300','Upgrade savepoint reached',NULL,'',0,1551371111),(392,0,'filter_algebra','2018120300','2018120300','Plugin installed',NULL,'',0,1551371111),(393,0,'filter_censor',NULL,'2018120300','Starting plugin installation',NULL,'',0,1551371111),(394,0,'filter_censor','2018120300','2018120300','Upgrade savepoint reached',NULL,'',0,1551371111),(395,0,'filter_censor','2018120300','2018120300','Plugin installed',NULL,'',0,1551371111),(396,0,'filter_data',NULL,'2018120300','Starting plugin installation',NULL,'',0,1551371111),(397,0,'filter_data','2018120300','2018120300','Upgrade savepoint reached',NULL,'',0,1551371111),(398,0,'filter_data','2018120300','2018120300','Plugin installed',NULL,'',0,1551371111),(399,0,'filter_emailprotect',NULL,'2018120300','Starting plugin installation',NULL,'',0,1551371111),(400,0,'filter_emailprotect','2018120300','2018120300','Upgrade savepoint reached',NULL,'',0,1551371111),(401,0,'filter_emailprotect','2018120300','2018120300','Plugin installed',NULL,'',0,1551371111),(402,0,'filter_emoticon',NULL,'2018120300','Starting plugin installation',NULL,'',0,1551371111),(403,0,'filter_emoticon','2018120300','2018120300','Upgrade savepoint reached',NULL,'',0,1551371111),(404,0,'filter_emoticon','2018120300','2018120300','Plugin installed',NULL,'',0,1551371111),(405,0,'filter_glossary',NULL,'2018120300','Starting plugin installation',NULL,'',0,1551371111),(406,0,'filter_glossary','2018120300','2018120300','Upgrade savepoint reached',NULL,'',0,1551371111),(407,0,'filter_glossary','2018120300','2018120300','Plugin installed',NULL,'',0,1551371111),(408,0,'filter_mathjaxloader',NULL,'2018120300','Starting plugin installation',NULL,'',0,1551371111),(409,0,'filter_mathjaxloader','2018120300','2018120300','Upgrade savepoint reached',NULL,'',0,1551371111),(410,0,'filter_mathjaxloader','2018120300','2018120300','Plugin installed',NULL,'',0,1551371111),(411,0,'filter_mediaplugin',NULL,'2018120300','Starting plugin installation',NULL,'',0,1551371111),(412,0,'filter_mediaplugin','2018120300','2018120300','Upgrade savepoint reached',NULL,'',0,1551371111),(413,0,'filter_mediaplugin','2018120300','2018120300','Plugin installed',NULL,'',0,1551371111),(414,0,'filter_multilang',NULL,'2018120300','Starting plugin installation',NULL,'',0,1551371111),(415,0,'filter_multilang','2018120300','2018120300','Upgrade savepoint reached',NULL,'',0,1551371111),(416,0,'filter_multilang','2018120300','2018120300','Plugin installed',NULL,'',0,1551371111),(417,0,'filter_tex',NULL,'2018120300','Starting plugin installation',NULL,'',0,1551371111),(418,0,'filter_tex','2018120300','2018120300','Upgrade savepoint reached',NULL,'',0,1551371111),(419,0,'filter_tex','2018120300','2018120300','Plugin installed',NULL,'',0,1551371111),(420,0,'filter_tidy',NULL,'2018120300','Starting plugin installation',NULL,'',0,1551371111),(421,0,'filter_tidy','2018120300','2018120300','Upgrade savepoint reached',NULL,'',0,1551371111),(422,0,'filter_tidy','2018120300','2018120300','Plugin installed',NULL,'',0,1551371111),(423,0,'filter_urltolink',NULL,'2018120300','Starting plugin installation',NULL,'',0,1551371111),(424,0,'filter_urltolink','2018120300','2018120300','Upgrade savepoint reached',NULL,'',0,1551371112),(425,0,'filter_urltolink','2018120300','2018120300','Plugin installed',NULL,'',0,1551371112),(426,0,'editor_atto',NULL,'2018120300','Starting plugin installation',NULL,'',0,1551371112),(427,0,'editor_atto','2018120300','2018120300','Upgrade savepoint reached',NULL,'',0,1551371112),(428,0,'editor_atto','2018120300','2018120300','Plugin installed',NULL,'',0,1551371112),(429,0,'editor_textarea',NULL,'2018120300','Starting plugin installation',NULL,'',0,1551371112),(430,0,'editor_textarea','2018120300','2018120300','Upgrade savepoint reached',NULL,'',0,1551371112),(431,0,'editor_textarea','2018120300','2018120300','Plugin installed',NULL,'',0,1551371112),(432,0,'editor_tinymce',NULL,'2018120300','Starting plugin installation',NULL,'',0,1551371112),(433,0,'editor_tinymce','2018120300','2018120300','Upgrade savepoint reached',NULL,'',0,1551371112),(434,0,'editor_tinymce','2018120300','2018120300','Plugin installed',NULL,'',0,1551371112),(435,0,'format_singleactivity',NULL,'2018120300','Starting plugin installation',NULL,'',0,1551371112),(436,0,'format_singleactivity','2018120300','2018120300','Upgrade savepoint reached',NULL,'',0,1551371112),(437,0,'format_singleactivity','2018120300','2018120300','Plugin installed',NULL,'',0,1551371112),(438,0,'format_social',NULL,'2018120300','Starting plugin installation',NULL,'',0,1551371112),(439,0,'format_social','2018120300','2018120300','Upgrade savepoint reached',NULL,'',0,1551371112),(440,0,'format_social','2018120300','2018120300','Plugin installed',NULL,'',0,1551371112),(441,0,'format_topics',NULL,'2018120300','Starting plugin installation',NULL,'',0,1551371112),(442,0,'format_topics','2018120300','2018120300','Upgrade savepoint reached',NULL,'',0,1551371112),(443,0,'format_topics','2018120300','2018120300','Plugin installed',NULL,'',0,1551371112),(444,0,'format_weeks',NULL,'2018120300','Starting plugin installation',NULL,'',0,1551371112),(445,0,'format_weeks','2018120300','2018120300','Upgrade savepoint reached',NULL,'',0,1551371112),(446,0,'format_weeks','2018120300','2018120300','Plugin installed',NULL,'',0,1551371112),(447,0,'dataformat_csv',NULL,'2018120300','Starting plugin installation',NULL,'',0,1551371112),(448,0,'dataformat_csv','2018120300','2018120300','Upgrade savepoint reached',NULL,'',0,1551371112),(449,0,'dataformat_csv','2018120300','2018120300','Plugin installed',NULL,'',0,1551371112),(450,0,'dataformat_excel',NULL,'2018120300','Starting plugin installation',NULL,'',0,1551371112),(451,0,'dataformat_excel','2018120300','2018120300','Upgrade savepoint reached',NULL,'',0,1551371112),(452,0,'dataformat_excel','2018120300','2018120300','Plugin installed',NULL,'',0,1551371112),(453,0,'dataformat_html',NULL,'2018120300','Starting plugin installation',NULL,'',0,1551371112),(454,0,'dataformat_html','2018120300','2018120300','Upgrade savepoint reached',NULL,'',0,1551371112),(455,0,'dataformat_html','2018120300','2018120300','Plugin installed',NULL,'',0,1551371112),(456,0,'dataformat_json',NULL,'2018120300','Starting plugin installation',NULL,'',0,1551371112),(457,0,'dataformat_json','2018120300','2018120300','Upgrade savepoint reached',NULL,'',0,1551371112),(458,0,'dataformat_json','2018120300','2018120300','Plugin installed',NULL,'',0,1551371112),(459,0,'dataformat_ods',NULL,'2018120300','Starting plugin installation',NULL,'',0,1551371112),(460,0,'dataformat_ods','2018120300','2018120300','Upgrade savepoint reached',NULL,'',0,1551371112),(461,0,'dataformat_ods','2018120300','2018120300','Plugin installed',NULL,'',0,1551371112),(462,0,'profilefield_checkbox',NULL,'2018120300','Starting plugin installation',NULL,'',0,1551371112),(463,0,'profilefield_checkbox','2018120300','2018120300','Upgrade savepoint reached',NULL,'',0,1551371112),(464,0,'profilefield_checkbox','2018120300','2018120300','Plugin installed',NULL,'',0,1551371112),(465,0,'profilefield_datetime',NULL,'2018120300','Starting plugin installation',NULL,'',0,1551371112),(466,0,'profilefield_datetime','2018120300','2018120300','Upgrade savepoint reached',NULL,'',0,1551371112),(467,0,'profilefield_datetime','2018120300','2018120300','Plugin installed',NULL,'',0,1551371112),(468,0,'profilefield_menu',NULL,'2018120300','Starting plugin installation',NULL,'',0,1551371112),(469,0,'profilefield_menu','2018120300','2018120300','Upgrade savepoint reached',NULL,'',0,1551371112),(470,0,'profilefield_menu','2018120300','2018120300','Plugin installed',NULL,'',0,1551371112),(471,0,'profilefield_text',NULL,'2018120300','Starting plugin installation',NULL,'',0,1551371112),(472,0,'profilefield_text','2018120300','2018120300','Upgrade savepoint reached',NULL,'',0,1551371112),(473,0,'profilefield_text','2018120300','2018120300','Plugin installed',NULL,'',0,1551371112),(474,0,'profilefield_textarea',NULL,'2018120300','Starting plugin installation',NULL,'',0,1551371112),(475,0,'profilefield_textarea','2018120300','2018120300','Upgrade savepoint reached',NULL,'',0,1551371112),(476,0,'profilefield_textarea','2018120300','2018120300','Plugin installed',NULL,'',0,1551371112),(477,0,'report_backups',NULL,'2018120300','Starting plugin installation',NULL,'',0,1551371112),(478,0,'report_backups','2018120300','2018120300','Upgrade savepoint reached',NULL,'',0,1551371112),(479,0,'report_backups','2018120300','2018120300','Plugin installed',NULL,'',0,1551371112),(480,0,'report_competency',NULL,'2018120300','Starting plugin installation',NULL,'',0,1551371112),(481,0,'report_competency','2018120300','2018120300','Upgrade savepoint reached',NULL,'',0,1551371112),(482,0,'report_competency','2018120300','2018120300','Plugin installed',NULL,'',0,1551371112),(483,0,'report_completion',NULL,'2018120300','Starting plugin installation',NULL,'',0,1551371112),(484,0,'report_completion','2018120300','2018120300','Upgrade savepoint reached',NULL,'',0,1551371112),(485,0,'report_completion','2018120300','2018120300','Plugin installed',NULL,'',0,1551371112),(486,0,'report_configlog',NULL,'2018120300','Starting plugin installation',NULL,'',0,1551371112),(487,0,'report_configlog','2018120300','2018120300','Upgrade savepoint reached',NULL,'',0,1551371112),(488,0,'report_configlog','2018120300','2018120300','Plugin installed',NULL,'',0,1551371112),(489,0,'report_courseoverview',NULL,'2018120300','Starting plugin installation',NULL,'',0,1551371112),(490,0,'report_courseoverview','2018120300','2018120300','Upgrade savepoint reached',NULL,'',0,1551371112),(491,0,'report_courseoverview','2018120300','2018120300','Plugin installed',NULL,'',0,1551371112),(492,0,'report_eventlist',NULL,'2018120300','Starting plugin installation',NULL,'',0,1551371112),(493,0,'report_eventlist','2018120300','2018120300','Upgrade savepoint reached',NULL,'',0,1551371112),(494,0,'report_eventlist','2018120300','2018120300','Plugin installed',NULL,'',0,1551371112),(495,0,'report_insights',NULL,'2018120300','Starting plugin installation',NULL,'',0,1551371112),(496,0,'report_insights','2018120300','2018120300','Upgrade savepoint reached',NULL,'',0,1551371112),(497,0,'report_insights','2018120300','2018120300','Plugin installed',NULL,'',0,1551371113),(498,0,'report_log',NULL,'2018120300','Starting plugin installation',NULL,'',0,1551371113),(499,0,'report_log','2018120300','2018120300','Upgrade savepoint reached',NULL,'',0,1551371113),(500,0,'report_log','2018120300','2018120300','Plugin installed',NULL,'',0,1551371113),(501,0,'report_loglive',NULL,'2018120300','Starting plugin installation',NULL,'',0,1551371113),(502,0,'report_loglive','2018120300','2018120300','Upgrade savepoint reached',NULL,'',0,1551371113),(503,0,'report_loglive','2018120300','2018120300','Plugin installed',NULL,'',0,1551371113),(504,0,'report_outline',NULL,'2018120300','Starting plugin installation',NULL,'',0,1551371113),(505,0,'report_outline','2018120300','2018120300','Upgrade savepoint reached',NULL,'',0,1551371113),(506,0,'report_outline','2018120300','2018120300','Plugin installed',NULL,'',0,1551371113),(507,0,'report_participation',NULL,'2018120300','Starting plugin installation',NULL,'',0,1551371113),(508,0,'report_participation','2018120300','2018120300','Upgrade savepoint reached',NULL,'',0,1551371113),(509,0,'report_participation','2018120300','2018120300','Plugin installed',NULL,'',0,1551371113),(510,0,'report_performance',NULL,'2018120300','Starting plugin installation',NULL,'',0,1551371113),(511,0,'report_performance','2018120300','2018120300','Upgrade savepoint reached',NULL,'',0,1551371113),(512,0,'report_performance','2018120300','2018120300','Plugin installed',NULL,'',0,1551371113),(513,0,'report_progress',NULL,'2018120300','Starting plugin installation',NULL,'',0,1551371113),(514,0,'report_progress','2018120300','2018120300','Upgrade savepoint reached',NULL,'',0,1551371113),(515,0,'report_progress','2018120300','2018120300','Plugin installed',NULL,'',0,1551371113),(516,0,'report_questioninstances',NULL,'2018120300','Starting plugin installation',NULL,'',0,1551371113),(517,0,'report_questioninstances','2018120300','2018120300','Upgrade savepoint reached',NULL,'',0,1551371113),(518,0,'report_questioninstances','2018120300','2018120300','Plugin installed',NULL,'',0,1551371113),(519,0,'report_security',NULL,'2018120300','Starting plugin installation',NULL,'',0,1551371113),(520,0,'report_security','2018120300','2018120300','Upgrade savepoint reached',NULL,'',0,1551371113),(521,0,'report_security','2018120300','2018120300','Plugin installed',NULL,'',0,1551371113),(522,0,'report_stats',NULL,'2018120300','Starting plugin installation',NULL,'',0,1551371113),(523,0,'report_stats','2018120300','2018120300','Upgrade savepoint reached',NULL,'',0,1551371113),(524,0,'report_stats','2018120300','2018120300','Plugin installed',NULL,'',0,1551371113),(525,0,'report_usersessions',NULL,'2018120300','Starting plugin installation',NULL,'',0,1551371113),(526,0,'report_usersessions','2018120300','2018120300','Upgrade savepoint reached',NULL,'',0,1551371113),(527,0,'report_usersessions','2018120300','2018120300','Plugin installed',NULL,'',0,1551371113),(528,0,'gradeexport_ods',NULL,'2018120300','Starting plugin installation',NULL,'',0,1551371113),(529,0,'gradeexport_ods','2018120300','2018120300','Upgrade savepoint reached',NULL,'',0,1551371113),(530,0,'gradeexport_ods','2018120300','2018120300','Plugin installed',NULL,'',0,1551371113),(531,0,'gradeexport_txt',NULL,'2018120300','Starting plugin installation',NULL,'',0,1551371113),(532,0,'gradeexport_txt','2018120300','2018120300','Upgrade savepoint reached',NULL,'',0,1551371113),(533,0,'gradeexport_txt','2018120300','2018120300','Plugin installed',NULL,'',0,1551371113),(534,0,'gradeexport_xls',NULL,'2018120300','Starting plugin installation',NULL,'',0,1551371113),(535,0,'gradeexport_xls','2018120300','2018120300','Upgrade savepoint reached',NULL,'',0,1551371113),(536,0,'gradeexport_xls','2018120300','2018120300','Plugin installed',NULL,'',0,1551371113),(537,0,'gradeexport_xml',NULL,'2018120300','Starting plugin installation',NULL,'',0,1551371113),(538,0,'gradeexport_xml','2018120300','2018120300','Upgrade savepoint reached',NULL,'',0,1551371113),(539,0,'gradeexport_xml','2018120300','2018120300','Plugin installed',NULL,'',0,1551371113),(540,0,'gradeimport_csv',NULL,'2018120300','Starting plugin installation',NULL,'',0,1551371113),(541,0,'gradeimport_csv','2018120300','2018120300','Upgrade savepoint reached',NULL,'',0,1551371113),(542,0,'gradeimport_csv','2018120300','2018120300','Plugin installed',NULL,'',0,1551371113),(543,0,'gradeimport_direct',NULL,'2018120300','Starting plugin installation',NULL,'',0,1551371113),(544,0,'gradeimport_direct','2018120300','2018120300','Upgrade savepoint reached',NULL,'',0,1551371113),(545,0,'gradeimport_direct','2018120300','2018120300','Plugin installed',NULL,'',0,1551371113),(546,0,'gradeimport_xml',NULL,'2018120300','Starting plugin installation',NULL,'',0,1551371113),(547,0,'gradeimport_xml','2018120300','2018120300','Upgrade savepoint reached',NULL,'',0,1551371113),(548,0,'gradeimport_xml','2018120300','2018120300','Plugin installed',NULL,'',0,1551371113),(549,0,'gradereport_grader',NULL,'2018120300','Starting plugin installation',NULL,'',0,1551371113),(550,0,'gradereport_grader','2018120300','2018120300','Upgrade savepoint reached',NULL,'',0,1551371113),(551,0,'gradereport_grader','2018120300','2018120300','Plugin installed',NULL,'',0,1551371114),(552,0,'gradereport_history',NULL,'2018120300','Starting plugin installation',NULL,'',0,1551371114),(553,0,'gradereport_history','2018120300','2018120300','Upgrade savepoint reached',NULL,'',0,1551371114),(554,0,'gradereport_history','2018120300','2018120300','Plugin installed',NULL,'',0,1551371114),(555,0,'gradereport_outcomes',NULL,'2018120300','Starting plugin installation',NULL,'',0,1551371114),(556,0,'gradereport_outcomes','2018120300','2018120300','Upgrade savepoint reached',NULL,'',0,1551371114),(557,0,'gradereport_outcomes','2018120300','2018120300','Plugin installed',NULL,'',0,1551371114),(558,0,'gradereport_overview',NULL,'2018120300','Starting plugin installation',NULL,'',0,1551371114),(559,0,'gradereport_overview','2018120300','2018120300','Upgrade savepoint reached',NULL,'',0,1551371114),(560,0,'gradereport_overview','2018120300','2018120300','Plugin installed',NULL,'',0,1551371114),(561,0,'gradereport_singleview',NULL,'2018120300','Starting plugin installation',NULL,'',0,1551371114),(562,0,'gradereport_singleview','2018120300','2018120300','Upgrade savepoint reached',NULL,'',0,1551371114),(563,0,'gradereport_singleview','2018120300','2018120300','Plugin installed',NULL,'',0,1551371114),(564,0,'gradereport_user',NULL,'2018120300','Starting plugin installation',NULL,'',0,1551371114),(565,0,'gradereport_user','2018120300','2018120300','Upgrade savepoint reached',NULL,'',0,1551371114),(566,0,'gradereport_user','2018120300','2018120300','Plugin installed',NULL,'',0,1551371114),(567,0,'gradingform_guide',NULL,'2018120300','Starting plugin installation',NULL,'',0,1551371114),(568,0,'gradingform_guide','2018120300','2018120300','Upgrade savepoint reached',NULL,'',0,1551371114),(569,0,'gradingform_guide','2018120300','2018120300','Plugin installed',NULL,'',0,1551371114),(570,0,'gradingform_rubric',NULL,'2018120300','Starting plugin installation',NULL,'',0,1551371114),(571,0,'gradingform_rubric','2018120300','2018120300','Upgrade savepoint reached',NULL,'',0,1551371114),(572,0,'gradingform_rubric','2018120300','2018120300','Plugin installed',NULL,'',0,1551371114),(573,0,'mlbackend_php',NULL,'2018120300','Starting plugin installation',NULL,'',0,1551371114),(574,0,'mlbackend_php','2018120300','2018120300','Upgrade savepoint reached',NULL,'',0,1551371114),(575,0,'mlbackend_php','2018120300','2018120300','Plugin installed',NULL,'',0,1551371114),(576,0,'mlbackend_python',NULL,'2018120300','Starting plugin installation',NULL,'',0,1551371114),(577,0,'mlbackend_python','2018120300','2018120300','Upgrade savepoint reached',NULL,'',0,1551371114),(578,0,'mlbackend_python','2018120300','2018120300','Plugin installed',NULL,'',0,1551371114),(579,0,'mnetservice_enrol',NULL,'2018120300','Starting plugin installation',NULL,'',0,1551371114),(580,0,'mnetservice_enrol','2018120300','2018120300','Upgrade savepoint reached',NULL,'',0,1551371114),(581,0,'mnetservice_enrol','2018120300','2018120300','Plugin installed',NULL,'',0,1551371114),(582,0,'webservice_rest',NULL,'2018120300','Starting plugin installation',NULL,'',0,1551371114),(583,0,'webservice_rest','2018120300','2018120300','Upgrade savepoint reached',NULL,'',0,1551371114),(584,0,'webservice_rest','2018120300','2018120300','Plugin installed',NULL,'',0,1551371114),(585,0,'webservice_soap',NULL,'2018120300','Starting plugin installation',NULL,'',0,1551371114),(586,0,'webservice_soap','2018120300','2018120300','Upgrade savepoint reached',NULL,'',0,1551371114),(587,0,'webservice_soap','2018120300','2018120300','Plugin installed',NULL,'',0,1551371114),(588,0,'webservice_xmlrpc',NULL,'2018120300','Starting plugin installation',NULL,'',0,1551371114),(589,0,'webservice_xmlrpc','2018120300','2018120300','Upgrade savepoint reached',NULL,'',0,1551371114),(590,0,'webservice_xmlrpc','2018120300','2018120300','Plugin installed',NULL,'',0,1551371114),(591,0,'repository_areafiles',NULL,'2018120300','Starting plugin installation',NULL,'',0,1551371114),(592,0,'repository_areafiles','2018120300','2018120300','Upgrade savepoint reached',NULL,'',0,1551371114),(593,0,'repository_areafiles','2018120300','2018120300','Plugin installed',NULL,'',0,1551371114),(594,0,'repository_boxnet',NULL,'2018120300','Starting plugin installation',NULL,'',0,1551371114),(595,0,'repository_boxnet','2018120300','2018120300','Upgrade savepoint reached',NULL,'',0,1551371114),(596,0,'repository_boxnet','2018120300','2018120300','Plugin installed',NULL,'',0,1551371114),(597,0,'repository_coursefiles',NULL,'2018120300','Starting plugin installation',NULL,'',0,1551371114),(598,0,'repository_coursefiles','2018120300','2018120300','Upgrade savepoint reached',NULL,'',0,1551371114),(599,0,'repository_coursefiles','2018120300','2018120300','Plugin installed',NULL,'',0,1551371114),(600,0,'repository_dropbox',NULL,'2018120300','Starting plugin installation',NULL,'',0,1551371114),(601,0,'repository_dropbox','2018120300','2018120300','Upgrade savepoint reached',NULL,'',0,1551371114),(602,0,'repository_dropbox','2018120300','2018120300','Plugin installed',NULL,'',0,1551371114),(603,0,'repository_equella',NULL,'2018120300','Starting plugin installation',NULL,'',0,1551371114),(604,0,'repository_equella','2018120300','2018120300','Upgrade savepoint reached',NULL,'',0,1551371114),(605,0,'repository_equella','2018120300','2018120300','Plugin installed',NULL,'',0,1551371115),(606,0,'repository_filesystem',NULL,'2018120300','Starting plugin installation',NULL,'',0,1551371115),(607,0,'repository_filesystem','2018120300','2018120300','Upgrade savepoint reached',NULL,'',0,1551371115),(608,0,'repository_filesystem','2018120300','2018120300','Plugin installed',NULL,'',0,1551371115),(609,0,'repository_flickr',NULL,'2018120300','Starting plugin installation',NULL,'',0,1551371115),(610,0,'repository_flickr','2018120300','2018120300','Upgrade savepoint reached',NULL,'',0,1551371115),(611,0,'repository_flickr','2018120300','2018120300','Plugin installed',NULL,'',0,1551371115),(612,0,'repository_flickr_public',NULL,'2018120300','Starting plugin installation',NULL,'',0,1551371115),(613,0,'repository_flickr_public','2018120300','2018120300','Upgrade savepoint reached',NULL,'',0,1551371115),(614,0,'repository_flickr_public','2018120300','2018120300','Plugin installed',NULL,'',0,1551371115),(615,0,'repository_googledocs',NULL,'2018120300','Starting plugin installation',NULL,'',0,1551371115),(616,0,'repository_googledocs','2018120300','2018120300','Upgrade savepoint reached',NULL,'',0,1551371115),(617,0,'repository_googledocs','2018120300','2018120300','Plugin installed',NULL,'',0,1551371115),(618,0,'repository_local',NULL,'2018120300','Starting plugin installation',NULL,'',0,1551371115),(619,0,'repository_local','2018120300','2018120300','Upgrade savepoint reached',NULL,'',0,1551371115),(620,0,'repository_local','2018120300','2018120300','Plugin installed',NULL,'',0,1551371115),(621,0,'repository_merlot',NULL,'2018120300','Starting plugin installation',NULL,'',0,1551371115),(622,0,'repository_merlot','2018120300','2018120300','Upgrade savepoint reached',NULL,'',0,1551371115),(623,0,'repository_merlot','2018120300','2018120300','Plugin installed',NULL,'',0,1551371115),(624,0,'repository_nextcloud',NULL,'2018120300','Starting plugin installation',NULL,'',0,1551371115),(625,0,'repository_nextcloud','2018120300','2018120300','Upgrade savepoint reached',NULL,'',0,1551371115),(626,0,'repository_nextcloud','2018120300','2018120300','Plugin installed',NULL,'',0,1551371115),(627,0,'repository_onedrive',NULL,'2018120300','Starting plugin installation',NULL,'',0,1551371115),(628,0,'repository_onedrive','2018120300','2018120300','Upgrade savepoint reached',NULL,'',0,1551371115),(629,0,'repository_onedrive','2018120300','2018120300','Plugin installed',NULL,'',0,1551371115),(630,0,'repository_picasa',NULL,'2018120300','Starting plugin installation',NULL,'',0,1551371115),(631,0,'repository_picasa','2018120300','2018120300','Upgrade savepoint reached',NULL,'',0,1551371115),(632,0,'repository_picasa','2018120300','2018120300','Plugin installed',NULL,'',0,1551371115),(633,0,'repository_recent',NULL,'2018120300','Starting plugin installation',NULL,'',0,1551371115),(634,0,'repository_recent','2018120300','2018120300','Upgrade savepoint reached',NULL,'',0,1551371115),(635,0,'repository_recent','2018120300','2018120300','Plugin installed',NULL,'',0,1551371115),(636,0,'repository_s3',NULL,'2018120300','Starting plugin installation',NULL,'',0,1551371115),(637,0,'repository_s3','2018120300','2018120300','Upgrade savepoint reached',NULL,'',0,1551371115),(638,0,'repository_s3','2018120300','2018120300','Plugin installed',NULL,'',0,1551371115),(639,0,'repository_skydrive',NULL,'2018120300','Starting plugin installation',NULL,'',0,1551371115),(640,0,'repository_skydrive','2018120300','2018120300','Upgrade savepoint reached',NULL,'',0,1551371115),(641,0,'repository_skydrive','2018120300','2018120300','Plugin installed',NULL,'',0,1551371115),(642,0,'repository_upload',NULL,'2018120300','Starting plugin installation',NULL,'',0,1551371115),(643,0,'repository_upload','2018120300','2018120300','Upgrade savepoint reached',NULL,'',0,1551371115),(644,0,'repository_upload','2018120300','2018120300','Plugin installed',NULL,'',0,1551371115),(645,0,'repository_url',NULL,'2018120300','Starting plugin installation',NULL,'',0,1551371115),(646,0,'repository_url','2018120300','2018120300','Upgrade savepoint reached',NULL,'',0,1551371115),(647,0,'repository_url','2018120300','2018120300','Plugin installed',NULL,'',0,1551371115),(648,0,'repository_user',NULL,'2018120300','Starting plugin installation',NULL,'',0,1551371115),(649,0,'repository_user','2018120300','2018120300','Upgrade savepoint reached',NULL,'',0,1551371115),(650,0,'repository_user','2018120300','2018120300','Plugin installed',NULL,'',0,1551371115),(651,0,'repository_webdav',NULL,'2018120300','Starting plugin installation',NULL,'',0,1551371115),(652,0,'repository_webdav','2018120300','2018120300','Upgrade savepoint reached',NULL,'',0,1551371115),(653,0,'repository_webdav','2018120300','2018120300','Plugin installed',NULL,'',0,1551371115),(654,0,'repository_wikimedia',NULL,'2018120300','Starting plugin installation',NULL,'',0,1551371115),(655,0,'repository_wikimedia','2018120300','2018120300','Upgrade savepoint reached',NULL,'',0,1551371115),(656,0,'repository_wikimedia','2018120300','2018120300','Plugin installed',NULL,'',0,1551371115),(657,0,'repository_youtube',NULL,'2018120300','Starting plugin installation',NULL,'',0,1551371115),(658,0,'repository_youtube','2018120300','2018120300','Upgrade savepoint reached',NULL,'',0,1551371115),(659,0,'repository_youtube','2018120300','2018120300','Plugin installed',NULL,'',0,1551371116),(660,0,'portfolio_boxnet',NULL,'2018120300','Starting plugin installation',NULL,'',0,1551371116),(661,0,'portfolio_boxnet','2018120300','2018120300','Upgrade savepoint reached',NULL,'',0,1551371116),(662,0,'portfolio_boxnet','2018120300','2018120300','Plugin installed',NULL,'',0,1551371116),(663,0,'portfolio_download',NULL,'2018120300','Starting plugin installation',NULL,'',0,1551371116),(664,0,'portfolio_download','2018120300','2018120300','Upgrade savepoint reached',NULL,'',0,1551371116),(665,0,'portfolio_download','2018120300','2018120300','Plugin installed',NULL,'',0,1551371116),(666,0,'portfolio_flickr',NULL,'2018120300','Starting plugin installation',NULL,'',0,1551371116),(667,0,'portfolio_flickr','2018120300','2018120300','Upgrade savepoint reached',NULL,'',0,1551371116),(668,0,'portfolio_flickr','2018120300','2018120300','Plugin installed',NULL,'',0,1551371116),(669,0,'portfolio_googledocs',NULL,'2018120300','Starting plugin installation',NULL,'',0,1551371116),(670,0,'portfolio_googledocs','2018120300','2018120300','Upgrade savepoint reached',NULL,'',0,1551371116),(671,0,'portfolio_googledocs','2018120300','2018120300','Plugin installed',NULL,'',0,1551371116),(672,0,'portfolio_mahara',NULL,'2018120300','Starting plugin installation',NULL,'',0,1551371116),(673,0,'portfolio_mahara','2018120300','2018120300','Upgrade savepoint reached',NULL,'',0,1551371116),(674,0,'portfolio_mahara','2018120300','2018120300','Plugin installed',NULL,'',0,1551371116),(675,0,'portfolio_picasa',NULL,'2018120300','Starting plugin installation',NULL,'',0,1551371116),(676,0,'portfolio_picasa','2018120300','2018120300','Upgrade savepoint reached',NULL,'',0,1551371116),(677,0,'portfolio_picasa','2018120300','2018120300','Plugin installed',NULL,'',0,1551371116),(678,0,'search_simpledb',NULL,'2018120300','Starting plugin installation',NULL,'',0,1551371116),(679,0,'search_simpledb','2018120300','2018120300','Upgrade savepoint reached',NULL,'',0,1551371116),(680,0,'search_simpledb','2018120300','2018120300','Plugin installed',NULL,'',0,1551371116),(681,0,'search_solr',NULL,'2018120300','Starting plugin installation',NULL,'',0,1551371116),(682,0,'search_solr','2018120300','2018120300','Upgrade savepoint reached',NULL,'',0,1551371116),(683,0,'search_solr','2018120300','2018120300','Plugin installed',NULL,'',0,1551371116),(684,0,'qbehaviour_adaptive',NULL,'2018120300','Starting plugin installation',NULL,'',0,1551371116),(685,0,'qbehaviour_adaptive','2018120300','2018120300','Upgrade savepoint reached',NULL,'',0,1551371116),(686,0,'qbehaviour_adaptive','2018120300','2018120300','Plugin installed',NULL,'',0,1551371116),(687,0,'qbehaviour_adaptivenopenalty',NULL,'2018120300','Starting plugin installation',NULL,'',0,1551371116),(688,0,'qbehaviour_adaptivenopenalty','2018120300','2018120300','Upgrade savepoint reached',NULL,'',0,1551371116),(689,0,'qbehaviour_adaptivenopenalty','2018120300','2018120300','Plugin installed',NULL,'',0,1551371116),(690,0,'qbehaviour_deferredcbm',NULL,'2018120300','Starting plugin installation',NULL,'',0,1551371116),(691,0,'qbehaviour_deferredcbm','2018120300','2018120300','Upgrade savepoint reached',NULL,'',0,1551371116),(692,0,'qbehaviour_deferredcbm','2018120300','2018120300','Plugin installed',NULL,'',0,1551371116),(693,0,'qbehaviour_deferredfeedback',NULL,'2018120300','Starting plugin installation',NULL,'',0,1551371116),(694,0,'qbehaviour_deferredfeedback','2018120300','2018120300','Upgrade savepoint reached',NULL,'',0,1551371116),(695,0,'qbehaviour_deferredfeedback','2018120300','2018120300','Plugin installed',NULL,'',0,1551371116),(696,0,'qbehaviour_immediatecbm',NULL,'2018120300','Starting plugin installation',NULL,'',0,1551371116),(697,0,'qbehaviour_immediatecbm','2018120300','2018120300','Upgrade savepoint reached',NULL,'',0,1551371116),(698,0,'qbehaviour_immediatecbm','2018120300','2018120300','Plugin installed',NULL,'',0,1551371116),(699,0,'qbehaviour_immediatefeedback',NULL,'2018120300','Starting plugin installation',NULL,'',0,1551371116),(700,0,'qbehaviour_immediatefeedback','2018120300','2018120300','Upgrade savepoint reached',NULL,'',0,1551371116),(701,0,'qbehaviour_immediatefeedback','2018120300','2018120300','Plugin installed',NULL,'',0,1551371116),(702,0,'qbehaviour_informationitem',NULL,'2018120300','Starting plugin installation',NULL,'',0,1551371116),(703,0,'qbehaviour_informationitem','2018120300','2018120300','Upgrade savepoint reached',NULL,'',0,1551371116),(704,0,'qbehaviour_informationitem','2018120300','2018120300','Plugin installed',NULL,'',0,1551371116),(705,0,'qbehaviour_interactive',NULL,'2018120300','Starting plugin installation',NULL,'',0,1551371116),(706,0,'qbehaviour_interactive','2018120300','2018120300','Upgrade savepoint reached',NULL,'',0,1551371116),(707,0,'qbehaviour_interactive','2018120300','2018120300','Plugin installed',NULL,'',0,1551371116),(708,0,'qbehaviour_interactivecountback',NULL,'2018120300','Starting plugin installation',NULL,'',0,1551371116),(709,0,'qbehaviour_interactivecountback','2018120300','2018120300','Upgrade savepoint reached',NULL,'',0,1551371116),(710,0,'qbehaviour_interactivecountback','2018120300','2018120300','Plugin installed',NULL,'',0,1551371116),(711,0,'qbehaviour_manualgraded',NULL,'2018120300','Starting plugin installation',NULL,'',0,1551371116),(712,0,'qbehaviour_manualgraded','2018120300','2018120300','Upgrade savepoint reached',NULL,'',0,1551371116),(713,0,'qbehaviour_manualgraded','2018120300','2018120300','Plugin installed',NULL,'',0,1551371116),(714,0,'qbehaviour_missing',NULL,'2018120300','Starting plugin installation',NULL,'',0,1551371116),(715,0,'qbehaviour_missing','2018120300','2018120300','Upgrade savepoint reached',NULL,'',0,1551371116),(716,0,'qbehaviour_missing','2018120300','2018120300','Plugin installed',NULL,'',0,1551371116),(717,0,'qformat_aiken',NULL,'2018120300','Starting plugin installation',NULL,'',0,1551371116),(718,0,'qformat_aiken','2018120300','2018120300','Upgrade savepoint reached',NULL,'',0,1551371116),(719,0,'qformat_aiken','2018120300','2018120300','Plugin installed',NULL,'',0,1551371116),(720,0,'qformat_blackboard_six',NULL,'2018120300','Starting plugin installation',NULL,'',0,1551371116),(721,0,'qformat_blackboard_six','2018120300','2018120300','Upgrade savepoint reached',NULL,'',0,1551371116),(722,0,'qformat_blackboard_six','2018120300','2018120300','Plugin installed',NULL,'',0,1551371116),(723,0,'qformat_examview',NULL,'2018120300','Starting plugin installation',NULL,'',0,1551371116),(724,0,'qformat_examview','2018120300','2018120300','Upgrade savepoint reached',NULL,'',0,1551371116),(725,0,'qformat_examview','2018120300','2018120300','Plugin installed',NULL,'',0,1551371117),(726,0,'qformat_gift',NULL,'2018120300','Starting plugin installation',NULL,'',0,1551371117),(727,0,'qformat_gift','2018120300','2018120300','Upgrade savepoint reached',NULL,'',0,1551371117),(728,0,'qformat_gift','2018120300','2018120300','Plugin installed',NULL,'',0,1551371117),(729,0,'qformat_missingword',NULL,'2018120300','Starting plugin installation',NULL,'',0,1551371117),(730,0,'qformat_missingword','2018120300','2018120300','Upgrade savepoint reached',NULL,'',0,1551371117),(731,0,'qformat_missingword','2018120300','2018120300','Plugin installed',NULL,'',0,1551371117),(732,0,'qformat_multianswer',NULL,'2018120300','Starting plugin installation',NULL,'',0,1551371117),(733,0,'qformat_multianswer','2018120300','2018120300','Upgrade savepoint reached',NULL,'',0,1551371117),(734,0,'qformat_multianswer','2018120300','2018120300','Plugin installed',NULL,'',0,1551371117),(735,0,'qformat_webct',NULL,'2018120300','Starting plugin installation',NULL,'',0,1551371117),(736,0,'qformat_webct','2018120300','2018120300','Upgrade savepoint reached',NULL,'',0,1551371117),(737,0,'qformat_webct','2018120300','2018120300','Plugin installed',NULL,'',0,1551371117),(738,0,'qformat_xhtml',NULL,'2018120300','Starting plugin installation',NULL,'',0,1551371117),(739,0,'qformat_xhtml','2018120300','2018120300','Upgrade savepoint reached',NULL,'',0,1551371117),(740,0,'qformat_xhtml','2018120300','2018120300','Plugin installed',NULL,'',0,1551371117),(741,0,'qformat_xml',NULL,'2018120300','Starting plugin installation',NULL,'',0,1551371117),(742,0,'qformat_xml','2018120300','2018120300','Upgrade savepoint reached',NULL,'',0,1551371117),(743,0,'qformat_xml','2018120300','2018120300','Plugin installed',NULL,'',0,1551371117),(744,0,'tool_analytics',NULL,'2018120300','Starting plugin installation',NULL,'',0,1551371117),(745,0,'tool_analytics','2018120300','2018120300','Upgrade savepoint reached',NULL,'',0,1551371117),(746,0,'tool_analytics','2018120300','2018120300','Plugin installed',NULL,'',0,1551371117),(747,0,'tool_availabilityconditions',NULL,'2018120300','Starting plugin installation',NULL,'',0,1551371117),(748,0,'tool_availabilityconditions','2018120300','2018120300','Upgrade savepoint reached',NULL,'',0,1551371117),(749,0,'tool_availabilityconditions','2018120300','2018120300','Plugin installed',NULL,'',0,1551371117),(750,0,'tool_behat',NULL,'2018120300','Starting plugin installation',NULL,'',0,1551371117),(751,0,'tool_behat','2018120300','2018120300','Upgrade savepoint reached',NULL,'',0,1551371117),(752,0,'tool_behat','2018120300','2018120300','Plugin installed',NULL,'',0,1551371117),(753,0,'tool_capability',NULL,'2018120300','Starting plugin installation',NULL,'',0,1551371117),(754,0,'tool_capability','2018120300','2018120300','Upgrade savepoint reached',NULL,'',0,1551371117),(755,0,'tool_capability','2018120300','2018120300','Plugin installed',NULL,'',0,1551371117),(756,0,'tool_cohortroles',NULL,'2018120300','Starting plugin installation',NULL,'',0,1551371117),(757,0,'tool_cohortroles','2018120300','2018120300','Upgrade savepoint reached',NULL,'',0,1551371117),(758,0,'tool_cohortroles','2018120300','2018120300','Plugin installed',NULL,'',0,1551371117),(759,0,'tool_customlang',NULL,'2018120300','Starting plugin installation',NULL,'',0,1551371117),(760,0,'tool_customlang','2018120300','2018120300','Upgrade savepoint reached',NULL,'',0,1551371117),(761,0,'tool_customlang','2018120300','2018120300','Plugin installed',NULL,'',0,1551371117),(762,0,'tool_dataprivacy',NULL,'2018120300','Starting plugin installation',NULL,'',0,1551371117),(763,0,'tool_dataprivacy','2018120300','2018120300','Upgrade savepoint reached',NULL,'',0,1551371117),(764,0,'tool_dataprivacy','2018120300','2018120300','Plugin installed',NULL,'',0,1551371117),(765,0,'tool_dbtransfer',NULL,'2018120300','Starting plugin installation',NULL,'',0,1551371117),(766,0,'tool_dbtransfer','2018120300','2018120300','Upgrade savepoint reached',NULL,'',0,1551371117),(767,0,'tool_dbtransfer','2018120300','2018120300','Plugin installed',NULL,'',0,1551371117),(768,0,'tool_filetypes',NULL,'2018120300','Starting plugin installation',NULL,'',0,1551371117),(769,0,'tool_filetypes','2018120300','2018120300','Upgrade savepoint reached',NULL,'',0,1551371117),(770,0,'tool_filetypes','2018120300','2018120300','Plugin installed',NULL,'',0,1551371117),(771,0,'tool_generator',NULL,'2018120300','Starting plugin installation',NULL,'',0,1551371117),(772,0,'tool_generator','2018120300','2018120300','Upgrade savepoint reached',NULL,'',0,1551371117),(773,0,'tool_generator','2018120300','2018120300','Plugin installed',NULL,'',0,1551371117),(774,0,'tool_health',NULL,'2018120300','Starting plugin installation',NULL,'',0,1551371117),(775,0,'tool_health','2018120300','2018120300','Upgrade savepoint reached',NULL,'',0,1551371118),(776,0,'tool_health','2018120300','2018120300','Plugin installed',NULL,'',0,1551371118),(777,0,'tool_httpsreplace',NULL,'2018120300','Starting plugin installation',NULL,'',0,1551371118),(778,0,'tool_httpsreplace','2018120300','2018120300','Upgrade savepoint reached',NULL,'',0,1551371118),(779,0,'tool_httpsreplace','2018120300','2018120300','Plugin installed',NULL,'',0,1551371118),(780,0,'tool_innodb',NULL,'2018120300','Starting plugin installation',NULL,'',0,1551371118),(781,0,'tool_innodb','2018120300','2018120300','Upgrade savepoint reached',NULL,'',0,1551371118),(782,0,'tool_innodb','2018120300','2018120300','Plugin installed',NULL,'',0,1551371118),(783,0,'tool_installaddon',NULL,'2018120300','Starting plugin installation',NULL,'',0,1551371118),(784,0,'tool_installaddon','2018120300','2018120300','Upgrade savepoint reached',NULL,'',0,1551371118),(785,0,'tool_installaddon','2018120300','2018120300','Plugin installed',NULL,'',0,1551371118),(786,0,'tool_langimport',NULL,'2018120300','Starting plugin installation',NULL,'',0,1551371118),(787,0,'tool_langimport','2018120300','2018120300','Upgrade savepoint reached',NULL,'',0,1551371118),(788,0,'tool_langimport','2018120300','2018120300','Plugin installed',NULL,'',0,1551371118),(789,0,'tool_log',NULL,'2018120300','Starting plugin installation',NULL,'',0,1551371118),(790,0,'tool_log','2018120300','2018120300','Upgrade savepoint reached',NULL,'',0,1551371118),(791,0,'tool_log','2018120300','2018120300','Plugin installed',NULL,'',0,1551371118),(792,0,'tool_lp',NULL,'2018120300','Starting plugin installation',NULL,'',0,1551371118),(793,0,'tool_lp','2018120300','2018120300','Upgrade savepoint reached',NULL,'',0,1551371118),(794,0,'tool_lp','2018120300','2018120300','Plugin installed',NULL,'',0,1551371118),(795,0,'tool_lpimportcsv',NULL,'2018120300','Starting plugin installation',NULL,'',0,1551371118),(796,0,'tool_lpimportcsv','2018120300','2018120300','Upgrade savepoint reached',NULL,'',0,1551371118),(797,0,'tool_lpimportcsv','2018120300','2018120300','Plugin installed',NULL,'',0,1551371118),(798,0,'tool_lpmigrate',NULL,'2018120300','Starting plugin installation',NULL,'',0,1551371118),(799,0,'tool_lpmigrate','2018120300','2018120300','Upgrade savepoint reached',NULL,'',0,1551371118),(800,0,'tool_lpmigrate','2018120300','2018120300','Plugin installed',NULL,'',0,1551371118),(801,0,'tool_messageinbound',NULL,'2018120300','Starting plugin installation',NULL,'',0,1551371118),(802,0,'tool_messageinbound','2018120300','2018120300','Upgrade savepoint reached',NULL,'',0,1551371118),(803,0,'tool_messageinbound','2018120300','2018120300','Plugin installed',NULL,'',0,1551371118),(804,0,'tool_mobile',NULL,'2018120300','Starting plugin installation',NULL,'',0,1551371118),(805,0,'tool_mobile','2018120300','2018120300','Upgrade savepoint reached',NULL,'',0,1551371118),(806,0,'tool_mobile','2018120300','2018120300','Plugin installed',NULL,'',0,1551371118),(807,0,'tool_monitor',NULL,'2018120300','Starting plugin installation',NULL,'',0,1551371118),(808,0,'tool_monitor','2018120300','2018120300','Upgrade savepoint reached',NULL,'',0,1551371118),(809,0,'tool_monitor','2018120300','2018120300','Plugin installed',NULL,'',0,1551371118),(810,0,'tool_multilangupgrade',NULL,'2018120300','Starting plugin installation',NULL,'',0,1551371118),(811,0,'tool_multilangupgrade','2018120300','2018120300','Upgrade savepoint reached',NULL,'',0,1551371118),(812,0,'tool_multilangupgrade','2018120300','2018120300','Plugin installed',NULL,'',0,1551371118),(813,0,'tool_oauth2',NULL,'2018120300','Starting plugin installation',NULL,'',0,1551371118),(814,0,'tool_oauth2','2018120300','2018120300','Upgrade savepoint reached',NULL,'',0,1551371118),(815,0,'tool_oauth2','2018120300','2018120300','Plugin installed',NULL,'',0,1551371118),(816,0,'tool_phpunit',NULL,'2018120300','Starting plugin installation',NULL,'',0,1551371118),(817,0,'tool_phpunit','2018120300','2018120300','Upgrade savepoint reached',NULL,'',0,1551371118),(818,0,'tool_phpunit','2018120300','2018120300','Plugin installed',NULL,'',0,1551371118),(819,0,'tool_policy',NULL,'2018120300','Starting plugin installation',NULL,'',0,1551371118),(820,0,'tool_policy','2018120300','2018120300','Upgrade savepoint reached',NULL,'',0,1551371118),(821,0,'tool_policy','2018120300','2018120300','Plugin installed',NULL,'',0,1551371118),(822,0,'tool_profiling',NULL,'2018120300','Starting plugin installation',NULL,'',0,1551371118),(823,0,'tool_profiling','2018120300','2018120300','Upgrade savepoint reached',NULL,'',0,1551371118),(824,0,'tool_profiling','2018120300','2018120300','Plugin installed',NULL,'',0,1551371118),(825,0,'tool_recyclebin',NULL,'2018120300','Starting plugin installation',NULL,'',0,1551371118),(826,0,'tool_recyclebin','2018120300','2018120300','Upgrade savepoint reached',NULL,'',0,1551371119),(827,0,'tool_recyclebin','2018120300','2018120300','Plugin installed',NULL,'',0,1551371119),(828,0,'tool_replace',NULL,'2018120300','Starting plugin installation',NULL,'',0,1551371119),(829,0,'tool_replace','2018120300','2018120300','Upgrade savepoint reached',NULL,'',0,1551371119),(830,0,'tool_replace','2018120300','2018120300','Plugin installed',NULL,'',0,1551371119),(831,0,'tool_spamcleaner',NULL,'2018120300','Starting plugin installation',NULL,'',0,1551371119),(832,0,'tool_spamcleaner','2018120300','2018120300','Upgrade savepoint reached',NULL,'',0,1551371119),(833,0,'tool_spamcleaner','2018120300','2018120300','Plugin installed',NULL,'',0,1551371119),(834,0,'tool_task',NULL,'2018120300','Starting plugin installation',NULL,'',0,1551371119),(835,0,'tool_task','2018120300','2018120300','Upgrade savepoint reached',NULL,'',0,1551371119),(836,0,'tool_task','2018120300','2018120300','Plugin installed',NULL,'',0,1551371119),(837,0,'tool_templatelibrary',NULL,'2018120300','Starting plugin installation',NULL,'',0,1551371119),(838,0,'tool_templatelibrary','2018120300','2018120300','Upgrade savepoint reached',NULL,'',0,1551371119),(839,0,'tool_templatelibrary','2018120300','2018120300','Plugin installed',NULL,'',0,1551371119),(840,0,'tool_unsuproles',NULL,'2018120300','Starting plugin installation',NULL,'',0,1551371119),(841,0,'tool_unsuproles','2018120300','2018120300','Upgrade savepoint reached',NULL,'',0,1551371119),(842,0,'tool_unsuproles','2018120300','2018120300','Plugin installed',NULL,'',0,1551371119),(843,0,'tool_uploadcourse',NULL,'2018120300','Starting plugin installation',NULL,'',0,1551371119),(844,0,'tool_uploadcourse','2018120300','2018120300','Upgrade savepoint reached',NULL,'',0,1551371119),(845,0,'tool_uploadcourse','2018120300','2018120300','Plugin installed',NULL,'',0,1551371119),(846,0,'tool_uploaduser',NULL,'2018120300','Starting plugin installation',NULL,'',0,1551371119),(847,0,'tool_uploaduser','2018120300','2018120300','Upgrade savepoint reached',NULL,'',0,1551371119),(848,0,'tool_uploaduser','2018120300','2018120300','Plugin installed',NULL,'',0,1551371119),(849,0,'tool_usertours',NULL,'2018120300','Starting plugin installation',NULL,'',0,1551371119),(850,0,'tool_usertours','2018120300','2018120300','Upgrade savepoint reached',NULL,'',0,1551371119),(851,0,'tool_usertours','2018120300','2018120300','Plugin installed',NULL,'',0,1551371119),(852,0,'tool_xmldb',NULL,'2018120300','Starting plugin installation',NULL,'',0,1551371119),(853,0,'tool_xmldb','2018120300','2018120300','Upgrade savepoint reached',NULL,'',0,1551371119),(854,0,'tool_xmldb','2018120300','2018120300','Plugin installed',NULL,'',0,1551371119),(855,0,'cachestore_apcu',NULL,'2018120300','Starting plugin installation',NULL,'',0,1551371119),(856,0,'cachestore_apcu','2018120300','2018120300','Upgrade savepoint reached',NULL,'',0,1551371119),(857,0,'cachestore_apcu','2018120300','2018120300','Plugin installed',NULL,'',0,1551371119),(858,0,'cachestore_file',NULL,'2018120300','Starting plugin installation',NULL,'',0,1551371119),(859,0,'cachestore_file','2018120300','2018120300','Upgrade savepoint reached',NULL,'',0,1551371119),(860,0,'cachestore_file','2018120300','2018120300','Plugin installed',NULL,'',0,1551371119),(861,0,'cachestore_memcached',NULL,'2018120300','Starting plugin installation',NULL,'',0,1551371119),(862,0,'cachestore_memcached','2018120300','2018120300','Upgrade savepoint reached',NULL,'',0,1551371119),(863,0,'cachestore_memcached','2018120300','2018120300','Plugin installed',NULL,'',0,1551371119),(864,0,'cachestore_mongodb',NULL,'2018120300','Starting plugin installation',NULL,'',0,1551371119),(865,0,'cachestore_mongodb','2018120300','2018120300','Upgrade savepoint reached',NULL,'',0,1551371119),(866,0,'cachestore_mongodb','2018120300','2018120300','Plugin installed',NULL,'',0,1551371119),(867,0,'cachestore_redis',NULL,'2018120300','Starting plugin installation',NULL,'',0,1551371119),(868,0,'cachestore_redis','2018120300','2018120300','Upgrade savepoint reached',NULL,'',0,1551371119),(869,0,'cachestore_redis','2018120300','2018120300','Plugin installed',NULL,'',0,1551371119),(870,0,'cachestore_session',NULL,'2018120300','Starting plugin installation',NULL,'',0,1551371119),(871,0,'cachestore_session','2018120300','2018120300','Upgrade savepoint reached',NULL,'',0,1551371119),(872,0,'cachestore_session','2018120300','2018120300','Plugin installed',NULL,'',0,1551371120),(873,0,'cachestore_static',NULL,'2018120300','Starting plugin installation',NULL,'',0,1551371120),(874,0,'cachestore_static','2018120300','2018120300','Upgrade savepoint reached',NULL,'',0,1551371120),(875,0,'cachestore_static','2018120300','2018120300','Plugin installed',NULL,'',0,1551371120),(876,0,'cachelock_file',NULL,'2018120300','Starting plugin installation',NULL,'',0,1551371120),(877,0,'cachelock_file','2018120300','2018120300','Upgrade savepoint reached',NULL,'',0,1551371120),(878,0,'cachelock_file','2018120300','2018120300','Plugin installed',NULL,'',0,1551371120),(879,0,'fileconverter_googledrive',NULL,'2018120300','Starting plugin installation',NULL,'',0,1551371120),(880,0,'fileconverter_googledrive','2018120300','2018120300','Upgrade savepoint reached',NULL,'',0,1551371120),(881,0,'fileconverter_googledrive','2018120300','2018120300','Plugin installed',NULL,'',0,1551371120),(882,0,'fileconverter_unoconv',NULL,'2018120300','Starting plugin installation',NULL,'',0,1551371120),(883,0,'fileconverter_unoconv','2018120300','2018120300','Upgrade savepoint reached',NULL,'',0,1551371120),(884,0,'fileconverter_unoconv','2018120300','2018120300','Plugin installed',NULL,'',0,1551371120),(885,0,'theme_boost',NULL,'2018120300','Starting plugin installation',NULL,'',0,1551371120),(886,0,'theme_boost','2018120300','2018120300','Upgrade savepoint reached',NULL,'',0,1551371120),(887,0,'theme_boost','2018120300','2018120300','Plugin installed',NULL,'',0,1551371120),(888,0,'theme_bootstrapbase',NULL,'2018120300','Starting plugin installation',NULL,'',0,1551371120),(889,0,'theme_bootstrapbase','2018120300','2018120300','Upgrade savepoint reached',NULL,'',0,1551371120),(890,0,'theme_bootstrapbase','2018120300','2018120300','Plugin installed',NULL,'',0,1551371120),(891,0,'theme_clean',NULL,'2018120300','Starting plugin installation',NULL,'',0,1551371120),(892,0,'theme_clean','2018120300','2018120300','Upgrade savepoint reached',NULL,'',0,1551371120),(893,0,'theme_clean','2018120300','2018120300','Plugin installed',NULL,'',0,1551371120),(894,0,'theme_more',NULL,'2018120300','Starting plugin installation',NULL,'',0,1551371120),(895,0,'theme_more','2018120300','2018120300','Upgrade savepoint reached',NULL,'',0,1551371120),(896,0,'theme_more','2018120300','2018120300','Plugin installed',NULL,'',0,1551371120),(897,0,'assignsubmission_comments',NULL,'2018120300','Starting plugin installation',NULL,'',0,1551371120),(898,0,'assignsubmission_comments','2018120300','2018120300','Upgrade savepoint reached',NULL,'',0,1551371120),(899,0,'assignsubmission_comments','2018120300','2018120300','Plugin installed',NULL,'',0,1551371120),(900,0,'assignsubmission_file',NULL,'2018120300','Starting plugin installation',NULL,'',0,1551371120),(901,0,'assignsubmission_file','2018120300','2018120300','Upgrade savepoint reached',NULL,'',0,1551371120),(902,0,'assignsubmission_file','2018120300','2018120300','Plugin installed',NULL,'',0,1551371120),(903,0,'assignsubmission_onlinetext',NULL,'2018120300','Starting plugin installation',NULL,'',0,1551371120),(904,0,'assignsubmission_onlinetext','2018120300','2018120300','Upgrade savepoint reached',NULL,'',0,1551371120),(905,0,'assignsubmission_onlinetext','2018120300','2018120300','Plugin installed',NULL,'',0,1551371120),(906,0,'assignfeedback_comments',NULL,'2018120300','Starting plugin installation',NULL,'',0,1551371120),(907,0,'assignfeedback_comments','2018120300','2018120300','Upgrade savepoint reached',NULL,'',0,1551371120),(908,0,'assignfeedback_comments','2018120300','2018120300','Plugin installed',NULL,'',0,1551371120),(909,0,'assignfeedback_editpdf',NULL,'2018120300','Starting plugin installation',NULL,'',0,1551371120),(910,0,'assignfeedback_editpdf','2018120300','2018120300','Upgrade savepoint reached',NULL,'',0,1551371120),(911,0,'assignfeedback_editpdf','2018120300','2018120300','Plugin installed',NULL,'',0,1551371120),(912,0,'assignfeedback_file',NULL,'2018120300','Starting plugin installation',NULL,'',0,1551371120),(913,0,'assignfeedback_file','2018120300','2018120300','Upgrade savepoint reached',NULL,'',0,1551371120),(914,0,'assignfeedback_file','2018120300','2018120300','Plugin installed',NULL,'',0,1551371120),(915,0,'assignfeedback_offline',NULL,'2018120300','Starting plugin installation',NULL,'',0,1551371120),(916,0,'assignfeedback_offline','2018120300','2018120300','Upgrade savepoint reached',NULL,'',0,1551371120),(917,0,'assignfeedback_offline','2018120300','2018120300','Plugin installed',NULL,'',0,1551371120),(918,0,'assignment_offline',NULL,'2018120300','Starting plugin installation',NULL,'',0,1551371120),(919,0,'assignment_offline','2018120300','2018120300','Upgrade savepoint reached',NULL,'',0,1551371120),(920,0,'assignment_offline','2018120300','2018120300','Plugin installed',NULL,'',0,1551371120),(921,0,'assignment_online',NULL,'2018120300','Starting plugin installation',NULL,'',0,1551371120),(922,0,'assignment_online','2018120300','2018120300','Upgrade savepoint reached',NULL,'',0,1551371120),(923,0,'assignment_online','2018120300','2018120300','Plugin installed',NULL,'',0,1551371120),(924,0,'assignment_upload',NULL,'2018120300','Starting plugin installation',NULL,'',0,1551371120),(925,0,'assignment_upload','2018120300','2018120300','Upgrade savepoint reached',NULL,'',0,1551371120),(926,0,'assignment_upload','2018120300','2018120300','Plugin installed',NULL,'',0,1551371120),(927,0,'assignment_uploadsingle',NULL,'2018120300','Starting plugin installation',NULL,'',0,1551371121),(928,0,'assignment_uploadsingle','2018120300','2018120300','Upgrade savepoint reached',NULL,'',0,1551371121),(929,0,'assignment_uploadsingle','2018120300','2018120300','Plugin installed',NULL,'',0,1551371121),(930,0,'booktool_exportimscp',NULL,'2018120300','Starting plugin installation',NULL,'',0,1551371121),(931,0,'booktool_exportimscp','2018120300','2018120300','Upgrade savepoint reached',NULL,'',0,1551371121),(932,0,'booktool_exportimscp','2018120300','2018120300','Plugin installed',NULL,'',0,1551371121),(933,0,'booktool_importhtml',NULL,'2018120300','Starting plugin installation',NULL,'',0,1551371121),(934,0,'booktool_importhtml','2018120300','2018120300','Upgrade savepoint reached',NULL,'',0,1551371121),(935,0,'booktool_importhtml','2018120300','2018120300','Plugin installed',NULL,'',0,1551371121),(936,0,'booktool_print',NULL,'2018120300','Starting plugin installation',NULL,'',0,1551371121),(937,0,'booktool_print','2018120300','2018120300','Upgrade savepoint reached',NULL,'',0,1551371121),(938,0,'booktool_print','2018120300','2018120300','Plugin installed',NULL,'',0,1551371121),(939,0,'datafield_checkbox',NULL,'2018120300','Starting plugin installation',NULL,'',0,1551371121),(940,0,'datafield_checkbox','2018120300','2018120300','Upgrade savepoint reached',NULL,'',0,1551371121),(941,0,'datafield_checkbox','2018120300','2018120300','Plugin installed',NULL,'',0,1551371121),(942,0,'datafield_date',NULL,'2018120300','Starting plugin installation',NULL,'',0,1551371121),(943,0,'datafield_date','2018120300','2018120300','Upgrade savepoint reached',NULL,'',0,1551371121),(944,0,'datafield_date','2018120300','2018120300','Plugin installed',NULL,'',0,1551371121),(945,0,'datafield_file',NULL,'2018120300','Starting plugin installation',NULL,'',0,1551371121),(946,0,'datafield_file','2018120300','2018120300','Upgrade savepoint reached',NULL,'',0,1551371121),(947,0,'datafield_file','2018120300','2018120300','Plugin installed',NULL,'',0,1551371121),(948,0,'datafield_latlong',NULL,'2018120300','Starting plugin installation',NULL,'',0,1551371121),(949,0,'datafield_latlong','2018120300','2018120300','Upgrade savepoint reached',NULL,'',0,1551371121),(950,0,'datafield_latlong','2018120300','2018120300','Plugin installed',NULL,'',0,1551371121),(951,0,'datafield_menu',NULL,'2018120300','Starting plugin installation',NULL,'',0,1551371121),(952,0,'datafield_menu','2018120300','2018120300','Upgrade savepoint reached',NULL,'',0,1551371121),(953,0,'datafield_menu','2018120300','2018120300','Plugin installed',NULL,'',0,1551371121),(954,0,'datafield_multimenu',NULL,'2018120300','Starting plugin installation',NULL,'',0,1551371121),(955,0,'datafield_multimenu','2018120300','2018120300','Upgrade savepoint reached',NULL,'',0,1551371121),(956,0,'datafield_multimenu','2018120300','2018120300','Plugin installed',NULL,'',0,1551371121),(957,0,'datafield_number',NULL,'2018120300','Starting plugin installation',NULL,'',0,1551371121),(958,0,'datafield_number','2018120300','2018120300','Upgrade savepoint reached',NULL,'',0,1551371121),(959,0,'datafield_number','2018120300','2018120300','Plugin installed',NULL,'',0,1551371121),(960,0,'datafield_picture',NULL,'2018120300','Starting plugin installation',NULL,'',0,1551371121),(961,0,'datafield_picture','2018120300','2018120300','Upgrade savepoint reached',NULL,'',0,1551371121),(962,0,'datafield_picture','2018120300','2018120300','Plugin installed',NULL,'',0,1551371121),(963,0,'datafield_radiobutton',NULL,'2018120300','Starting plugin installation',NULL,'',0,1551371121),(964,0,'datafield_radiobutton','2018120300','2018120300','Upgrade savepoint reached',NULL,'',0,1551371121),(965,0,'datafield_radiobutton','2018120300','2018120300','Plugin installed',NULL,'',0,1551371121),(966,0,'datafield_text',NULL,'2018120300','Starting plugin installation',NULL,'',0,1551371121),(967,0,'datafield_text','2018120300','2018120300','Upgrade savepoint reached',NULL,'',0,1551371121),(968,0,'datafield_text','2018120300','2018120300','Plugin installed',NULL,'',0,1551371121),(969,0,'datafield_textarea',NULL,'2018120300','Starting plugin installation',NULL,'',0,1551371121),(970,0,'datafield_textarea','2018120300','2018120300','Upgrade savepoint reached',NULL,'',0,1551371121),(971,0,'datafield_textarea','2018120300','2018120300','Plugin installed',NULL,'',0,1551371121),(972,0,'datafield_url',NULL,'2018120300','Starting plugin installation',NULL,'',0,1551371121),(973,0,'datafield_url','2018120300','2018120300','Upgrade savepoint reached',NULL,'',0,1551371121),(974,0,'datafield_url','2018120300','2018120300','Plugin installed',NULL,'',0,1551371121),(975,0,'datapreset_imagegallery',NULL,'2018120300','Starting plugin installation',NULL,'',0,1551371121),(976,0,'datapreset_imagegallery','2018120300','2018120300','Upgrade savepoint reached',NULL,'',0,1551371121),(977,0,'datapreset_imagegallery','2018120300','2018120300','Plugin installed',NULL,'',0,1551371121),(978,0,'ltiservice_gradebookservices',NULL,'2018120300','Starting plugin installation',NULL,'',0,1551371121),(979,0,'ltiservice_gradebookservices','2018120300','2018120300','Upgrade savepoint reached',NULL,'',0,1551371121),(980,0,'ltiservice_gradebookservices','2018120300','2018120300','Plugin installed',NULL,'',0,1551371121),(981,0,'ltiservice_memberships',NULL,'2018120300','Starting plugin installation',NULL,'',0,1551371121),(982,0,'ltiservice_memberships','2018120300','2018120300','Upgrade savepoint reached',NULL,'',0,1551371121),(983,0,'ltiservice_memberships','2018120300','2018120300','Plugin installed',NULL,'',0,1551371121),(984,0,'ltiservice_profile',NULL,'2018120300','Starting plugin installation',NULL,'',0,1551371121),(985,0,'ltiservice_profile','2018120300','2018120300','Upgrade savepoint reached',NULL,'',0,1551371121),(986,0,'ltiservice_profile','2018120300','2018120300','Plugin installed',NULL,'',0,1551371121),(987,0,'ltiservice_toolproxy',NULL,'2018120300','Starting plugin installation',NULL,'',0,1551371121),(988,0,'ltiservice_toolproxy','2018120300','2018120300','Upgrade savepoint reached',NULL,'',0,1551371121),(989,0,'ltiservice_toolproxy','2018120300','2018120300','Plugin installed',NULL,'',0,1551371121),(990,0,'ltiservice_toolsettings',NULL,'2018120300','Starting plugin installation',NULL,'',0,1551371121),(991,0,'ltiservice_toolsettings','2018120300','2018120300','Upgrade savepoint reached',NULL,'',0,1551371121),(992,0,'ltiservice_toolsettings','2018120300','2018120300','Plugin installed',NULL,'',0,1551371121),(993,0,'quiz_grading',NULL,'2018120300','Starting plugin installation',NULL,'',0,1551371121),(994,0,'quiz_grading','2018120300','2018120300','Upgrade savepoint reached',NULL,'',0,1551371121),(995,0,'quiz_grading','2018120300','2018120300','Plugin installed',NULL,'',0,1551371121),(996,0,'quiz_overview',NULL,'2018120300','Starting plugin installation',NULL,'',0,1551371121),(997,0,'quiz_overview','2018120300','2018120300','Upgrade savepoint reached',NULL,'',0,1551371121),(998,0,'quiz_overview','2018120300','2018120300','Plugin installed',NULL,'',0,1551371121),(999,0,'quiz_responses',NULL,'2018120300','Starting plugin installation',NULL,'',0,1551371121),(1000,0,'quiz_responses','2018120300','2018120300','Upgrade savepoint reached',NULL,'',0,1551371121),(1001,0,'quiz_responses','2018120300','2018120300','Plugin installed',NULL,'',0,1551371122),(1002,0,'quiz_statistics',NULL,'2018120300','Starting plugin installation',NULL,'',0,1551371122),(1003,0,'quiz_statistics','2018120300','2018120300','Upgrade savepoint reached',NULL,'',0,1551371122),(1004,0,'quiz_statistics','2018120300','2018120300','Plugin installed',NULL,'',0,1551371122),(1005,0,'quizaccess_delaybetweenattempts',NULL,'2018120300','Starting plugin installation',NULL,'',0,1551371122),(1006,0,'quizaccess_delaybetweenattempts','2018120300','2018120300','Upgrade savepoint reached',NULL,'',0,1551371122),(1007,0,'quizaccess_delaybetweenattempts','2018120300','2018120300','Plugin installed',NULL,'',0,1551371122),(1008,0,'quizaccess_ipaddress',NULL,'2018120300','Starting plugin installation',NULL,'',0,1551371122),(1009,0,'quizaccess_ipaddress','2018120300','2018120300','Upgrade savepoint reached',NULL,'',0,1551371122),(1010,0,'quizaccess_ipaddress','2018120300','2018120300','Plugin installed',NULL,'',0,1551371122),(1011,0,'quizaccess_numattempts',NULL,'2018120300','Starting plugin installation',NULL,'',0,1551371122),(1012,0,'quizaccess_numattempts','2018120300','2018120300','Upgrade savepoint reached',NULL,'',0,1551371122),(1013,0,'quizaccess_numattempts','2018120300','2018120300','Plugin installed',NULL,'',0,1551371122),(1014,0,'quizaccess_offlineattempts',NULL,'2018120300','Starting plugin installation',NULL,'',0,1551371122),(1015,0,'quizaccess_offlineattempts','2018120300','2018120300','Upgrade savepoint reached',NULL,'',0,1551371122),(1016,0,'quizaccess_offlineattempts','2018120300','2018120300','Plugin installed',NULL,'',0,1551371122),(1017,0,'quizaccess_openclosedate',NULL,'2018120300','Starting plugin installation',NULL,'',0,1551371122),(1018,0,'quizaccess_openclosedate','2018120300','2018120300','Upgrade savepoint reached',NULL,'',0,1551371122),(1019,0,'quizaccess_openclosedate','2018120300','2018120300','Plugin installed',NULL,'',0,1551371122),(1020,0,'quizaccess_password',NULL,'2018120300','Starting plugin installation',NULL,'',0,1551371122),(1021,0,'quizaccess_password','2018120300','2018120300','Upgrade savepoint reached',NULL,'',0,1551371122),(1022,0,'quizaccess_password','2018120300','2018120300','Plugin installed',NULL,'',0,1551371122),(1023,0,'quizaccess_safebrowser',NULL,'2018120300','Starting plugin installation',NULL,'',0,1551371122),(1024,0,'quizaccess_safebrowser','2018120300','2018120300','Upgrade savepoint reached',NULL,'',0,1551371122),(1025,0,'quizaccess_safebrowser','2018120300','2018120300','Plugin installed',NULL,'',0,1551371122),(1026,0,'quizaccess_securewindow',NULL,'2018120300','Starting plugin installation',NULL,'',0,1551371122),(1027,0,'quizaccess_securewindow','2018120300','2018120300','Upgrade savepoint reached',NULL,'',0,1551371122),(1028,0,'quizaccess_securewindow','2018120300','2018120300','Plugin installed',NULL,'',0,1551371122),(1029,0,'quizaccess_timelimit',NULL,'2018120300','Starting plugin installation',NULL,'',0,1551371122),(1030,0,'quizaccess_timelimit','2018120300','2018120300','Upgrade savepoint reached',NULL,'',0,1551371122),(1031,0,'quizaccess_timelimit','2018120300','2018120300','Plugin installed',NULL,'',0,1551371122),(1032,0,'scormreport_basic',NULL,'2018120300','Starting plugin installation',NULL,'',0,1551371122),(1033,0,'scormreport_basic','2018120300','2018120300','Upgrade savepoint reached',NULL,'',0,1551371122),(1034,0,'scormreport_basic','2018120300','2018120300','Plugin installed',NULL,'',0,1551371122),(1035,0,'scormreport_graphs',NULL,'2018120300','Starting plugin installation',NULL,'',0,1551371122),(1036,0,'scormreport_graphs','2018120300','2018120300','Upgrade savepoint reached',NULL,'',0,1551371122),(1037,0,'scormreport_graphs','2018120300','2018120300','Plugin installed',NULL,'',0,1551371122),(1038,0,'scormreport_interactions',NULL,'2018120300','Starting plugin installation',NULL,'',0,1551371122),(1039,0,'scormreport_interactions','2018120300','2018120300','Upgrade savepoint reached',NULL,'',0,1551371122),(1040,0,'scormreport_interactions','2018120300','2018120300','Plugin installed',NULL,'',0,1551371122),(1041,0,'scormreport_objectives',NULL,'2018120300','Starting plugin installation',NULL,'',0,1551371122),(1042,0,'scormreport_objectives','2018120300','2018120300','Upgrade savepoint reached',NULL,'',0,1551371122),(1043,0,'scormreport_objectives','2018120300','2018120300','Plugin installed',NULL,'',0,1551371122),(1044,0,'workshopform_accumulative',NULL,'2018120300','Starting plugin installation',NULL,'',0,1551371122),(1045,0,'workshopform_accumulative','2018120300','2018120300','Upgrade savepoint reached',NULL,'',0,1551371122),(1046,0,'workshopform_accumulative','2018120300','2018120300','Plugin installed',NULL,'',0,1551371122),(1047,0,'workshopform_comments',NULL,'2018120300','Starting plugin installation',NULL,'',0,1551371122),(1048,0,'workshopform_comments','2018120300','2018120300','Upgrade savepoint reached',NULL,'',0,1551371122),(1049,0,'workshopform_comments','2018120300','2018120300','Plugin installed',NULL,'',0,1551371122),(1050,0,'workshopform_numerrors',NULL,'2018120300','Starting plugin installation',NULL,'',0,1551371122),(1051,0,'workshopform_numerrors','2018120300','2018120300','Upgrade savepoint reached',NULL,'',0,1551371122),(1052,0,'workshopform_numerrors','2018120300','2018120300','Plugin installed',NULL,'',0,1551371122),(1053,0,'workshopform_rubric',NULL,'2018120300','Starting plugin installation',NULL,'',0,1551371122),(1054,0,'workshopform_rubric','2018120300','2018120300','Upgrade savepoint reached',NULL,'',0,1551371122),(1055,0,'workshopform_rubric','2018120300','2018120300','Plugin installed',NULL,'',0,1551371122),(1056,0,'workshopallocation_manual',NULL,'2018120300','Starting plugin installation',NULL,'',0,1551371122),(1057,0,'workshopallocation_manual','2018120300','2018120300','Upgrade savepoint reached',NULL,'',0,1551371122),(1058,0,'workshopallocation_manual','2018120300','2018120300','Plugin installed',NULL,'',0,1551371122),(1059,0,'workshopallocation_random',NULL,'2018120300','Starting plugin installation',NULL,'',0,1551371122),(1060,0,'workshopallocation_random','2018120300','2018120300','Upgrade savepoint reached',NULL,'',0,1551371122),(1061,0,'workshopallocation_random','2018120300','2018120300','Plugin installed',NULL,'',0,1551371122),(1062,0,'workshopallocation_scheduled',NULL,'2018120300','Starting plugin installation',NULL,'',0,1551371122),(1063,0,'workshopallocation_scheduled','2018120300','2018120300','Upgrade savepoint reached',NULL,'',0,1551371122),(1064,0,'workshopallocation_scheduled','2018120300','2018120300','Plugin installed',NULL,'',0,1551371122),(1065,0,'workshopeval_best',NULL,'2018120300','Starting plugin installation',NULL,'',0,1551371122),(1066,0,'workshopeval_best','2018120300','2018120300','Upgrade savepoint reached',NULL,'',0,1551371122),(1067,0,'workshopeval_best','2018120300','2018120300','Plugin installed',NULL,'',0,1551371123),(1068,0,'atto_accessibilitychecker',NULL,'2018120300','Starting plugin installation',NULL,'',0,1551371123),(1069,0,'atto_accessibilitychecker','2018120300','2018120300','Upgrade savepoint reached',NULL,'',0,1551371123),(1070,0,'atto_accessibilitychecker','2018120300','2018120300','Plugin installed',NULL,'',0,1551371123),(1071,0,'atto_accessibilityhelper',NULL,'2018120300','Starting plugin installation',NULL,'',0,1551371123),(1072,0,'atto_accessibilityhelper','2018120300','2018120300','Upgrade savepoint reached',NULL,'',0,1551371123),(1073,0,'atto_accessibilityhelper','2018120300','2018120300','Plugin installed',NULL,'',0,1551371123),(1074,0,'atto_align',NULL,'2018120300','Starting plugin installation',NULL,'',0,1551371123),(1075,0,'atto_align','2018120300','2018120300','Upgrade savepoint reached',NULL,'',0,1551371123),(1076,0,'atto_align','2018120300','2018120300','Plugin installed',NULL,'',0,1551371123),(1077,0,'atto_backcolor',NULL,'2018120300','Starting plugin installation',NULL,'',0,1551371123),(1078,0,'atto_backcolor','2018120300','2018120300','Upgrade savepoint reached',NULL,'',0,1551371123),(1079,0,'atto_backcolor','2018120300','2018120300','Plugin installed',NULL,'',0,1551371123),(1080,0,'atto_bold',NULL,'2018120300','Starting plugin installation',NULL,'',0,1551371123),(1081,0,'atto_bold','2018120300','2018120300','Upgrade savepoint reached',NULL,'',0,1551371123),(1082,0,'atto_bold','2018120300','2018120300','Plugin installed',NULL,'',0,1551371123),(1083,0,'atto_charmap',NULL,'2018120300','Starting plugin installation',NULL,'',0,1551371123),(1084,0,'atto_charmap','2018120300','2018120300','Upgrade savepoint reached',NULL,'',0,1551371123),(1085,0,'atto_charmap','2018120300','2018120300','Plugin installed',NULL,'',0,1551371123),(1086,0,'atto_clear',NULL,'2018120300','Starting plugin installation',NULL,'',0,1551371123),(1087,0,'atto_clear','2018120300','2018120300','Upgrade savepoint reached',NULL,'',0,1551371123),(1088,0,'atto_clear','2018120300','2018120300','Plugin installed',NULL,'',0,1551371123),(1089,0,'atto_collapse',NULL,'2018120300','Starting plugin installation',NULL,'',0,1551371123),(1090,0,'atto_collapse','2018120300','2018120300','Upgrade savepoint reached',NULL,'',0,1551371123),(1091,0,'atto_collapse','2018120300','2018120300','Plugin installed',NULL,'',0,1551371123),(1092,0,'atto_emoticon',NULL,'2018120300','Starting plugin installation',NULL,'',0,1551371123),(1093,0,'atto_emoticon','2018120300','2018120300','Upgrade savepoint reached',NULL,'',0,1551371123),(1094,0,'atto_emoticon','2018120300','2018120300','Plugin installed',NULL,'',0,1551371123),(1095,0,'atto_equation',NULL,'2018120300','Starting plugin installation',NULL,'',0,1551371123),(1096,0,'atto_equation','2018120300','2018120300','Upgrade savepoint reached',NULL,'',0,1551371123),(1097,0,'atto_equation','2018120300','2018120300','Plugin installed',NULL,'',0,1551371123),(1098,0,'atto_fontcolor',NULL,'2018120300','Starting plugin installation',NULL,'',0,1551371123),(1099,0,'atto_fontcolor','2018120300','2018120300','Upgrade savepoint reached',NULL,'',0,1551371123),(1100,0,'atto_fontcolor','2018120300','2018120300','Plugin installed',NULL,'',0,1551371123),(1101,0,'atto_html',NULL,'2018120300','Starting plugin installation',NULL,'',0,1551371123),(1102,0,'atto_html','2018120300','2018120300','Upgrade savepoint reached',NULL,'',0,1551371123),(1103,0,'atto_html','2018120300','2018120300','Plugin installed',NULL,'',0,1551371123),(1104,0,'atto_image',NULL,'2018120300','Starting plugin installation',NULL,'',0,1551371123),(1105,0,'atto_image','2018120300','2018120300','Upgrade savepoint reached',NULL,'',0,1551371123),(1106,0,'atto_image','2018120300','2018120300','Plugin installed',NULL,'',0,1551371123),(1107,0,'atto_indent',NULL,'2018120300','Starting plugin installation',NULL,'',0,1551371123),(1108,0,'atto_indent','2018120300','2018120300','Upgrade savepoint reached',NULL,'',0,1551371123),(1109,0,'atto_indent','2018120300','2018120300','Plugin installed',NULL,'',0,1551371123),(1110,0,'atto_italic',NULL,'2018120300','Starting plugin installation',NULL,'',0,1551371123),(1111,0,'atto_italic','2018120300','2018120300','Upgrade savepoint reached',NULL,'',0,1551371123),(1112,0,'atto_italic','2018120300','2018120300','Plugin installed',NULL,'',0,1551371123),(1113,0,'atto_link',NULL,'2018120300','Starting plugin installation',NULL,'',0,1551371123),(1114,0,'atto_link','2018120300','2018120300','Upgrade savepoint reached',NULL,'',0,1551371123),(1115,0,'atto_link','2018120300','2018120300','Plugin installed',NULL,'',0,1551371123),(1116,0,'atto_managefiles',NULL,'2018120300','Starting plugin installation',NULL,'',0,1551371123),(1117,0,'atto_managefiles','2018120300','2018120300','Upgrade savepoint reached',NULL,'',0,1551371123),(1118,0,'atto_managefiles','2018120300','2018120300','Plugin installed',NULL,'',0,1551371123),(1119,0,'atto_media',NULL,'2018120300','Starting plugin installation',NULL,'',0,1551371123),(1120,0,'atto_media','2018120300','2018120300','Upgrade savepoint reached',NULL,'',0,1551371123),(1121,0,'atto_media','2018120300','2018120300','Plugin installed',NULL,'',0,1551371123),(1122,0,'atto_noautolink',NULL,'2018120300','Starting plugin installation',NULL,'',0,1551371123),(1123,0,'atto_noautolink','2018120300','2018120300','Upgrade savepoint reached',NULL,'',0,1551371123),(1124,0,'atto_noautolink','2018120300','2018120300','Plugin installed',NULL,'',0,1551371123),(1125,0,'atto_orderedlist',NULL,'2018120300','Starting plugin installation',NULL,'',0,1551371123),(1126,0,'atto_orderedlist','2018120300','2018120300','Upgrade savepoint reached',NULL,'',0,1551371123),(1127,0,'atto_orderedlist','2018120300','2018120300','Plugin installed',NULL,'',0,1551371123),(1128,0,'atto_recordrtc',NULL,'2018120300','Starting plugin installation',NULL,'',0,1551371123),(1129,0,'atto_recordrtc','2018120300','2018120300','Upgrade savepoint reached',NULL,'',0,1551371123),(1130,0,'atto_recordrtc','2018120300','2018120300','Plugin installed',NULL,'',0,1551371123),(1131,0,'atto_rtl',NULL,'2018120300','Starting plugin installation',NULL,'',0,1551371123),(1132,0,'atto_rtl','2018120300','2018120300','Upgrade savepoint reached',NULL,'',0,1551371123),(1133,0,'atto_rtl','2018120300','2018120300','Plugin installed',NULL,'',0,1551371123),(1134,0,'atto_strike',NULL,'2018120300','Starting plugin installation',NULL,'',0,1551371123),(1135,0,'atto_strike','2018120300','2018120300','Upgrade savepoint reached',NULL,'',0,1551371123),(1136,0,'atto_strike','2018120300','2018120300','Plugin installed',NULL,'',0,1551371123),(1137,0,'atto_subscript',NULL,'2018120300','Starting plugin installation',NULL,'',0,1551371123),(1138,0,'atto_subscript','2018120300','2018120300','Upgrade savepoint reached',NULL,'',0,1551371123),(1139,0,'atto_subscript','2018120300','2018120300','Plugin installed',NULL,'',0,1551371123),(1140,0,'atto_superscript',NULL,'2018120300','Starting plugin installation',NULL,'',0,1551371123),(1141,0,'atto_superscript','2018120300','2018120300','Upgrade savepoint reached',NULL,'',0,1551371123),(1142,0,'atto_superscript','2018120300','2018120300','Plugin installed',NULL,'',0,1551371123),(1143,0,'atto_table',NULL,'2018120300','Starting plugin installation',NULL,'',0,1551371123),(1144,0,'atto_table','2018120300','2018120300','Upgrade savepoint reached',NULL,'',0,1551371123),(1145,0,'atto_table','2018120300','2018120300','Plugin installed',NULL,'',0,1551371123),(1146,0,'atto_title',NULL,'2018120300','Starting plugin installation',NULL,'',0,1551371123),(1147,0,'atto_title','2018120300','2018120300','Upgrade savepoint reached',NULL,'',0,1551371123),(1148,0,'atto_title','2018120300','2018120300','Plugin installed',NULL,'',0,1551371124),(1149,0,'atto_underline',NULL,'2018120300','Starting plugin installation',NULL,'',0,1551371124),(1150,0,'atto_underline','2018120300','2018120300','Upgrade savepoint reached',NULL,'',0,1551371124),(1151,0,'atto_underline','2018120300','2018120300','Plugin installed',NULL,'',0,1551371124),(1152,0,'atto_undo',NULL,'2018120300','Starting plugin installation',NULL,'',0,1551371124),(1153,0,'atto_undo','2018120300','2018120300','Upgrade savepoint reached',NULL,'',0,1551371124),(1154,0,'atto_undo','2018120300','2018120300','Plugin installed',NULL,'',0,1551371124),(1155,0,'atto_unorderedlist',NULL,'2018120300','Starting plugin installation',NULL,'',0,1551371124),(1156,0,'atto_unorderedlist','2018120300','2018120300','Upgrade savepoint reached',NULL,'',0,1551371124),(1157,0,'atto_unorderedlist','2018120300','2018120300','Plugin installed',NULL,'',0,1551371124),(1158,0,'tinymce_ctrlhelp',NULL,'2018120300','Starting plugin installation',NULL,'',0,1551371124),(1159,0,'tinymce_ctrlhelp','2018120300','2018120300','Upgrade savepoint reached',NULL,'',0,1551371124),(1160,0,'tinymce_ctrlhelp','2018120300','2018120300','Plugin installed',NULL,'',0,1551371124),(1161,0,'tinymce_managefiles',NULL,'2018120300','Starting plugin installation',NULL,'',0,1551371124),(1162,0,'tinymce_managefiles','2018120300','2018120300','Upgrade savepoint reached',NULL,'',0,1551371124),(1163,0,'tinymce_managefiles','2018120300','2018120300','Plugin installed',NULL,'',0,1551371124),(1164,0,'tinymce_moodleemoticon',NULL,'2018120300','Starting plugin installation',NULL,'',0,1551371124),(1165,0,'tinymce_moodleemoticon','2018120300','2018120300','Upgrade savepoint reached',NULL,'',0,1551371124),(1166,0,'tinymce_moodleemoticon','2018120300','2018120300','Plugin installed',NULL,'',0,1551371124),(1167,0,'tinymce_moodleimage',NULL,'2018120300','Starting plugin installation',NULL,'',0,1551371124),(1168,0,'tinymce_moodleimage','2018120300','2018120300','Upgrade savepoint reached',NULL,'',0,1551371124),(1169,0,'tinymce_moodleimage','2018120300','2018120300','Plugin installed',NULL,'',0,1551371124),(1170,0,'tinymce_moodlemedia',NULL,'2018120300','Starting plugin installation',NULL,'',0,1551371124),(1171,0,'tinymce_moodlemedia','2018120300','2018120300','Upgrade savepoint reached',NULL,'',0,1551371124),(1172,0,'tinymce_moodlemedia','2018120300','2018120300','Plugin installed',NULL,'',0,1551371124),(1173,0,'tinymce_moodlenolink',NULL,'2018120300','Starting plugin installation',NULL,'',0,1551371124),(1174,0,'tinymce_moodlenolink','2018120300','2018120300','Upgrade savepoint reached',NULL,'',0,1551371124),(1175,0,'tinymce_moodlenolink','2018120300','2018120300','Plugin installed',NULL,'',0,1551371124),(1176,0,'tinymce_pdw',NULL,'2018120300','Starting plugin installation',NULL,'',0,1551371124),(1177,0,'tinymce_pdw','2018120300','2018120300','Upgrade savepoint reached',NULL,'',0,1551371124),(1178,0,'tinymce_pdw','2018120300','2018120300','Plugin installed',NULL,'',0,1551371124),(1179,0,'tinymce_spellchecker',NULL,'2018120300','Starting plugin installation',NULL,'',0,1551371124),(1180,0,'tinymce_spellchecker','2018120300','2018120300','Upgrade savepoint reached',NULL,'',0,1551371124),(1181,0,'tinymce_spellchecker','2018120300','2018120300','Plugin installed',NULL,'',0,1551371124),(1182,0,'tinymce_wrap',NULL,'2018120300','Starting plugin installation',NULL,'',0,1551371124),(1183,0,'tinymce_wrap','2018120300','2018120300','Upgrade savepoint reached',NULL,'',0,1551371124),(1184,0,'tinymce_wrap','2018120300','2018120300','Plugin installed',NULL,'',0,1551371124),(1185,0,'logstore_database',NULL,'2018120300','Starting plugin installation',NULL,'',0,1551371124),(1186,0,'logstore_database','2018120300','2018120300','Upgrade savepoint reached',NULL,'',0,1551371124),(1187,0,'logstore_database','2018120300','2018120300','Plugin installed',NULL,'',0,1551371124),(1188,0,'logstore_legacy',NULL,'2018120300','Starting plugin installation',NULL,'',0,1551371124),(1189,0,'logstore_legacy','2018120300','2018120300','Upgrade savepoint reached',NULL,'',0,1551371124),(1190,0,'logstore_legacy','2018120300','2018120300','Plugin installed',NULL,'',0,1551371124),(1191,0,'logstore_standard',NULL,'2018120300','Starting plugin installation',NULL,'',0,1551371124),(1192,0,'logstore_standard','2018120300','2018120300','Upgrade savepoint reached',NULL,'',0,1551371124),(1193,0,'logstore_standard','2018120300','2018120300','Plugin installed',NULL,'',0,1551371124),(1194,0,'theme_remui',NULL,'2019010700','Starting plugin installation',NULL,'',2,1552929849),(1195,0,'theme_remui','2019010700','2019010700','Upgrade savepoint reached',NULL,'',2,1552929849),(1196,0,'theme_remui','2019010700','2019010700','Plugin installed',NULL,'',2,1552929849),(1197,0,'format_remuiformat',NULL,'2019010700','Starting plugin installation',NULL,'',2,1552930682),(1198,0,'format_remuiformat','2019010700','2019010700','Upgrade savepoint reached',NULL,'',2,1552930682),(1199,0,'format_remuiformat','2019010700','2019010700','Plugin installed',NULL,'',2,1552930682),(1200,0,'block_remuiblck',NULL,'2018122100','Starting plugin installation',NULL,'',2,1552930776),(1201,0,'block_remuiblck','2018122100','2018122100','Upgrade savepoint reached',NULL,'',2,1552930776),(1202,0,'block_remuiblck','2018122100','2018122100','Plugin installed',NULL,'',2,1552930776),(1203,0,'block_remuiblck',NULL,'2019062000','Starting plugin installation',NULL,'',2,1562174311),(1204,0,'block_remuiblck','2019062000','2019062000','Upgrade savepoint reached',NULL,'',2,1562174311),(1205,0,'block_remuiblck','2019062000','2019062000','Plugin installed',NULL,'',2,1562174311),(1206,0,'format_remuiformat',NULL,'2019032600','Starting plugin installation',NULL,'',2,1562174311),(1207,0,'format_remuiformat','2019032600','2019032600','Upgrade savepoint reached',NULL,'',2,1562174311),(1208,0,'format_remuiformat','2019032600','2019032600','Plugin installed',NULL,'',2,1562174311),(1209,0,'theme_remui','2019010700','2019062000','Starting plugin upgrade',NULL,'',2,1562174409),(1210,0,'theme_remui','2019052300','2019062000','Upgrade savepoint reached',NULL,'',2,1562174410),(1211,0,'theme_remui','2019062000','2019062000','Upgrade savepoint reached',NULL,'',2,1562174410),(1212,0,'theme_remui','2019062000','2019062000','Plugin upgraded',NULL,'',2,1562174410),(1213,2,'core','2018120301','2018120301','Exception: downgrade_exception','Cannot downgrade block_remuiblck from 2019062000 to 2018122100.','* line 1033 of /lib/upgradelib.php: downgrade_exception thrown\n* line 520 of /lib/upgradelib.php: call to upgrade_plugins_blocks()\n* line 1852 of /lib/upgradelib.php: call to upgrade_plugins()\n* line 694 of /admin/index.php: call to upgrade_noncore()\n',0,1563300024),(1214,2,'core','2018120301','2018120301','Exception: downgrade_exception','Cannot downgrade block_remuiblck from 2019062000 to 2018122100.','* line 1033 of /lib/upgradelib.php: downgrade_exception thrown\n* line 520 of /lib/upgradelib.php: call to upgrade_plugins_blocks()\n* line 1852 of /lib/upgradelib.php: call to upgrade_plugins()\n* line 694 of /admin/index.php: call to upgrade_noncore()\n',0,1563300056),(1215,2,'core','2018120301','2018120301','Exception: downgrade_exception','Cannot downgrade block_remuiblck from 2019062000 to 2018122100.','* line 1033 of /lib/upgradelib.php: downgrade_exception thrown\n* line 520 of /lib/upgradelib.php: call to upgrade_plugins_blocks()\n* line 1852 of /lib/upgradelib.php: call to upgrade_plugins()\n* line 694 of /admin/index.php: call to upgrade_noncore()\n',0,1563300387),(1216,2,'core','2018120301','2018120301','Exception: downgrade_exception','Cannot downgrade block_remuiblck from 2019062000 to 2018122100.','* line 1033 of /lib/upgradelib.php: downgrade_exception thrown\n* line 520 of /lib/upgradelib.php: call to upgrade_plugins_blocks()\n* line 1852 of /lib/upgradelib.php: call to upgrade_plugins()\n* line 694 of /admin/index.php: call to upgrade_noncore()\n',0,1563300617),(1217,2,'core','2018120301','2018120301','Exception: downgrade_exception','Cannot downgrade format_remuiformat from 2019032600 to 2019010700.','* line 663 of /lib/upgradelib.php: downgrade_exception thrown\n* line 1852 of /lib/upgradelib.php: call to upgrade_plugins()\n* line 694 of /admin/index.php: call to upgrade_noncore()\n',0,1563301941),(1218,0,'local_edwiserbridge',NULL,'2019041800','Starting plugin installation',NULL,'',2,1571507236),(1219,0,'local_edwiserbridge','2019041800','2019041800','Upgrade savepoint reached',NULL,'',2,1571507236),(1220,0,'local_edwiserbridge','2019041800','2019041800','Plugin installed',NULL,'',2,1571507236),(1221,0,'auth_wdmwpmoodle',NULL,'2018082700','Starting plugin installation',NULL,'',2,1571512079),(1222,0,'auth_wdmwpmoodle','2018082700','2018082700','Upgrade savepoint reached',NULL,'',2,1571512079),(1223,0,'auth_wdmwpmoodle','2018082700','2018082700','Plugin installed',NULL,'',2,1571512079),(1224,2,'core','2018120301','2018120301','Exception: downgrade_exception','Cannot downgrade auth_wdmwpmoodle from 2018082700 to 2017060900.','* line 663 of /lib/upgradelib.php: downgrade_exception thrown\n* line 1852 of /lib/upgradelib.php: call to upgrade_plugins()\n* line 694 of /admin/index.php: call to upgrade_noncore()\n',2,1571636345),(1225,2,'core','2018120301','2018120301','Exception: downgrade_exception','Cannot downgrade auth_wdmwpmoodle from 2018082700 to 2017060900.','* line 663 of /lib/upgradelib.php: downgrade_exception thrown\n* line 1852 of /lib/upgradelib.php: call to upgrade_plugins()\n* line 694 of /admin/index.php: call to upgrade_noncore()\n',2,1571637469),(1226,2,'core','2018120301','2018120301','Exception: downgrade_exception','Cannot downgrade auth_wdmwpmoodle from 2018082700 to 2017060900.','* line 663 of /lib/upgradelib.php: downgrade_exception thrown\n* line 1852 of /lib/upgradelib.php: call to upgrade_plugins()\n* line 694 of /admin/index.php: call to upgrade_noncore()\n',2,1571637484),(1227,0,'auth_wdmwpmoodle',NULL,'2017060900','Starting plugin installation',NULL,'',2,1571637999),(1228,0,'auth_wdmwpmoodle','2017060900','2017060900','Upgrade savepoint reached',NULL,'',2,1571637999),(1229,0,'auth_wdmwpmoodle','2017060900','2017060900','Plugin installed',NULL,'',2,1571637999),(1230,0,'auth_wdmwpmoodle','2017060900','2018082700','Starting plugin upgrade',NULL,'',2,1571640918),(1231,0,'auth_wdmwpmoodle','2018082700','2018082700','Upgrade savepoint reached',NULL,'',2,1571640918),(1232,0,'auth_wdmwpmoodle','2018082700','2018082700','Plugin upgraded',NULL,'',2,1571640918),(1233,0,'format_remuiformat','2019032600','2020061800','Starting plugin upgrade',NULL,'',3,1593006396),(1234,0,'format_remuiformat','2020061800','2020061800','Upgrade savepoint reached',NULL,'',3,1593006396),(1235,0,'format_remuiformat','2020061800','2020061800','Plugin upgraded',NULL,'',3,1593006396),(1236,0,'format_remuiformat','2020061800','2020090200','Starting plugin upgrade',NULL,'',3,1599751013),(1237,0,'format_remuiformat','2020090200','2020090200','Upgrade savepoint reached',NULL,'',3,1599751013),(1238,0,'format_remuiformat','2020090200','2020090200','Plugin upgraded',NULL,'',3,1599751014),(1239,0,'local_mailtest',NULL,'2022042400','Starting plugin installation',NULL,'',301,1652901773),(1240,0,'local_mailtest','2022042400','2022042400','Upgrade savepoint reached',NULL,'',301,1652901773),(1241,0,'local_mailtest','2022042400','2022042400','Plugin installed',NULL,'',301,1652901773),(1242,0,'enrol_coursecompleted',NULL,'2019070406','Starting plugin installation',NULL,'',301,1654819787),(1243,0,'enrol_coursecompleted','2019070406','2019070406','Upgrade savepoint reached',NULL,'',301,1654819787),(1244,0,'enrol_coursecompleted','2019070406','2019070406','Plugin installed',NULL,'',301,1654819788),(1245,0,'mod_customcert',NULL,'2018120307','Starting plugin installation',NULL,'',301,1654819891),(1246,0,'mod_customcert','2018120307','2018120307','Upgrade savepoint reached',NULL,'',301,1654819891),(1247,0,'mod_customcert','2018120307','2018120307','Plugin installed',NULL,'',301,1654819891),(1248,0,'customcertelement_bgimage',NULL,'2018120300','Starting plugin installation',NULL,'',301,1654819892),(1249,0,'customcertelement_bgimage','2018120300','2018120300','Upgrade savepoint reached',NULL,'',301,1654819892),(1250,0,'customcertelement_bgimage','2018120300','2018120300','Plugin installed',NULL,'',301,1654819892),(1251,0,'customcertelement_border',NULL,'2018120300','Starting plugin installation',NULL,'',301,1654819892),(1252,0,'customcertelement_border','2018120300','2018120300','Upgrade savepoint reached',NULL,'',301,1654819892),(1253,0,'customcertelement_border','2018120300','2018120300','Plugin installed',NULL,'',301,1654819892),(1254,0,'customcertelement_categoryname',NULL,'2018120300','Starting plugin installation',NULL,'',301,1654819892),(1255,0,'customcertelement_categoryname','2018120300','2018120300','Upgrade savepoint reached',NULL,'',301,1654819892),(1256,0,'customcertelement_categoryname','2018120300','2018120300','Plugin installed',NULL,'',301,1654819892),(1257,0,'customcertelement_code',NULL,'2018120300','Starting plugin installation',NULL,'',301,1654819892),(1258,0,'customcertelement_code','2018120300','2018120300','Upgrade savepoint reached',NULL,'',301,1654819892),(1259,0,'customcertelement_code','2018120300','2018120300','Plugin installed',NULL,'',301,1654819892),(1260,0,'customcertelement_coursename',NULL,'2018120300','Starting plugin installation',NULL,'',301,1654819892),(1261,0,'customcertelement_coursename','2018120300','2018120300','Upgrade savepoint reached',NULL,'',301,1654819892),(1262,0,'customcertelement_coursename','2018120300','2018120300','Plugin installed',NULL,'',301,1654819892),(1263,0,'customcertelement_date',NULL,'2018120301','Starting plugin installation',NULL,'',301,1654819892),(1264,0,'customcertelement_date','2018120301','2018120301','Upgrade savepoint reached',NULL,'',301,1654819892),(1265,0,'customcertelement_date','2018120301','2018120301','Plugin installed',NULL,'',301,1654819892),(1266,0,'customcertelement_daterange',NULL,'2018120300','Starting plugin installation',NULL,'',301,1654819892),(1267,0,'customcertelement_daterange','2018120300','2018120300','Upgrade savepoint reached',NULL,'',301,1654819892),(1268,0,'customcertelement_daterange','2018120300','2018120300','Plugin installed',NULL,'',301,1654819892),(1269,0,'customcertelement_digitalsignature',NULL,'2018120300','Starting plugin installation',NULL,'',301,1654819892),(1270,0,'customcertelement_digitalsignature','2018120300','2018120300','Upgrade savepoint reached',NULL,'',301,1654819892),(1271,0,'customcertelement_digitalsignature','2018120300','2018120300','Plugin installed',NULL,'',301,1654819892),(1272,0,'customcertelement_grade',NULL,'2018120300','Starting plugin installation',NULL,'',301,1654819892),(1273,0,'customcertelement_grade','2018120300','2018120300','Upgrade savepoint reached',NULL,'',301,1654819892),(1274,0,'customcertelement_grade','2018120300','2018120300','Plugin installed',NULL,'',301,1654819892),(1275,0,'customcertelement_gradeitemname',NULL,'2018120300','Starting plugin installation',NULL,'',301,1654819892),(1276,0,'customcertelement_gradeitemname','2018120300','2018120300','Upgrade savepoint reached',NULL,'',301,1654819892),(1277,0,'customcertelement_gradeitemname','2018120300','2018120300','Plugin installed',NULL,'',301,1654819892),(1278,0,'customcertelement_image',NULL,'2018120300','Starting plugin installation',NULL,'',301,1654819892),(1279,0,'customcertelement_image','2018120300','2018120300','Upgrade savepoint reached',NULL,'',301,1654819892),(1280,0,'customcertelement_image','2018120300','2018120300','Plugin installed',NULL,'',301,1654819892),(1281,0,'customcertelement_qrcode',NULL,'2018120300','Starting plugin installation',NULL,'',301,1654819892),(1282,0,'customcertelement_qrcode','2018120300','2018120300','Upgrade savepoint reached',NULL,'',301,1654819892),(1283,0,'customcertelement_qrcode','2018120300','2018120300','Plugin installed',NULL,'',301,1654819892),(1284,0,'customcertelement_studentname',NULL,'2018120300','Starting plugin installation',NULL,'',301,1654819892),(1285,0,'customcertelement_studentname','2018120300','2018120300','Upgrade savepoint reached',NULL,'',301,1654819892),(1286,0,'customcertelement_studentname','2018120300','2018120300','Plugin installed',NULL,'',301,1654819892),(1287,0,'customcertelement_teachername',NULL,'2018120300','Starting plugin installation',NULL,'',301,1654819892),(1288,0,'customcertelement_teachername','2018120300','2018120300','Upgrade savepoint reached',NULL,'',301,1654819892),(1289,0,'customcertelement_teachername','2018120300','2018120300','Plugin installed',NULL,'',301,1654819892),(1290,0,'customcertelement_text',NULL,'2018120300','Starting plugin installation',NULL,'',301,1654819892),(1291,0,'customcertelement_text','2018120300','2018120300','Upgrade savepoint reached',NULL,'',301,1654819892),(1292,0,'customcertelement_text','2018120300','2018120300','Plugin installed',NULL,'',301,1654819892),(1293,0,'customcertelement_userfield',NULL,'2018120300','Starting plugin installation',NULL,'',301,1654819892),(1294,0,'customcertelement_userfield','2018120300','2018120300','Upgrade savepoint reached',NULL,'',301,1654819892),(1295,0,'customcertelement_userfield','2018120300','2018120300','Plugin installed',NULL,'',301,1654819892),(1296,0,'customcertelement_userpicture',NULL,'2018120300','Starting plugin installation',NULL,'',301,1654819892),(1297,0,'customcertelement_userpicture','2018120300','2018120300','Upgrade savepoint reached',NULL,'',301,1654819892),(1298,0,'customcertelement_userpicture','2018120300','2018120300','Plugin installed',NULL,'',301,1654819892);

--
-- Table structure for table `mdl_url`
--

CREATE TABLE `mdl_url` (
  `id` bigint(10) NOT NULL AUTO_INCREMENT,
  `course` bigint(10) NOT NULL DEFAULT '0',
  `name` varchar(255) NOT NULL DEFAULT '',
  `intro` longtext,
  `introformat` smallint(4) NOT NULL DEFAULT '0',
  `externalurl` longtext NOT NULL,
  `display` smallint(4) NOT NULL DEFAULT '0',
  `displayoptions` longtext,
  `parameters` longtext,
  `timemodified` bigint(10) NOT NULL DEFAULT '0',
  PRIMARY KEY (`id`),
  KEY `mdl_url_cou_ix` (`course`)
) ENGINE=InnoDB AUTO_INCREMENT=14 DEFAULT CHARSET=utf8mb4 ROW_FORMAT=COMPRESSED COMMENT='each record is one url resource';

--
-- Dumping data for table `mdl_url`
--

INSERT INTO `mdl_url` VALUES (1,3,'3) Webinar: The Artform of Artifacting EEG','<p>This webinar covers nine types of common artifacts in the EEG:</p>\r\n<p>1) muscle contamination</p>\r\n<p>2) eye movement</p>\r\n<p>3) medication \"artifacts\"</p>\r\n<p>4) sweat</p>\r\n<p>5) environmental noise</p>\r\n<p>6) equipment artifacts</p>\r\n<p>7) salt bridge</p>\r\n<p>8) heartbeat</p>\r\n<p>9) drowsiness</p>\r\n<iframe width=\"560\" height=\"315\" src=\"https://www.youtube.com/embed/eMBOXc1Dil0\" title=\"YouTube video player\" frameborder=\"0\" allow=\"accelerometer; autoplay; clipboard-write; encrypted-media; gyroscope; picture-in-picture\" allowfullscreen=\"\"></iframe>',1,'https://www.youtube.com/watch?v=eMBOXc1Dil0&feature=youtu.be',0,'a:1:{s:10:\"printintro\";i:0;}','a:0:{}',1656005004),(2,7,'LIsting of Clinical Neurological Disorders','<p>This site serves as a comprehensive guide to clinical neurological disorders.</p>',1,'https://en.wikipedia.org/wiki/List_of_neurological_conditions_and_disorders',0,'a:1:{s:10:\"printintro\";i:1;}','a:0:{}',1595623234),(3,7,'List of Psychological and Psychiatric Disorders','',1,'http://allpsych.com/disorders/',0,'a:1:{s:10:\"printintro\";i:1;}','a:0:{}',1596821544),(4,7,'National Index of Neurological Disorders and Stroke','',1,'https://www.ninds.nih.gov/Disorders/All-Disorders',0,'a:1:{s:10:\"printintro\";i:1;}','a:0:{}',1596821775),(5,7,'Meaningful and Missed EEG signatures (90 mins)','<p>This 90 minute video covers different types of pathologies as seen in EEG and QEEG.&nbsp;</p>',1,'https://vimeo.com/user36399898/review/446839824/c27545f1e4?sort=lastUserActionEventDate&direction=desc',0,'a:1:{s:10:\"printintro\";i:1;}','a:0:{}',1597167620),(7,3,'Webinar: How to Read EEG for Beginners','<p>This two-hour presentation covers the fundamentals of reading EEG:&nbsp;</p><p>1) Patterns</p><p>2) Waves</p><p>3) Waveform</p><p>4) Background Activity</p><p>...and more.&nbsp;</p><p>We all have to start somewhere, and this is a good beginning to understanding the squiggles.&nbsp;</p>',1,'https://vimeo.com/457888913',0,'a:1:{s:10:\"printintro\";i:1;}','a:0:{}',1614270268),(8,5,'Webinar: Addiction, Medication, Street Drugs & EEG','<p>This two-hour webinar covers the EEG and Neurodynamics of addiction, including all street drugs (methanphetamine, cocaine/crack, marijuana, alcohol, etc.) as well as psychopharmaceuticals (opioids, stimulants, etc.). An important tool for anyone working with patients taking medication, using drugs, 0r dealing with addictions.</p>',1,'https://vimeo.com/514474030',0,'a:1:{s:10:\"printintro\";i:1;}','a:0:{}',1614271607),(9,17,'6) Webinar: Addiction, Medication, Street Drugs & EEG','<p>This two-hour webinar covers the EEG and neurodynamics of addiction, including all street drugs (methanphetamine, cocaine/crack, marijuana, alcohol, etc.) as well as psychopharmaceuticals (opioids, stimulants, etc.). An important tool for anyone working\r\n    with patients taking medication, using drugs, or dealing with addictions.</p>\r\n<iframe src=\"https://player.vimeo.com/video/514474030?h=e7a49ef3e9&amp;color=13979b&amp;title=0&amp;portrait=0\" width=\"640\" height=\"360\" frameborder=\"0\" allow=\"autoplay; fullscreen; picture-in-picture\" allowfullscreen=\"\"></iframe>\r\n<p><br></p>',1,'https://vimeo.com/514474030',0,'a:1:{s:10:\"printintro\";i:1;}','a:0:{}',1655387294),(10,15,'Webinar: The Artform of Artifacting EEG','<p>This webinar covers nine types of common artifacts in the EEG:</p><p>1) muscle contamination</p><p>2) eye movement</p><p>3) medication \"artifacts\"</p><p>4) sweat</p><p>5) environmental noise</p><p>6) equipment artifacts</p><p>7) salt bridge</p><p>8) heartbeat</p><p>9) drowsiness</p>',1,'https://www.youtube.com/watch?v=eMBOXc1Dil0&feature=youtu.be',0,'a:1:{s:10:\"printintro\";i:0;}','a:0:{}',1616796383),(11,15,'Webinar: How to Read EEG for Beginners','<p>This two-hour presentation covers the fundamentals of reading EEG:&nbsp;</p><p>1) Patterns</p><p>2) Waves</p><p>3) Waveform</p><p>4) Background Activity</p><p>...and more.&nbsp;</p><p>We all have to start somewhere, and this is a good beginning to understanding the squiggles.&nbsp;</p>',1,'https://vimeo.com/457888913',0,'a:1:{s:10:\"printintro\";i:1;}','a:0:{}',1614270268),(12,20,'Neurofield Neurofeedback in Seven Minutes','<p>This short video shows a process where we set up a neurofeedback protocol, paired with a neurostimulation modality.</p>\r\n<p><br></p>\r\n<iframe width=\"560\" height=\"315\" src=\"https://www.youtube.com/embed/NSIT2va2KPQ\" title=\"YouTube video player\" frameborder=\"0\" allow=\"accelerometer; autoplay; clipboard-write; encrypted-media; gyroscope; picture-in-picture\" allowfullscreen=\"\"></iframe>',1,'https://www.youtube.com/watch?v=NSIT2va2KPQ',0,'a:1:{s:10:\"printintro\";i:1;}','a:0:{}',1655745077),(13,20,'Neurofield Amplitude Training Neurofeedback in Six Minutes','<p>\r\n  <iframe width=\"560\" height=\"315\" src=\"https://www.youtube.com/embed/Mdv9SvYJ0RY\" title=\"YouTube video player\" frameborder=\"0\" allow=\"accelerometer; autoplay; clipboard-write; encrypted-media; gyroscope; picture-in-picture\" allowfullscreen=\"\"></iframe><br></p>\r\n<iframe width=\"560\" height=\"315\" src=\"https://www.youtube.com/embed/Mdv9SvYJ0RY\" title=\"YouTube video player\" frameborder=\"0\" allow=\"accelerometer; autoplay; clipboard-write; encrypted-media; gyroscope; picture-in-picture\" allowfullscreen=\"\"></iframe>',1,'https://www.youtube.com/watch?v=Mdv9SvYJ0RY',0,'a:1:{s:10:\"printintro\";i:1;}','a:0:{}',1655745283);

--
-- Table structure for table `mdl_user`
--

CREATE TABLE `mdl_user` (
  `id` bigint(10) NOT NULL AUTO_INCREMENT,
  `auth` varchar(20) NOT NULL DEFAULT 'manual',
  `confirmed` tinyint(1) NOT NULL DEFAULT '0',
  `policyagreed` tinyint(1) NOT NULL DEFAULT '0',
  `deleted` tinyint(1) NOT NULL DEFAULT '0',
  `suspended` tinyint(1) NOT NULL DEFAULT '0',
  `mnethostid` bigint(10) NOT NULL DEFAULT '0',
  `username` varchar(100) NOT NULL DEFAULT '',
  `password` varchar(255) NOT NULL DEFAULT '',
  `idnumber` varchar(255) NOT NULL DEFAULT '',
  `firstname` varchar(100) NOT NULL DEFAULT '',
  `lastname` varchar(100) NOT NULL DEFAULT '',
  `email` varchar(100) NOT NULL DEFAULT '',
  `emailstop` tinyint(1) NOT NULL DEFAULT '0',
  `icq` varchar(15) NOT NULL DEFAULT '',
  `skype` varchar(50) NOT NULL DEFAULT '',
  `yahoo` varchar(50) NOT NULL DEFAULT '',
  `aim` varchar(50) NOT NULL DEFAULT '',
  `msn` varchar(50) NOT NULL DEFAULT '',
  `phone1` varchar(20) NOT NULL DEFAULT '',
  `phone2` varchar(20) NOT NULL DEFAULT '',
  `institution` varchar(255) NOT NULL DEFAULT '',
  `department` varchar(255) NOT NULL DEFAULT '',
  `address` varchar(255) NOT NULL DEFAULT '',
  `city` varchar(120) NOT NULL DEFAULT '',
  `country` varchar(2) NOT NULL DEFAULT '',
  `lang` varchar(30) NOT NULL DEFAULT 'en',
  `calendartype` varchar(30) NOT NULL DEFAULT 'gregorian',
  `theme` varchar(50) NOT NULL DEFAULT '',
  `timezone` varchar(100) NOT NULL DEFAULT '99',
  `firstaccess` bigint(10) NOT NULL DEFAULT '0',
  `lastaccess` bigint(10) NOT NULL DEFAULT '0',
  `lastlogin` bigint(10) NOT NULL DEFAULT '0',
  `currentlogin` bigint(10) NOT NULL DEFAULT '0',
  `lastip` varchar(45) NOT NULL DEFAULT '',
  `secret` varchar(15) NOT NULL DEFAULT '',
  `picture` bigint(10) NOT NULL DEFAULT '0',
  `url` varchar(255) NOT NULL DEFAULT '',
  `description` longtext,
  `descriptionformat` tinyint(2) NOT NULL DEFAULT '1',
  `mailformat` tinyint(1) NOT NULL DEFAULT '1',
  `maildigest` tinyint(1) NOT NULL DEFAULT '0',
  `maildisplay` tinyint(2) NOT NULL DEFAULT '2',
  `autosubscribe` tinyint(1) NOT NULL DEFAULT '1',
  `trackforums` tinyint(1) NOT NULL DEFAULT '0',
  `timecreated` bigint(10) NOT NULL DEFAULT '0',
  `timemodified` bigint(10) NOT NULL DEFAULT '0',
  `trustbitmask` bigint(10) NOT NULL DEFAULT '0',
  `imagealt` varchar(255) DEFAULT NULL,
  `lastnamephonetic` varchar(255) DEFAULT NULL,
  `firstnamephonetic` varchar(255) DEFAULT NULL,
  `middlename` varchar(255) DEFAULT NULL,
  `alternatename` varchar(255) DEFAULT NULL,
  PRIMARY KEY (`id`),
  UNIQUE KEY `mdl_user_mneuse_uix` (`mnethostid`,`username`),
  KEY `mdl_user_del_ix` (`deleted`),
  KEY `mdl_user_con_ix` (`confirmed`),
  KEY `mdl_user_fir_ix` (`firstname`),
  KEY `mdl_user_las_ix` (`lastname`),
  KEY `mdl_user_cit_ix` (`city`),
  KEY `mdl_user_cou_ix` (`country`),
  KEY `mdl_user_las2_ix` (`lastaccess`),
  KEY `mdl_user_ema_ix` (`email`),
  KEY `mdl_user_aut_ix` (`auth`),
  KEY `mdl_user_idn_ix` (`idnumber`),
  KEY `mdl_user_fir2_ix` (`firstnamephonetic`),
  KEY `mdl_user_las3_ix` (`lastnamephonetic`),
  KEY `mdl_user_mid_ix` (`middlename`),
  KEY `mdl_user_alt_ix` (`alternatename`)
) ENGINE=InnoDB AUTO_INCREMENT=366 DEFAULT CHARSET=utf8mb4 ROW_FORMAT=COMPRESSED COMMENT='One record for each person';

--
-- Dumping data for table `mdl_user`
--

INSERT INTO `mdl_user` VALUES (1,'manual',1,0,0,0,1,'guest','$2y$10$.6SG6qVLfw7KKnop8u7Jb.xsFl7xJAb24sPLxep7.Mj2NK323RqUS','','Guest user',' ','root@localhost',0,'','','','','','','','','','','','','en','gregorian','','99',0,0,0,0,'','',0,'','This user is a special user that allows read-only access to some courses.',1,1,0,2,1,0,0,1551371083,0,NULL,NULL,NULL,NULL,NULL),(2,'manual',1,0,0,0,1,'master','$2y$10$Beo5xW3jS08QQx8NUdU8XuKS37YUo4EwemvWsGVk4AlL7C7t2PoPG','','Amber','Wallace','amber@dowitcherdesigns.com',0,'','','','','','','','','','','Santa Barbara','US','en','gregorian','','America/Los_Angeles',1551371139,1606848954,1602244601,1606848954,'184.186.225.22','',0,'','',1,1,0,0,1,0,0,1601640765,0,'','','','',''),(3,'manual',1,0,0,0,1,'tiff','$2y$10$q.8VT5heZYzvqAqTIQyOOe7qissyyGGZXO0nwenC8pLoKn8L6OQWS','','Tiff','Thompson','tiffthompson@gmail.com',0,'','','','','','','','','','','','','en','gregorian','','99',1553204924,1669138739,1669053388,1669137231,'47.146.25.46','',18671,'','',1,1,0,0,1,0,1553005282,1643843378,0,'','','','',''),(4,'email',1,0,0,0,1,'randheer','$2y$10$aVFXivBza3J4pEmteYDU1.rC1PW26EDvkxyeYOvrEdplj72SwfuLC','','Randy','K','randhir.katiyar@gmail.coom',0,'','','','','','','','','','','','IN','en','gregorian','','99',1564053069,1614726488,1607955659,1614726488,'23.241.65.155','vbagXXYwkoShQFG',0,'','',1,1,0,2,1,0,1564052363,1587658881,0,'','','','',''),(5,'manual',1,0,0,0,1,'edwiser','$2y$10$35RXCh.K9/WjFf0A4RMz8OqlzNL96LIikcQss4gWY6gbOWofb9g8i','','edwiser','edwiser','mtx_randheer@yahoo.com',0,'','','','','','','','','','','','','en','gregorian','','99',1571726763,1571735922,1571726763,1571735519,'49.248.66.230','',0,'','',1,1,0,2,1,0,1571726573,1571726573,0,'','','','',''),(6,'manual',1,0,0,0,1,'aidam','$2y$10$0MWBIBjv/qFMBcHRBR1fv.nWvouCW0A.pKmgcZw/esMm/DgUrzU6e','','Test','Test','butterflygh8@gmail.com',0,'','','','','','','','','','','','','en','gregorian','','99',1571800654,1626859269,1626857703,1626857815,'203.184.45.146','',0,'',NULL,1,1,0,2,1,0,1571800650,1599752901,0,NULL,NULL,NULL,NULL,NULL),(7,'manual',1,0,0,0,1,'alans','$2y$10$iuxMf9cC9Pcn14d2qrVnqudYgR7vUuwrSUr0j5h4Pz/1MJMHUiFbG','','ramu','patel','ajs@brainstrengthtraining.com',0,'','','','','','','','','','','','','en','gregorian','','99',1572320338,1666278105,1666110091,1666278105,'68.199.238.198','',0,'',NULL,1,1,0,2,1,0,1571855847,1663954845,0,NULL,NULL,NULL,NULL,NULL),(8,'manual',1,0,0,0,1,'bryanl','$2y$10$vBGMrEaQUmWl9Hcw.H7Qh.4bOgnkPvKlgPOUVT4e0AKoFp8dsls5.','','Bryan L','Butler','bryan@fosterthemind.org',0,'','','','','','','','','','','','','en','gregorian','','99',1571941562,1667961925,1667961792,1667961925,'98.15.88.44','',0,'',NULL,1,1,0,2,1,0,1571941251,1601826452,0,NULL,NULL,NULL,NULL,NULL),(9,'manual',1,0,0,0,1,'lindab','$2y$10$Aol9YXcqS8SLw84OW06wCeXM05uT.xhw00eA5gIRaLYL94bDydKz2','','Linda','Beckett','info@clearmindneurotherapy.com',0,'','','','','','','','','','','','','en','gregorian','','99',1606768053,1663671586,1652314344,1663671586,'107.179.231.246','',0,'',NULL,1,1,0,2,1,0,1571941859,1613828870,0,NULL,NULL,NULL,NULL,NULL),(10,'manual',1,0,0,0,1,'emilyt','$2y$10$F9Seiqtmmi5tFg95LTumLev9GH5JsliZgNDNU4tg4cqRN6opp5F4a','','Emily','Thomas','emil.j.thom@gmail.com',0,'','','','','','','','','','','','','en','gregorian','','99',1574389637,1668812468,1668809245,1668809647,'70.161.210.213','',0,'',NULL,1,1,0,2,1,0,1571942026,1609809058,0,NULL,NULL,NULL,NULL,NULL),(11,'manual',1,0,0,0,1,'colinr','$2y$10$8GZDxDG1Z6oh5KRzJgxlt.wc921mUcYnBVuT7Y.90EVtlKJaBzafu','','Colin','Robertson','colinrobertson53@btinternet.com',0,'','','','','','','','','','','','','en','gregorian','','99',1571942307,1571942307,0,1571942307,'106.215.103.207','',0,'',NULL,1,1,0,2,1,0,1571942254,1571942254,0,NULL,NULL,NULL,NULL,NULL),(12,'manual',1,0,0,0,1,'laurenh','$2y$10$93b6mV1zL6EaY/heRgpfkuYG7AE6PGWKUsM8d/KsLjFErM2f9T0Va','','Lauren','Haggerty','lkhaggs@yahoo.com',0,'','','','','','','','','','','','','en','gregorian','','99',1608160445,1655218315,1655215082,1655218315,'96.86.40.57','',0,'',NULL,1,1,0,2,1,0,1571942443,1608160578,0,NULL,NULL,NULL,NULL,NULL),(13,'manual',1,0,0,0,1,'williamv','$2y$10$OagY4mIc5ZSuKKH0/esxieWMut1OE05LLz2WO1ZUm5gst4GsL1.IG','','William','Vickers','wvickers25@gmail.com',0,'','','','','','','','','','','','','en','gregorian','','99',1601130568,1663267424,1663267347,1663267424,'174.194.143.149','',0,'',NULL,1,1,0,2,1,0,1571942568,1663266877,0,NULL,NULL,NULL,NULL,NULL),(14,'manual',1,0,0,0,1,'kyleb','$2y$10$ik2BIFrj69C6Tp6RmOtbf.RTz5DDKA3dOV4M.yqntOzv6to5kt1V2','','Kyle','Bonesteel','krbonesteel@hotmail.com',0,'','','','','','','','','','','','','en','gregorian','','99',0,0,0,0,'','',0,'',NULL,1,1,0,2,1,0,1571942695,1571942695,0,NULL,NULL,NULL,NULL,NULL),(15,'manual',1,0,0,0,1,'carlab','$2y$10$b2u/hABU7dSkjBjjIM4F8u2KdVQ1SusO5YWyuN4imHlmO4R9cI3Lm','','Carla','Bittencourt','calbittencourt@gmail.com',0,'','','','','','','','','','','','','en','gregorian','','99',0,0,0,0,'','',0,'',NULL,1,1,0,2,1,0,1571942826,1571942826,0,NULL,NULL,NULL,NULL,NULL),(16,'manual',1,0,0,0,1,'erinj','$2y$10$NQOrG3HtC4x5Q4X8AGb3G.uJXlZB8rW3u5XE.0CUcXp2PHYundGge','','Erin','Jurich-Finney','ejurichfinney@gmail.com',0,'','','','','','','','','','','','','en','gregorian','','99',1610722156,1655228057,1610722270,1655228057,'66.171.90.184','',0,'',NULL,1,1,0,2,1,0,1571942927,1655228022,0,NULL,NULL,NULL,NULL,NULL),(17,'manual',1,0,0,0,1,'amandag','$2y$10$xphZNV4Pc8H.dJR0ZhxSt.cTETILMuOJdFGTld1lQiBy0OexBZf6i','','Amanda','Gretsch','amandajaneotr@yahoo.com',0,'','','','','','','','','','','','','en','gregorian','','99',1609205172,1669139060,1669139045,1669139060,'70.174.243.88','',0,'',NULL,1,1,0,2,1,0,1571943070,1621456561,0,NULL,NULL,NULL,NULL,NULL),(18,'manual',1,0,0,0,1,'barryj','$2y$10$2j//Gw8W6a5zygtaNUR6jeqCY7CqqYSXfDfzUed4uYUfwHCBafrWq','','Barryj','B','drbarryjay@comcast.net',0,'','','','','','','','','','','','','en','gregorian','','99',1607106914,1656610679,1656609370,1656610679,'50.77.195.58','',0,'',NULL,1,1,0,2,1,0,1571943232,1607106892,0,NULL,NULL,NULL,NULL,NULL),(19,'manual',1,0,0,0,1,'henryo','$2y$10$zokbWsMdn2DWCjos08hqX.J7JsmzS7nmva45KlIfLeCrL.1kBoNXa','','Henry','Owens','howens46@hotmail.com',0,'','','','','','','','','','','','','en','gregorian','','99',1571999335,1571999362,1571999335,1571999362,'122.177.140.142','',0,'',NULL,1,1,0,2,1,0,1571943365,1571943365,0,NULL,NULL,NULL,NULL,NULL),(20,'manual',1,0,0,0,1,'wiliamc','$2y$10$yDYjx8BE0PrTJXykumQE5O7OGVcBzGtLUIo8uOJWuxZbZb0Y9G5t6','','Wiliam','Collins','wgcphd@rhistl.com',0,'','','','','','','','','','','','','en','gregorian','','99',1635366482,1667587614,1666189124,1667587614,'68.188.98.110','',0,'',NULL,1,1,0,2,1,0,1571943486,1635366427,0,NULL,NULL,NULL,NULL,NULL),(21,'manual',1,0,0,0,1,'sherir','$2y$10$nTAOhe2fkNgtgkTrgQwDWe1JnaUbFEJ.17ZqDNdF9q59nLUVRrt9q','','Sheri','Reichman','optimalbraintraining@gmail.com',0,'','','','','','','','','','','','','en','gregorian','','99',0,0,0,0,'','',0,'',NULL,1,1,0,2,1,0,1571943597,1571943597,0,NULL,NULL,NULL,NULL,NULL),(22,'manual',1,0,0,0,1,'robertask','$2y$10$41KS/TNP6jlKHndv/I0UDeomngIUbcmhtutVQlA8IP.j3FgjPueRK','','Robertas','Katilius','r.katilius@ucl.ac.uk',0,'','','','','','','','','','','London','GB','en','gregorian','','Europe/London',1600151431,1654374720,1605888956,1654374720,'88.202.186.131','',32372,'','I am interested in Neurofeedback, Biofeedback, Quantum Biofeedback, Biorezonance ',1,1,1,1,1,1,1571943778,1654374694,0,'','','','',''),(23,'manual',1,0,0,0,1,'andreaa','$2y$10$qilQKVBTobD2ItNVlrFSKummptR6jQHIMwnF3SRAC1HdAVgdJa/K2','','Andrea','ARAUJO','andrea@empowerhealth.ca',0,'','','','','','','','','','','','','en','gregorian','','99',1595178256,1595178256,0,1595178256,'122.177.64.140','',0,'',NULL,1,1,0,2,1,0,1571943887,1571943887,0,NULL,NULL,NULL,NULL,NULL),(24,'manual',1,0,0,0,1,'keithz','$2y$10$cWsvRUo9ZVfQwEtm976EkeHt/r8uDXHEhe8VU4wM7.K7BtaO7jGia','','Keith','Zukiwski','keith@drzukiwski.com',0,'','','','','','','','','','','','','en','gregorian','','99',0,0,0,0,'','',0,'',NULL,1,1,0,2,1,0,1571944411,1571944411,0,NULL,NULL,NULL,NULL,NULL),(25,'manual',1,0,0,0,1,'jerryr','$2y$10$hTaxFuDJdeNjnlJ8SibFLeXVYF6VjLP2UBPjjIzi7Ji7YON2bUbVS','','Jerry','R','jrdevore@comcast.net',0,'','','','','','','','','','','','','en','gregorian','','99',1614112691,1667260474,1664917290,1667260474,'67.185.9.54','',0,'',NULL,1,1,0,2,1,0,1571945254,1630095829,0,NULL,NULL,NULL,NULL,NULL),(26,'manual',1,0,0,0,1,'larrym','$2y$10$BQ/JTUV2nNETG9xSEHSc7u0JWgm.k.c5H.SMApi5d3hZBWlEAMEMe','','Larry','Mynatt','soundbrain@gmail.com',0,'','','','','','','','','','','','','en','gregorian','','99',1607218984,1668619164,1666195880,1668619164,'24.91.155.212','',0,'',NULL,1,1,0,2,1,0,1571945379,1607218968,0,NULL,NULL,NULL,NULL,NULL),(27,'manual',1,0,0,0,1,'albertob','$2y$10$9ZtNOoVvNALWBJ.FimFa0.DmvKD68swJ/geZmwU3A7NUfsivWjiiu','','Alberto','Blasi','drblasi@gmail.com',0,'','','','','','','','','','','','','en','gregorian','','99',1597300961,1668206702,1667530178,1668206702,'76.37.207.131','',0,'',NULL,1,1,0,2,1,0,1571945479,1624932958,0,NULL,NULL,NULL,NULL,NULL),(28,'manual',1,0,0,0,1,'gaild','$2y$10$BxZUIN5kepX19Aek8MMA1ueKaKZrRxKFLht9vBwpol7H5MKGj68Qi','','Gaild','Durgin','nyuphd@aol.com',0,'','','','','','','','','','','','','en','gregorian','','99',1571945704,1571945704,0,1571945704,'106.215.103.207','',0,'',NULL,1,1,0,2,1,0,1571945591,1609805011,0,NULL,NULL,NULL,NULL,NULL),(29,'manual',1,0,0,0,1,'robertw','$2y$10$7ulK0FfVkGrDF2kCvNHnTOmeLrlcY24ft9aoIYD.eFXwpfFVbdHPW','','Robert','W','rdavis@bandcenterllc.com',0,'','','','','','','','','','','','','en','gregorian','','99',0,0,0,0,'','',0,'',NULL,1,1,0,2,1,0,1571945673,1571945673,0,NULL,NULL,NULL,NULL,NULL),(30,'manual',1,0,0,0,1,'melindap','$2y$10$T7Dspps/IjUlT7S2yOzXte2L.X15Xzfud8pcNW4LjFnKB2XhlsQwi','','Melinda','Pifer','mpifer5@gmail.com',0,'','','','','','','','','','','','','en','gregorian','','99',1609800023,1609800023,0,1609800023,'104.235.144.79','',0,'',NULL,1,1,0,2,1,0,1571945837,1609799865,0,NULL,NULL,NULL,NULL,NULL),(31,'manual',1,0,0,0,1,'laurac','$2y$10$MBZjqqz3l5TjdVLLZZYFQOLY2fOBHZ7Jn3qEYzE8UCzoyPweGGZji','','Laura','Childers','laurachilderslpc@gmail.com',0,'','','','','','','','','','','','','en','gregorian','','99',1602381604,1667315475,1663626123,1667315475,'98.201.200.94','',0,'',NULL,1,1,0,2,1,0,1571945928,1602381571,0,NULL,NULL,NULL,NULL,NULL),(32,'manual',1,0,0,0,1,'prestonp','$2y$10$d5vqERU1JscJVDeQzwwBCu8z/5YB.mpv0olq72ifBRQ70ch.XCzSS','','Preston','Patterson','preston@centerforthehealingarts.com',0,'','','','','','','','','','','','','en','gregorian','','99',1603306274,1603306975,1603306442,1603306975,'71.214.151.91','',0,'',NULL,1,1,0,2,1,0,1571946031,1603306234,0,NULL,NULL,NULL,NULL,NULL),(33,'manual',1,0,0,0,1,'orlip','$2y$10$PQybxulG.GkFDGIdwO2Cb.tS0eDtJ0h4sCg1iypZGs48pHxRtrIdW','','Orli','Peter','orlipeter@gmail.com',0,'','','','','','','','','','','','','en','gregorian','','99',1601618077,1623123752,1623109101,1623123752,'99.98.3.45','',0,'',NULL,1,1,0,2,1,0,1571946115,1601618021,0,NULL,NULL,NULL,NULL,NULL),(34,'manual',1,0,0,0,1,'lizs','$2y$10$po37qiLBydGY1v6ocoPAPufAXkJiPv36z4h62xamhzNMzlPO7e7ii','','Liz','Schroth','lizschroth@gmail.com',0,'','','','','','','','','','','','','en','gregorian','','99',0,0,0,0,'','',0,'',NULL,1,1,0,2,1,0,1571946228,1571946228,0,NULL,NULL,NULL,NULL,NULL),(35,'manual',1,0,0,0,1,'henry','$2y$10$Jsj0v70SMI09m7wwWFteWeaAQHPuupW2yIv3AMUebiF1dOwcO84m6','','Henry','J','drhpsy@gmail.com',0,'','','','','','','','','','','','','en','gregorian','','99',1571950664,1633448788,1616085637,1633448788,'108.53.238.208','',0,'',NULL,1,1,0,2,1,0,1571946364,1610982774,0,NULL,NULL,NULL,NULL,NULL),(36,'manual',1,0,0,0,1,'ashelyd','$2y$10$K6w3BzXWJNkZPeXKrlzyPuX79CL5bpfr.gFNpTXlEP1uOog54HW02','','ashelyd','WENDLAND','ashley.wendland@gmail.com',0,'','','','','','','','','','','','','en','gregorian','','99',1593782060,1618340166,1595951477,1618340166,'50.52.18.14','',0,'',NULL,1,1,0,2,1,0,1571946467,1618340146,0,NULL,NULL,NULL,NULL,NULL),(37,'manual',1,0,0,0,1,'ryan','$2y$10$D4Ebr3m6oXS3WFH52k/yN.MKnZ9JbkSGw0b8JdNNm9XB47Deor53a','','Ryan','Watson','ryan.k.watson@hotmail.com',0,'','','','','','','','','','','','','en','gregorian','','99',1643818667,1643838520,1643818667,1643838520,'107.242.125.61','',0,'',NULL,1,1,0,2,1,0,1571946562,1643818627,0,NULL,NULL,NULL,NULL,NULL),(38,'manual',1,0,0,0,1,'luisp','$2y$10$wXkdSbV2mTpbvqvF/lQOOu2lLBN4iVkT.h0xtYcLcTaIj7/hq3eem','','luis','paulo','lpcotrim@gmail.com',0,'','','','','','','','','','','','','en','gregorian','','99',0,0,0,0,'','',0,'',NULL,1,1,0,2,1,0,1571946658,1571946658,0,NULL,NULL,NULL,NULL,NULL),(39,'manual',1,0,0,0,1,'kens','$2y$10$2lVHd/sEbWDSBNkgM/019uh.RHEwYHNUepBW9F5iS4Xj.LeTZq01O','','Kens','Sherman','kensherman@sbcglobal.net',0,'','','','','','','','','','','','','en','gregorian','','99',0,0,0,0,'','',0,'',NULL,1,1,0,2,1,0,1571946748,1571946748,0,NULL,NULL,NULL,NULL,NULL),(40,'manual',1,0,0,0,1,'tiffany','$2y$10$RDtgilDuXvJGOlLIF8ywcOP0mcZgs2ljOzP8Kg1QCZ58.E/rksJeu','','Tiffany','Patton-Barnes','abbsclinic@hotmail.com',0,'','','','','','','','','','','','','en','gregorian','','99',1667527320,1667571715,1667528083,1667571715,'47.187.156.217','',0,'',NULL,1,1,0,2,1,0,1571946824,1667527310,0,NULL,NULL,NULL,NULL,NULL),(41,'manual',1,0,0,0,1,'cindyr','$2y$10$rVauhrjYY9n..KhY1Z4NQ.9fW7C5U.kB24Q.H4oiIgobDLfiCEypq','','Cindyr','Reynolds','cindy@neurofitmarin.com',0,'','','','','','','','','','','','','en','gregorian','','99',1628780278,1663363705,1652484522,1663363705,'70.184.40.86','',0,'',NULL,1,1,0,2,1,0,1571946923,1628780232,0,NULL,NULL,NULL,NULL,NULL),(42,'manual',1,0,0,0,1,'corinnes','$2y$10$j/cxTd6VPpWWOnvM8n6HY.nGUIO1NJOwHWcrajuY2u266MUaFGgJu','','Corinnes','Saunders','corinneshinyu@gmail.com',0,'','','','','','','','','','','','','en','gregorian','','99',0,0,0,0,'','',0,'',NULL,1,1,0,2,1,0,1571947030,1571947030,0,NULL,NULL,NULL,NULL,NULL),(43,'manual',1,0,0,0,1,'kristiea','$2y$10$oTlhKYE4L9k0G43WBuUBsOUL/Wc7c7fp.MZoEIRnqzb0bGDH5NJh.','','Kristiea','Alleva','kristiealleva@hotmail.com',0,'','','','','','','','','','','','','en','gregorian','','99',0,0,0,0,'','',0,'',NULL,1,1,0,2,1,0,1571947267,1571947267,0,NULL,NULL,NULL,NULL,NULL),(44,'manual',1,0,0,0,1,'lisa','$2y$10$HHkqHBWaUKcFfalBJeQtE.1wwrooZ6J2KvTbM0VGhEFHWIzpk2WtK','','lisa','cicetti','lisacicetti@yahoo.com',0,'','','','','','','','','','','','','en','gregorian','','99',0,0,0,0,'','',0,'',NULL,1,1,0,2,1,0,1571947345,1571947345,0,NULL,NULL,NULL,NULL,NULL),(45,'manual',1,0,0,0,1,'jamesc','$2y$10$GU9E9swUHHpMSkAFtX6hh.yJq5dG/BhULf9ehOiZ2OxHjfMrhd6jy','','Jamesc','Croall','jcroall@pobox.com',0,'','','','','','','','','','','','','en','gregorian','','99',1595256129,1667505587,1666100536,1667505587,'149.117.75.12','',0,'',NULL,1,1,0,2,1,0,1571947474,1642541185,0,NULL,NULL,NULL,NULL,NULL),(46,'manual',1,0,0,0,1,'wolfgang','$2y$10$74QY3QeExMdwbzkzN4p7IuVWlB6soK7ZLqcQ69NovdnME5i73aWZq','','Wolfgang','Keeser','wolfgangkeeser@mac.com',0,'','','','','','','','','','','','','en','gregorian','','99',1627491182,1644336891,1628349059,1644336891,'80.135.166.160','',0,'',NULL,1,1,0,2,1,0,1571947568,1627491167,0,NULL,NULL,NULL,NULL,NULL),(47,'manual',1,0,0,0,1,'patricia','$2y$10$vyfVGBEEG36dQ2IA6FlMMOBIxLk9mVBmatUapi3jLb1MXd.O11Xte','','Patricia','Jo','eegdrpat@gmail.com',0,'','','','','','','','','','','','','en','gregorian','','99',0,0,0,0,'','',0,'',NULL,1,1,0,2,1,0,1571947658,1571947658,0,NULL,NULL,NULL,NULL,NULL),(48,'manual',1,0,0,0,1,'shannon','$2y$10$zj5prwX/yNELPthGhq45ve1by0HDjzqKaPR/pqABvOhR3Y0EteDWS','','Shannon','Zaychuk','shannon@zaychuk.ca',0,'','','','','','','','','','','','','en','gregorian','','99',1571947804,1571947804,0,1571947804,'106.215.103.207','',0,'',NULL,1,1,0,2,1,0,1571947751,1571947751,0,NULL,NULL,NULL,NULL,NULL),(49,'manual',1,0,0,0,1,'marie','$2y$10$8xXx82/0Yh6A.NUAGB9YAeROMpJ7gP5ZPSzdVZjP0HzoOSUVCuW/G','','marie','jones','mkjones379@msn.com',0,'','','','','','','','','','','','','en','gregorian','','99',1621825938,1621825938,0,1621825938,'173.72.102.158','',0,'',NULL,1,1,0,2,1,0,1571948019,1621825487,0,NULL,NULL,NULL,NULL,NULL),(50,'manual',1,0,0,0,1,'robin','$2y$10$S0MwM430DKpxMj94t2lbuuBT9gMdZWpd8TpshGSSUMmzDTooJ9pX6','','Robin','Moore','robin.moore@execinsights.net',0,'','','','','','','','','','','','','en','gregorian','','99',0,0,0,0,'','',0,'',NULL,1,1,0,2,1,0,1571948093,1571948093,0,NULL,NULL,NULL,NULL,NULL),(51,'manual',1,0,0,0,1,'jayne','$2y$10$A9ndBK4cAGXp8oUVQFA5pO3Q.sfcL5nlmeLsbWd951uNRoC9hMnaa','','Jayne','Rutledge','jayneru@gmail.com',0,'','','','','','','','','','','','','en','gregorian','','99',0,0,0,0,'','',0,'',NULL,1,1,0,2,1,0,1571948161,1571948161,0,NULL,NULL,NULL,NULL,NULL),(52,'manual',1,0,0,0,1,'jil','$2y$10$YEwmo6c7zkthLJJ7c1IKHOXGMyAPM7Io.VE47.ZGdWQF6IRE5qo8q','','Jil','Rabaud','jil.rabaud@gmail.com',0,'','','','','','','','','','','','','en','gregorian','','99',1597235393,1668341181,1666796297,1668341181,'83.100.244.15','',0,'',NULL,1,1,0,2,1,0,1571948280,1623167565,0,NULL,NULL,NULL,NULL,NULL),(53,'manual',1,0,0,0,1,'eben','$2y$10$Y8zs7UdmxZRHpNo3hYeDj.EITSBbDU19XY2wVmWOSI9mVxsqwx39W','','Eben','Plettner','eplettner@yahoo.com',0,'','','','','','','','','','','','','en','gregorian','','99',0,0,0,0,'','',0,'',NULL,1,1,0,2,1,0,1571948375,1571948375,0,NULL,NULL,NULL,NULL,NULL),(54,'manual',1,0,0,0,1,'lara','$2y$10$.UgRoczRmWXre1u6y.dHX.3Tv6jeReWR2E5UrmEu1i4klFfanRUqG','','Lara','Schulz','lalab_@hotmail.com',0,'','','','','','','','','','','','','en','gregorian','','99',1639459690,1668290121,1668290045,1668290121,'206.83.118.134','',0,'',NULL,1,1,0,2,1,0,1571948465,1639459682,0,NULL,NULL,NULL,NULL,NULL),(55,'manual',1,0,0,0,1,'james','$2y$10$qOTZmOmIw4X6mWoeMuIli.1i8Aq9bjsA642Yn7It45scPGdAm5ENi','','James','Thomas','nurosvcs@aol.com',0,'','','','','','','','','','','','','en','gregorian','','99',1613502925,1669146059,1667950727,1669146059,'98.116.56.250','',0,'',NULL,1,1,0,2,1,0,1571948595,1632858971,0,NULL,NULL,NULL,NULL,NULL),(56,'manual',1,0,0,0,1,'ashlie','$2y$10$SpUcFPmx72.cDmNXvzKn8.iukvY/VoCYT1w/uN9vCRXngzGudvwCi','','Ashlie','Bell','drbell@neurogrove.com',0,'','','','','','','','','','','','','en','gregorian','','99',1595395412,1668208622,1668208532,1668208622,'174.198.131.70','',0,'',NULL,1,1,0,2,1,0,1571948754,1595395175,0,NULL,NULL,NULL,NULL,NULL),(57,'manual',1,0,0,0,1,'tori','$2y$10$2CP0l46SnTEQsJtmalJMSeQgOKq2u.rlSJgxL3Gtry40jOYSmfptW','','Tori','Trask','ttraskmft@gmail.com',0,'','','','','','','','','','','','','en','gregorian','','99',0,0,0,0,'','',0,'',NULL,1,1,0,2,1,0,1571948856,1571948856,0,NULL,NULL,NULL,NULL,NULL),(58,'manual',1,0,0,0,1,'melissa','$2y$10$sqBF9BJlIcCW6OW.kNXpl.ugJFAE64m0AkJnxxW6uyR5ksF5Os6fa','','Melissa','Micnhimer','melissahansen1991@gmail.com',0,'','','','','','','','','','','','','en','gregorian','','99',1662396763,1668702246,1668187185,1668699589,'184.96.227.247','',0,'',NULL,1,1,0,2,1,0,1571948949,1662396723,0,NULL,NULL,NULL,NULL,NULL),(59,'manual',1,0,0,0,1,'kenneth','$2y$10$5Bg8kD9BuFd9tEXPDnlaTuvSqEk6Dfq20ov.zPetEqLo25wYmfxzS','','Kenneth','Olson','bridgerpsy@yahoo.com',0,'','','','','','','','','','','','','en','gregorian','','99',1618590651,1658509599,1658509378,1658509599,'69.145.54.19','',0,'',NULL,1,1,0,2,1,0,1571949036,1618590624,0,NULL,NULL,NULL,NULL,NULL),(60,'manual',1,0,0,0,1,'julian','$2y$10$6Qe1eSyEV6nK5XJdgacVZO4X7fcguQQMj0f3EyKidKuPMvArb38A2','','Julian','Varela','jvarela@julianjvarela.com',0,'','','','','','','','','','','','','en','gregorian','','99',0,0,0,0,'','',0,'',NULL,1,1,0,2,1,0,1571949121,1571949121,0,NULL,NULL,NULL,NULL,NULL),(61,'manual',1,0,0,0,1,'yelena','$2y$10$mwM4l09RjlijA80/G/g.Wu/NtWFpYi9l6NvFioPKikA8jgSaXSx2u','','Yelena','Lapidus','yandgclinic1@gmail.com',0,'','','','','','','','','','','','','en','gregorian','','99',0,0,0,0,'','',0,'',NULL,1,1,0,2,1,0,1571949189,1571949189,0,NULL,NULL,NULL,NULL,NULL),(62,'manual',1,0,0,0,1,'gayl','$2y$10$jWL.p4JS./zSPutJgqL9mOoHagax2HV6m2X00xFh9DkmGDrmjR89G','','Gay','Teurman','drteurman@gmail.com',0,'','','','','','','','','','','','','en','gregorian','','99',0,0,0,0,'','',0,'',NULL,1,1,0,2,1,0,1571949274,1571949274,0,NULL,NULL,NULL,NULL,NULL),(63,'manual',1,0,0,0,1,'alison','$2y$10$k4ZVGk4qaL7w7qJ832CRbuBAqxc2ZfchRykRsZTAuFBDguIRdgUWO','','Alison','Ooms','aooms@saybrook.edu',0,'','','','','','','','','','','','','en','gregorian','','99',1610423526,1663685282,1660752757,1663685282,'162.231.142.232','',0,'',NULL,1,1,0,2,1,0,1571949407,1612231572,0,NULL,NULL,NULL,NULL,NULL),(64,'manual',1,0,0,0,1,'gretchen','$2y$10$8dPRMb/eWGIMXZWOqCT87O95xYolkA/sOhFkH8w4rtlJNz1PhKbiW','','Gretchen','Morse','gretchen@mmneuro.com',0,'','','','','','','','','','','','','en','gregorian','','99',0,0,0,0,'','',0,'',NULL,1,1,0,2,1,0,1571949494,1571949494,0,NULL,NULL,NULL,NULL,NULL),(65,'manual',1,0,0,0,1,'randall','$2y$10$fEt1iCkRcH1hCe4.zISFP.HQJrWZeG.6uXFUsHvxX45TFK6Hy4Uu2','','Randall','R','rlyle@randallrlylephd.com',0,'','','','','','','','','','','','','en','gregorian','','99',1586519742,1590947459,1586607806,1590945966,'122.177.0.85','',0,'',NULL,1,1,0,2,1,0,1571949610,1571949610,0,NULL,NULL,NULL,NULL,NULL),(66,'manual',1,0,0,0,1,'esko','$2y$10$AMoRw7NdwfwFjJE4XLB0suH0weFAPUVKs1VJr4VlJCLw5DgDS0HDW','','Esko','Vaisanen','evaisanen@cogeco.ca',0,'','','','','','','','','','','','','en','gregorian','','99',1571949753,1571949753,0,1571949753,'106.215.103.207','',0,'',NULL,1,1,0,2,1,0,1571949729,1571949729,0,NULL,NULL,NULL,NULL,NULL),(67,'manual',1,0,0,0,1,'edith','$2y$10$D9Zrqi.Zpm5o3y075boLgOZOFIEvjFi67YHEZopCvlKwArk/N5geG','','Dr. med. Edith Schneider','Bahnhofstr.','dr.edith.schneider@t-online.de',0,'','','','','','','','','','','','','en','gregorian','','99',0,0,0,0,'','',0,'',NULL,1,1,0,2,1,0,1571949949,1571949949,0,NULL,NULL,NULL,NULL,NULL),(68,'manual',1,0,0,0,1,'satoshi','$2y$10$4dGSpU/xpNgdm8Yys9FkS.XS256pUsRA2l58U4NwIIVn9FI0MHCxS','','Satoshi','Takeuchi','psm@take-clinic.com',0,'','','','','','','','','','','','','en','gregorian','','99',0,0,0,0,'','',0,'',NULL,1,1,0,2,1,0,1571950078,1571950078,0,NULL,NULL,NULL,NULL,NULL),(69,'manual',1,0,0,0,1,'iris','$2y$10$iyOoKT3pg7cM.cZ44EZfN.T3qUGFMDk99CDT5alP0RCUYMuzMEJei','','Dr. iris','Baker','ieb@netspace.net.au',0,'','','','','','','','','','','','','en','gregorian','','99',1667526227,1667526227,0,1667526227,'110.141.148.146','',0,'',NULL,1,1,0,2,1,0,1571950202,1667526201,0,NULL,NULL,NULL,NULL,NULL),(70,'manual',1,0,0,0,1,'jeannine','$2y$10$3QrCkqfsMk4T2rzldtBiruRJ5lnyU/XgHzYRDB7zb/HSh8pJ1XDp6','','Jeannine','Calaba','jeanninecalaba@gmail.com',0,'','','','','','','','','','','','','en','gregorian','','99',0,0,0,0,'','',0,'',NULL,1,1,0,2,1,0,1571950290,1571950290,0,NULL,NULL,NULL,NULL,NULL),(71,'manual',1,0,0,0,1,'susan','$2y$10$w85Ls2oh2sDZ4qZO8fM6l.d.9bwISLMXysK6yiWHrkQalvQFWdmzC','','Susan','Robin','ssarrobin@gmail.com',0,'','','','','','','','','','','','','en','gregorian','','99',1597816131,1609354168,1609354138,1609354168,'75.155.192.237','',0,'',NULL,1,1,0,2,1,0,1571950461,1597815999,0,NULL,NULL,NULL,NULL,NULL),(72,'manual',1,0,0,0,1,'albert','$2y$10$tY75W8EzQzyID/Z8bwJsZeeSQQ2HrjxB.7BBOzuwJ8Lcyz2Ikwx8u','','Albert','Philip','ajphilip@shaw.ca',0,'','','','','','','','','','','','','en','gregorian','','99',1591364744,1591894654,1591365218,1591894654,'122.177.174.69','',0,'',NULL,1,1,0,2,1,0,1571950539,1571950539,0,NULL,NULL,NULL,NULL,NULL),(73,'manual',1,0,0,0,1,'stephanie','$2y$10$AYvga4V1jSIovS1ILR0tx.wfNqC3wfGs2Em/UoWLG6qE39.le4Br.','','Stephanie','Varga','stephanie@brainhealthcentrealberta.com',0,'','','','','','','','','','','','','en','gregorian','','99',0,0,0,0,'','',0,'',NULL,1,1,0,2,1,0,1571950645,1571950645,0,NULL,NULL,NULL,NULL,NULL),(74,'manual',1,0,0,0,1,'shannont','$2y$10$HWTyNo4Mv8d76krndKvu6O3HO3Q9fliloBVFQpWaVM2ts1hvhXAfm','','Shannon','Thiessen','shannonthiessen@hotmail.com',0,'','','','','','','','','','','','','en','gregorian','','99',1571951094,1657736943,1657736929,1657736943,'184.65.90.66','',0,'',NULL,1,1,0,2,1,0,1571950936,1599013355,0,NULL,NULL,NULL,NULL,NULL),(75,'manual',1,0,0,0,1,'ericak','$2y$10$004SOV3dITAO5X5as0eEIOSIAa7jJJ.yuPLnctbWNTFxGe8DJGUN2','','Ericak','Kube','erica@neurotherapynebraska.com',0,'','','','','','','','','','','','','en','gregorian','','99',0,0,0,0,'','',0,'',NULL,1,1,0,2,1,0,1571992733,1571992733,0,NULL,NULL,NULL,NULL,NULL),(76,'manual',1,0,0,0,1,'tanyaz','$2y$10$p7k3sTorenChgBY0EP5pwOCoxaMOFpVQRiQfCS3aA7FO5KPbi37e.','','Tanya','Zaleschuk','tanya@apogeeeducational.com',0,'','','','','','','','','','','Bishop','','en','gregorian','','America/Vancouver',1598553632,1667953468,1609870335,1667953468,'209.33.44.115','',32390,'','',1,1,0,2,1,0,1572006495,1600981728,0,'','','','',''),(77,'manual',1,0,0,0,1,'amber.wallace','$2y$10$VDCQF4LWsyAt5euZuTdNK.ycwZp/zSHVe/u0Quu2otigxf269LzDy','','Amber','Wallace','dowitcherdesigns@gmail.com',0,'','','','','','','','','','','','','en','gregorian','','99',1586180253,1586180253,0,1586180253,'91.207.175.176','',0,'',NULL,1,1,0,2,1,0,1573491397,1573491397,0,NULL,NULL,NULL,NULL,NULL),(78,'manual',1,0,0,0,1,'dan dinsmoor','$2y$10$gpv5/6j7Xf6Avqdl30vUZ.lStl6Q9BDv4J1lnoVSM4oqV3NW7XxPq','','Dan','Dinsmoor','ddinsm@gmail.com',0,'','','','','','','','','','','','','en','gregorian','','99',1622639367,1648651240,1622639367,1648651240,'108.28.114.170','',0,'',NULL,1,1,0,2,1,0,1573719308,1622639331,0,NULL,NULL,NULL,NULL,NULL),(79,'manual',1,0,0,0,1,'dena mccomb','$2y$10$Z16BlfhVV4Ossx.51dqVr.HWcdffp9qANCMF/yYjoZ5bWcEov/AuK','','Dena','McComb','abrainfitlife@gmail.com',0,'','','','','','','','','','','','','en','gregorian','','99',1574181392,1625067614,1624893989,1625067614,'98.247.107.229','',0,'',NULL,1,1,0,2,1,0,1573719509,1574181366,0,NULL,NULL,NULL,NULL,NULL),(80,'manual',1,0,0,0,1,'francois altwies','$2y$10$xiKZK5ln/DKwS7XLp4LSjeMauHUPTCPXPtPEscdHbKfngw9xhxUY2','','Francois','Altwies','francois@neurofeedback-luxembourg.com',0,'','','','','','','','','','','','','en','gregorian','','99',1573720926,1668792685,1668013571,1668792685,'94.252.9.129','',0,'',NULL,1,1,0,2,1,0,1573719755,1573720876,0,NULL,NULL,NULL,NULL,NULL),(81,'manual',1,0,0,0,1,'jennifer sprague','$2y$10$Uf9zneW.ucU3YsGxtEAEF.qW2oxujYxNjuQrkiVNer/mjUNvkEuSG','','Jennifer','Sprague','spraguejnnfr@gmail.com',0,'','','','','','','','','','','','','en','gregorian','','99',1611347393,1667504066,1664488810,1667504066,'174.95.34.6','',0,'',NULL,1,1,0,2,1,0,1573720005,1629731707,0,NULL,NULL,NULL,NULL,NULL),(82,'manual',1,0,0,0,1,'joe castellano','$2y$10$CeiJyjBStTfpMuxEtDh8letI2WgJGPUe206fJ2TG2x8zUaCfhZv9S','','Joe','Castellano','joe@alpineneuro.com',0,'','','','','','','','','','','','','en','gregorian','','99',0,0,0,0,'','',0,'',NULL,1,1,0,2,1,0,1573720219,1573720219,0,NULL,NULL,NULL,NULL,NULL),(83,'manual',1,0,0,0,1,'michelle hobson','$2y$10$Ak04.ypEwlIiyedOzq3xqOyz3P65HjbxYxml1aeHB58Qrqe6YMOpS','','Michelle','Hobson','lmichelle0804@gmail.com',0,'','','','','','','','','','','','','en','gregorian','','99',1576613670,1663556588,1663276579,1663556588,'107.77.204.26','',0,'',NULL,1,1,0,2,1,0,1573720387,1576613547,0,NULL,NULL,NULL,NULL,NULL),(84,'manual',1,0,0,0,1,'rebecca levy','$2y$10$nIlTXwWPC6qJJEv34q/vHe87BfEl0JDdb1CCYbhrpOspjaP/kO4ze','','Rebecca','Levy','rivkalevy14@gmail.com',0,'','','','','','','','','','','','','en','gregorian','','99',0,0,0,0,'','',0,'',NULL,1,1,0,2,1,0,1573720775,1573720775,0,NULL,NULL,NULL,NULL,NULL),(85,'manual',1,0,0,0,1,'robert boddington','$2y$10$vcvXtauILLB3pediU4NfROLKDC9RlbNfnnGQm/4UYTRA1C2GLlYbS','','Robert','Boddington','r.boddington@outlook.com',0,'','','','','','','','','','','','','en','gregorian','','99',1586180203,1644462674,1640932411,1644462674,'24.193.53.2','',0,'',NULL,1,1,0,2,1,0,1573721109,1612232845,0,NULL,NULL,NULL,NULL,NULL),(86,'manual',1,0,0,0,1,'robert w davis','$2y$10$Kv9aBYLGZF./X0CDL0ARw.MVuKXFYzevB6BqGEnGALbM6x3NlVl8m','','Robert','W Davis','rdavis@ihsllc.org',0,'','','','','','','','','','','','','en','gregorian','','99',1573756792,1666115263,1654092597,1666115263,'47.51.83.182','',0,'',NULL,1,1,0,2,1,0,1573721499,1642604874,0,NULL,NULL,NULL,NULL,NULL),(87,'manual',1,0,0,0,1,'rosemary boon','$2y$10$5neS9keIkgpEpl5mH7p7q.HUBGuVlH3SN4gdG4wiVVg4fOeUEc8K2','','Rosemary','Boon','rboon@learningdiscoveries.com.au',0,'','','','','','','','','','','','','en','gregorian','','99',0,0,0,0,'','',0,'',NULL,1,1,0,2,1,0,1573721780,1573721780,0,NULL,NULL,NULL,NULL,NULL),(88,'manual',1,0,0,0,1,'shari johansson','$2y$10$klYqSmX8Ia.bC649NLsV3uIGZp9CKcUydbjgzTMK0y7np0/NdwCAy','','Shari','Johansson','sharime6@gmail.com',0,'','','','','','','','','','','','','en','gregorian','','99',1630007348,1654099523,1631554953,1654099523,'76.120.98.54','',0,'',NULL,1,1,0,2,1,0,1573722060,1654099515,0,NULL,NULL,NULL,NULL,NULL),(89,'manual',1,0,0,0,1,'systemic.healing','$2y$10$OcOWBcrSZvHWS7ksMC2u4eIbbDqlwe1/ctk5UKi0USUwvLv7XS5pK','','Dale','Schusterman','systemic.healing@gmail.com',0,'','','','','','','','','','','','','en','gregorian','','99',1587919041,1667323865,1666266629,1667323865,'45.37.122.74','',0,'',NULL,1,1,0,2,1,0,1587919029,1609790957,0,NULL,NULL,NULL,NULL,NULL),(90,'manual',1,0,0,0,1,'teststudent','$2y$10$jcUPx1TXcoauWUpewZoGg.7/zUhTXtakyDpTJlPSRuEvESIg0lST6','','Test','Student','smaragda.vavakaris@gmail.com',0,'','','','','','','','','','','Sydney','AU','en','gregorian','','99',1595418531,1599829229,1599829121,1599829229,'202.142.59.159','',0,'','',1,1,0,0,1,0,1592832381,1595418439,0,'','','','',''),(91,'manual',1,0,0,0,1,'misha.houy','$2y$10$JomG.jggS8hrMg7gAkW1VukBKwfgRvS18oH3vApcZTeGA83Q6Dw5u','','Misha','Houy','mbh150@humboldt.edu',0,'','','','','','','','','','','','','en','gregorian','','99',1593732684,1593732684,0,1593732684,'98.173.24.195','',0,'',NULL,1,1,0,2,1,0,1593456756,1593456756,0,NULL,NULL,NULL,NULL,NULL),(92,'manual',1,0,0,0,1,'tiff.thompson','$2y$10$cC3x9.RHrglmJj/Qt50mYuQYHVSwAkGsoN6v9fug95IgP4cEJz0dC','','Tiff','Thompson','drthompson@neurofieldneurotherapy.com',0,'','','','','','','','','','','','','en','gregorian','','99',1593729367,1593729367,0,1593729367,'98.173.24.195','',0,'',NULL,1,1,0,2,1,0,1593729347,1593729347,0,NULL,NULL,NULL,NULL,NULL),(93,'manual',1,0,0,0,1,'mdp','$2y$10$etY0E6LxU2Vx1zXjPZbArul3T0FOsn/ngELuk3HaDfopSLIxDcgUS','','Melody','Pezeshkian','mdp@ucsb.edu',0,'','','','','','','','','','','','','en','gregorian','','99',1595620574,1599146218,1599145521,1599146218,'98.173.24.195','',0,'',NULL,1,1,0,2,1,0,1594049974,1599145504,0,NULL,NULL,NULL,NULL,NULL),(94,'manual',1,0,0,0,1,'amanda','$2y$10$7C./sBEp24pWzcMi1f9wJuKdnS2Gx7OG49LCEl0UO08novViFc.nO','','amanda','rouse','amanda@dowitcherdesigns.com',0,'','','','','','','','','','','','','en','gregorian','','99',1594139841,1594245038,1594140416,1594244973,'68.111.91.95','',0,'',NULL,1,1,0,2,1,0,1594139806,1594139806,0,NULL,NULL,NULL,NULL,NULL),(95,'manual',1,0,0,0,1,'ramu2','$2y$10$VUCFFb6nbEd23rvbdb7TieYin5YdSnGTmSHVVFTQHoDVefD3wuPy.','','ramu','k','ramu2@yopmail.com',0,'','','','','','','','','','','','','en','gregorian','','99',0,0,0,0,'','',0,'',NULL,1,1,0,2,1,0,1594219182,1594219182,0,NULL,NULL,NULL,NULL,NULL),(96,'manual',1,0,0,0,1,'ramu3','$2y$10$9kXsPSoU2bdlVe2FEw0cgumSFxCstQ493TFZ8vwvSvjiD2IImLute','','ramu','k','ramu3@yopmail.com',0,'','','','','','','','','','','','','en','gregorian','','99',1594575707,1594989799,1594988526,1594989799,'110.227.183.66','',0,'',NULL,1,1,0,2,1,0,1594219726,1594219726,0,NULL,NULL,NULL,NULL,NULL),(97,'manual',1,0,0,0,1,'dowitcher.test','$2y$10$9JON2cjLT/mSVvqZQQuZHeFbWEWNDa/aTTPwjyRK3IdP5xJAITjt2','','Dowitcher','Test','servers@dowitcherdesigns.com',0,'','','','','','','','','','','','','en','gregorian','','99',0,0,0,0,'','',0,'',NULL,1,1,0,2,1,0,1595623763,1595623763,0,NULL,NULL,NULL,NULL,NULL),(98,'manual',1,0,0,0,1,'naeema.burgess-johnson','$2y$10$bG15DOUavPdpKPEWf9vUhukJFNs1hLUCFhvCv6hNNilZ99v.s24/O','','Naeema','Burgess-Johnson','drnaeema@givinghopellc.org',0,'','','','','','','','','','','','','en','gregorian','','99',1595638317,1623433915,1622822899,1623425537,'24.104.204.119','',0,'',NULL,1,1,0,2,1,0,1595638200,1595648560,0,NULL,NULL,NULL,NULL,NULL),(99,'manual',1,0,0,0,1,'sabrina.crouch','$2y$10$bwl/h8E9bupt2Qk9pyMkGOr6GlMPTio33gZMh8ZAa5RMAD/uANsgK','','Sabrina','Crouch','drsabrinanichole@gmail.com',0,'','','','','','','','','','','','','en','gregorian','','99',1595783709,1609341765,1609341529,1609341599,'68.197.229.221','',0,'',NULL,1,1,0,2,1,0,1595783661,1598995619,0,NULL,NULL,NULL,NULL,NULL),(100,'manual',1,0,0,0,1,'alexandra','$2y$10$X1dOpcP48JOVCGhBua24a.YFFOoDW3P3QC2d0FkeiCd0vCwf06yKi','','Alexandra','Montes De Oca','alexandra@neurofield.com',0,'','','','','','','','','','','Santa Barbara','US','en','gregorian','','99',1596189745,1661318214,1661318144,1661318214,'98.185.209.190','',32381,'','',1,1,0,2,1,0,1595962844,1663088886,0,'','','','',''),(101,'manual',1,0,0,0,1,'brainadvances','$2y$10$9V3nfbSvR3Jdx/nF8rSJ4.uOsnMTyULinlHe9EzzBd1PMkbUNpN6W','','Rhonda','Ross','brainadvances@gmail.com',0,'','','','','','','','','','','','','en','gregorian','','99',1597341538,1665191016,1664922583,1665190948,'68.232.120.131','',0,'',NULL,1,1,0,2,1,0,1596666552,1597341517,0,NULL,NULL,NULL,NULL,NULL),(102,'manual',1,0,0,0,1,'kristine.peters','$2y$10$novP7SuNtxCIr3Jh8sRidePXcQuCSPvtN8HtcsjNZBN/2CnKQjAiG','','Kristine','Arlington','Kpet74@gmail.com',0,'','','','','','','','','','','SPOKANE','US','en','gregorian','','99',1596721244,1668920390,1668146306,1668920390,'66.115.149.10','',0,'','',1,1,0,2,1,0,1596721213,1667513247,0,NULL,NULL,NULL,NULL,NULL),(103,'manual',1,0,0,0,1,'vthjertaas','$2y$10$FOPkNSA3bFMPitkbkE0iM.UvprmBb6Rjgik6.Sb/tji997HSY5y/O','','Trevor','Hjertaas','vthjertaas@sympatico.ca',0,'','','','','','','','','','','','','en','gregorian','','99',1596727632,1668175904,1668175547,1668175725,'184.147.137.81','',0,'','',1,1,0,2,1,0,1596727123,1656849439,0,'','','','',''),(104,'manual',1,0,0,0,1,'lucia.gadney','$2y$10$EAxkxBxY3VsDrPUunnuik.ajcEedlOZhM4XDW4pX5qmEh.ky0E1Xq','','lucia','Gadney','lucia.gadney@sbcglobal.net',0,'','','','','','','','','','','','','en','gregorian','','99',1596840959,1668794891,1608577628,1668794891,'162.227.189.60','',0,'',NULL,1,1,0,2,1,0,1596832395,1668794867,0,NULL,NULL,NULL,NULL,NULL),(105,'manual',1,0,0,0,1,'rick.sautter','$2y$10$kjYbxcwugltkEJx/B2LRnOmfBW0xl5kUGDEKOtTnY4BRDtlPtheAC','','Rick','Sautter','ricksautter.lcsw@gmail.com',0,'','','','','','','','','','','','','en','gregorian','','99',1597525109,1668580451,1667836561,1668580451,'24.72.238.85','',0,'',NULL,1,1,0,2,1,0,1597093031,1597525010,0,NULL,NULL,NULL,NULL,NULL),(106,'manual',1,0,0,0,1,'zoe','$2y$10$LhG/Rhm2hjodutFj8MjrAO2fqCXlBZHpBhBvX98RWCvvwbuta.EBW','','Zoe','Bonack','zoe@neurohopepsych.com',0,'','','','','','','','','','','','','en','gregorian','','99',1621534780,1668203335,1663967878,1668203335,'185.209.177.192','',0,'',NULL,1,1,0,2,1,0,1597207057,1601931632,0,NULL,NULL,NULL,NULL,NULL),(107,'manual',1,0,0,0,1,'mark.pierson','$2y$10$4l0hxciMoCz1P.m5Lvw1dOVWjbrHkNPA0pptUwSZfj/xD55ktXXiG','','Mark','Pierson','windgatehealth@yahoo.com',0,'','','','','','','','','','','','','en','gregorian','','99',1599076086,1654271838,1654234474,1654271838,'76.171.184.14','',0,'',NULL,1,1,0,2,1,0,1597267380,1654234468,0,NULL,NULL,NULL,NULL,NULL),(108,'manual',1,0,0,0,1,'april.byers','$2y$10$BJqGJCXV.zfc84/46jjvaeV/y.tHid82qC.yrNuHdnyFwvGmGBWR6','','April','Byers','neurothrivenetworks@gmail.com',0,'','','','','','','','','','','','','en','gregorian','','99',1625596698,1649698342,1647035904,1649698342,'192.235.179.196','',0,'',NULL,1,1,0,2,1,0,1597364768,1639622831,0,NULL,NULL,NULL,NULL,NULL),(109,'manual',1,0,0,0,1,'chris.rauhoff','$2y$10$eFWQeuwpaaK3TzFL4AMYfO2qzm27fut2agQcsNRCSNgz.cUAB9c6C','','chris','rauhoff','chrisrauhoff@gmail.com',0,'','','','','','','','','','','','','en','gregorian','','99',1597414682,1668617091,1663603302,1668617091,'73.79.73.134','',0,'',NULL,1,1,0,2,1,0,1597414651,1663603278,0,NULL,NULL,NULL,NULL,NULL),(110,'manual',1,0,0,0,1,'michael.helvey','$2y$10$1RRoRlYPx1n99nWIODtFceNdvlVDVyjsfUKiybGqLcPhUCq/9Bd92','','Michael','Helvey','helvey@helveyrealty.com',0,'','','','','','','','','','','','','en','gregorian','','99',1597521238,1648736100,1647221425,1648736100,'24.126.171.1','',0,'',NULL,1,1,0,2,1,0,1597521033,1627487114,0,NULL,NULL,NULL,NULL,NULL),(111,'manual',1,0,0,0,1,'suruchi.chandra','$2y$10$JHPm7wNXjbfQcaDK8WnZT.h2HjY2EqBKXE3GpSYsTSl8LGyRUQvOy','','Suruchi','Chandra','suruchi@chandramd.com',0,'','','','','','','','','','','','','en','gregorian','','99',1597619560,1668190000,1667765440,1668190000,'69.251.176.3','',0,'',NULL,1,1,0,2,1,0,1597619519,1667398954,0,NULL,NULL,NULL,NULL,NULL),(112,'manual',1,0,0,0,1,'allison.hartzoge','$2y$10$qlnEFxUgwBjqfnxcXmUAqO2Yz0De1fuuJSXRTMFdiacjUzPueVby.','','Allison','Hartzoge','allison@archwaysupport.com',0,'','','','','','','','','','','','','en','gregorian','','99',1624205667,1663610847,1656525554,1663610847,'216.188.253.151','',0,'',NULL,1,1,0,2,1,0,1597670674,1624205652,0,NULL,NULL,NULL,NULL,NULL),(113,'manual',1,0,0,0,1,'micah','$2y$10$Wm3Ysgvf59VrJ6prduoPUu6ZP4gOKQOaDO0YHCOnXeFfyBHLkRpKa','','Micah','Shanser','micah@amazingbrains.com',0,'','','','','','','','','','','','','en','gregorian','','99',1597778243,1667846213,1667845804,1667845813,'73.53.10.56','',0,'',NULL,1,1,0,2,1,0,1597778099,1622565252,0,NULL,NULL,NULL,NULL,NULL),(114,'manual',1,0,0,0,1,'robert.ray','$2y$10$MxVXEcQF6aPcKKpuDIprf.xQbVaSMvkB5do7ZPgoTfQPZJdsU9jrO','','Robert','Ray','rrayphd@gmail.com',0,'','','','','','','','','','','','','en','gregorian','','99',1597787893,1656978626,1656978495,1656978522,'67.190.5.28','',0,'',NULL,1,1,0,2,1,0,1597787809,1598297069,0,NULL,NULL,NULL,NULL,NULL),(115,'manual',1,0,0,0,1,'loren.eskenazi','$2y$10$9kjaYfcUDog4QQVaurBThepQXRygncMUvpGxRVBjrJaeIisIZ7hOi','','Loren','Eskenazi','loren.eskenazi@yahoo.com',0,'','','','','','','','','','','','','en','gregorian','','99',1598465729,1666190249,1663643106,1666190249,'209.213.69.10','',0,'',NULL,1,1,0,2,1,0,1598465687,1598465687,0,NULL,NULL,NULL,NULL,NULL),(116,'manual',1,0,0,0,1,'johjn.dewig','$2y$10$kF3epo4zB8oP5D7rKJZZYe06hs6mEgjjITr/I8KgwR8RzncFN25.a','','Johjn','DeWig','johnneurofield@gmail.com',0,'','','','','','','','','','','','','en','gregorian','','99',1605214589,1627332012,1627331922,1627331946,'98.173.24.195','',0,'',NULL,1,1,0,2,1,0,1598474340,1616426967,0,NULL,NULL,NULL,NULL,NULL),(117,'manual',1,0,0,0,1,'terese.medina','$2y$10$p7zxWFpe2hVNs2jisBYclOTy8ZMcTmnQrr/dfe4RlrN9Gc63lOb8e','','Amy','Bruscoe','amybruscoe@gmail.com',0,'','','','','','','','','','','','','en','gregorian','','99',1598551872,1666102161,1666101488,1666102161,'135.134.143.102','',0,'','',1,1,0,2,1,0,1598551248,1598591029,0,NULL,NULL,NULL,NULL,NULL),(118,'manual',1,0,0,0,1,'tatiana.dmitrieva','$2y$10$gY4iTi6JtXX80LTu52IqledKnjcAqsoGSCwy1DYEZp.h7/o5Iu5ae','','Tatiana','Dmitrieva','tatiana@fitandtreat.com',0,'','','','','','','','','','','','','en','gregorian','','99',1598905786,1668788422,1666106342,1668788422,'85.255.232.223','',0,'',NULL,1,1,0,2,1,0,1598815463,1628756805,0,NULL,NULL,NULL,NULL,NULL),(119,'manual',1,0,0,0,1,'kathy.d.abbott','$2y$10$su9oh3NkfUL2/eSrDLsMvuUnFHaST6bgrM2A7xIdHRKBGZ5v7VPxa','','KATHY','ABBOTT','kathy.d.abbott@gmail.com',0,'','','','','','','','','','','','','en','gregorian','','99',1598979261,1634139904,1634079390,1634139904,'24.14.24.53','',0,'',NULL,1,1,0,2,1,0,1598979078,1634079743,0,NULL,NULL,NULL,NULL,NULL),(120,'manual',1,0,0,0,1,'sean.brock','$2y$10$2mWPHj2PXzOKxwrpXJsqwOdELbkstIo0Lpss5HFfKBLGmoGyj/AT2','','Sean','Brock','sean@neurocolorado.com',0,'','','','','','','','','','','','','en','gregorian','','99',1599144775,1650383698,1625669895,1650383698,'75.70.169.12','',0,'',NULL,1,1,0,2,1,0,1599084369,1600277238,0,NULL,NULL,NULL,NULL,NULL),(121,'manual',1,0,0,0,1,'john.mekrut','$2y$10$bSlkiAHX8i/hGpOsJ.09Vuo6fdXpybIeaXA77uCC2qAJ0ihOcOKG6','','John','Mekrut','john.mekrut@gmail.com',0,'','','','','','','','','','','','','en','gregorian','','99',1599409185,1628804152,1628804133,1628804152,'75.82.53.99','',0,'',NULL,1,1,0,2,1,0,1599158572,1599409151,0,NULL,NULL,NULL,NULL,NULL),(122,'manual',1,0,0,0,1,'sam.v','$2y$10$lEy5zA5z3hP3zhSoky5xduGeMeBLqjoPFWbNGS1AlKLkjmYb0KL3u','','Sam','V','s.vamvakari@gmail.com',0,'','','','','','','','','','','','','en','gregorian','','99',1599177338,1599177653,1599177338,1599177438,'193.119.77.65','',0,'',NULL,1,1,0,2,1,0,1599177278,1599177278,0,NULL,NULL,NULL,NULL,NULL),(123,'manual',1,0,0,0,1,'wvickerw25','$2y$10$7DVeyiiCZpNvJxFCRY68EeZrwRvDkkfoAHa5ti9BWyRCplkBFw3by','','William','Vickers','wvickerw25@gmail.com',0,'','','','','','','','','','','','','en','gregorian','','99',1599255527,1599264630,0,1599255527,'50.201.95.250','',0,'',NULL,1,1,0,2,1,0,1599255417,1599255417,0,NULL,NULL,NULL,NULL,NULL),(124,'manual',1,0,0,0,1,'mario.dollschnieder','$2y$10$m3AJRvqz1F8RlKUe.f52Y.OjaejhF/7sCz7TSjwpvqJdoPI34K.UK','','MARIO','DOLLSCHNIEDER','drdollschnieder@gmail.com',0,'','','','','','','','','','','','','en','gregorian','','99',1599327934,1644331902,1634240811,1644331902,'50.64.137.118','',0,'',NULL,1,1,0,2,1,0,1599327792,1612833370,0,NULL,NULL,NULL,NULL,NULL),(125,'manual',1,0,0,0,1,'lisa.black','$2y$10$UDrHCLwrFf/Jk4RUPk5RWuAS6PY3Ua95WQZlChu8dgB5uEt3w4l1a','','Lisa','Black','centerforoptimalbrain@gmail.com',0,'','','','','','','','','','','','','en','gregorian','','99',1599581224,1664901749,1659406117,1664901749,'166.113.65.204','',0,'',NULL,1,1,0,2,1,0,1599532810,1600886509,0,NULL,NULL,NULL,NULL,NULL),(126,'manual',1,0,0,0,1,'jacqueline.romero','$2y$10$aL3VILecwIKwvKUpHVcHJeCdbEUstSUXuclMjMCCmRBuFCfhvUEky','','Jacqueline','Romero','drjromero1225@gmail.com',0,'','','','','','','','','','','','','en','gregorian','','99',1599658465,1629163952,1629131709,1629161833,'73.28.50.88','',0,'',NULL,1,1,0,2,1,0,1599584447,1599658377,0,NULL,NULL,NULL,NULL,NULL),(127,'manual',1,0,0,0,1,'doug.taylor','$2y$10$hNr8.8.cYkQ31GFc4SuBau4xPhxZnj1fOkq2gRdt3CEdpLtIvQINS','','Doug','Taylor','doug@thinkingdynamics.com',0,'','','','','','','','','','','','','en','gregorian','','99',1599676146,1610757558,1610679032,1610757558,'71.231.159.85','',0,'',NULL,1,1,0,2,1,0,1599676107,1600967150,0,NULL,NULL,NULL,NULL,NULL),(128,'manual',1,0,0,0,1,'michele.blackwell','$2y$10$iBm/mGHoIwyHEY/X.N0pV.ozwBVyPIjRM.uundMi//pVBFSlq1G92','','Michele','Blackwell','michele@neurofield.com',0,'','','','','','','','','','','','','en','gregorian','','99',1599758993,1638295133,1638229362,1638295133,'98.173.24.195','',0,'',NULL,1,1,0,2,1,0,1599758553,1599758963,0,NULL,NULL,NULL,NULL,NULL),(129,'manual',1,0,0,0,1,'giancarlo.licata','$2y$10$5LQdy6THixccg50U3SSFiO.y962P9F/SrH3Nay50DBzz2NrBuiskW','','Giancarlo','Licata','drlicata@vitalheadandspine.com',0,'','','','','','','','','','','','','en','gregorian','','99',1599871253,1659810429,1659809414,1659809420,'104.35.186.83','',0,'',NULL,1,1,0,2,1,0,1599854978,1601090227,0,NULL,NULL,NULL,NULL,NULL),(130,'manual',1,0,0,0,1,'candia.smith','$2y$10$2Tv1UgxW0lLO2DAbs1LlpOkhTE1E1VntCZMIj4bEwwqvDzJingS5G','','Candia','Smith','candia.smith@comcast.net',0,'','','','','','','','','','','','','en','gregorian','','99',1599876605,1663691443,1644422622,1663691443,'76.126.90.246','',0,'',NULL,1,1,0,2,1,0,1599876493,1608158250,0,NULL,NULL,NULL,NULL,NULL),(131,'manual',1,0,0,0,1,'michele.blackwell-6939','$2y$10$jwVH10vxNOlXABEkzLEmue56Wyr24Wrgq4sVdABmoxb97j9qp7/m6','','Michele','Blackwell','michele@mabstudiomultimedia.com',0,'','','','','','','','','','','','','en','gregorian','','99',1600102463,1646438841,1646435623,1646438841,'45.49.70.118','',0,'',NULL,1,1,0,2,1,0,1600102078,1641491121,0,NULL,NULL,NULL,NULL,NULL),(132,'manual',1,0,0,0,1,'jeannine.calaba','$2y$10$b4z.KK/N1ifHSD6z9yk1ZOHiTkYGk3mTly8L4K6cfttmQJ4GNRkcO','','Jeannine','Calaba','JeannineLemareCalaba@gmail.com',0,'','','','','','','','','','','','','en','gregorian','','99',1600103067,1657031178,1655225414,1657031178,'104.58.248.78','',0,'',NULL,1,1,0,2,1,0,1600102870,1632847012,0,NULL,NULL,NULL,NULL,NULL),(133,'manual',1,0,0,0,1,'adam.breiner','$2y$10$ds8.Nl2L3nEOS4TAsO76J.ruP.eNCyRoN7kOilAmGeq/1aTFH67LC','','Adam','Breiner','docadamb@gmail.com',0,'','','','','','','','','','','','','en','gregorian','','99',1600191952,1654707514,1654705952,1654705974,'173.220.198.186','',0,'',NULL,1,1,0,2,1,0,1600191576,1600191933,0,NULL,NULL,NULL,NULL,NULL),(134,'manual',1,0,0,0,1,'michele.blackwell-4737','$2y$10$YJzVx2arTWcMGhkWdhpPCeTQmLJvxjqaAq86BduIaJEtTn3lxLHoK','','Michele','Blackwell','micheleblackwell@mac.com',0,'','','','','','','','','','','','','en','gregorian','','99',0,0,0,0,'','',0,'',NULL,1,1,0,2,1,0,1600810696,1600810696,0,NULL,NULL,NULL,NULL,NULL),(135,'manual',1,0,0,0,1,'michele.blackwell-4717','$2y$10$gCs2Qr1zf6BTPkiWiiK8ZO8icUDeIOX7ul99n7oW2/nAL.R9LedU.','','Michele','Blackwell','micheleanneblackwell@gmail.com',0,'','','','','','','','','','','','','en','gregorian','','99',1600964585,1600964611,1600964585,1600964611,'98.173.24.195','',0,'',NULL,1,1,0,2,1,0,1600964024,1600964564,0,NULL,NULL,NULL,NULL,NULL),(136,'manual',1,0,0,0,1,'merlyn.hurd','$2y$10$c6jiJ1Lm40NE.NeEtHC4oOemLJLKTra/L7F3d9Dv5qQt8kQrkkxmG','','MERLYN','HURD','merlynh@nyneurofeedback.com',0,'','','','','','','','','','','','','en','gregorian','','99',1601062579,1638816732,1638816722,1638816732,'69.204.253.41','',0,'',NULL,1,1,0,2,1,0,1600976166,1601062546,0,NULL,NULL,NULL,NULL,NULL),(137,'manual',1,0,0,0,1,'robert.montes','$2y$10$4eOKyD7Qo42NaHOmZHl/ceV.BGs3YaiRl.ZkEp7a64/LsUYzE10em','','Robert','Montes','drbobmontes@gmail.com',0,'','','','','','','','','','','','','en','gregorian','','99',1602345216,1668258788,1668256815,1668258788,'73.43.192.17','',0,'',NULL,1,1,0,2,1,0,1601405372,1603403388,0,NULL,NULL,NULL,NULL,NULL),(138,'manual',1,0,0,0,1,'ginette.st.pierre','$2y$10$d3EAGNv4GS3cortpxGKPEO3lo4DYcE645VCg1z/pTxtNAgbwCSQBi','','Ginette','St.Pierre','stpointpierre@yahoo.ca',0,'','','','','','','','','','','','','en','gregorian','','99',1601575766,1648229321,1648221887,1648221943,'162.212.113.7','',0,'',NULL,1,1,0,2,1,0,1601575507,1602865741,0,NULL,NULL,NULL,NULL,NULL),(139,'manual',1,0,0,0,1,'sodonnell_fhe','$2y$10$eLDfPH.ut5cudK9nqiJ.9OGNutLBDV0fUo.btIn2HCfhK8RAKXMuy','','Shannon','O\'Donnell','sodonnell@fhehealth.com',0,'','','','','','','','','','','','','en','gregorian','','99',1602898542,1604877059,1603830249,1604876811,'73.85.7.139','',0,'',NULL,1,1,0,2,1,0,1602863419,1602898610,0,NULL,NULL,NULL,NULL,NULL),(140,'manual',1,0,0,0,1,'jake_tear','$2y$10$9NnY/l73JddnpqgQIxz6WusffznDyJwcjkWQCsrla1/JZOmNksX..','','Jake','Tear','jaketear1@gmail.com',0,'','','','','','','','','','','','','en','gregorian','','99',1603160039,1652747159,1625088603,1652747092,'75.80.107.121','',0,'',NULL,1,1,0,2,1,0,1603147265,1603160021,0,NULL,NULL,NULL,NULL,NULL),(141,'manual',1,0,0,0,1,'8lauramiranda','$2y$10$cbcyk2ihNKfkJGhb.PCcLe6GCnGzxkgzuFG01dWFXLOBwK3E6DjLa','','Laura','Miranda','8lauramiranda@gmail.com',0,'','','','','','','','','','','','','en','gregorian','','99',1604670068,1668535133,1668123460,1668535133,'209.216.180.172','',0,'',NULL,1,1,0,2,1,0,1603258179,1603258179,0,NULL,NULL,NULL,NULL,NULL),(142,'manual',1,0,0,0,1,'dowitchertesting2020','$2y$10$T9ugbE69BiUeBFVwrSjOQOlQhTsOSUzIkp2lOUiqGVnwLdoLtIz3a','','Test','Wallace','amberjwallace@yahoo.com',0,'','','','','','','','','','','','','en','gregorian','','99',0,0,0,0,'','',0,'',NULL,1,1,0,2,1,0,1603315436,1603315436,0,NULL,NULL,NULL,NULL,NULL),(143,'manual',1,0,0,0,1,'michele@mabstudiomultimedia.com','$2y$10$5UCFw0wSB3YyY.ta/.tp1ukDzUq0Q2Qopchpl9B9Ekw0kRn1dgMUe','','Lauren','Haggerty','lauren.brainlove@gmail.com',0,'','','','','','','','','','','','','en','gregorian','','99',1603650571,1603652453,1603650571,1603650627,'50.242.194.26','',0,'',NULL,1,1,0,2,1,0,1603381833,1603650520,0,NULL,NULL,NULL,NULL,NULL),(144,'manual',1,0,0,0,1,'john_dewig','$2y$10$YDKK6MLd.uddD/81nmi5beNZW0GlTjHohIkYMXOU4/p59/U6FILyK','','john','Dewig','johndewig@yahoo.com',0,'','','','','','','','','','','','','en','gregorian','','99',1603398849,1603398849,0,1603398849,'98.173.24.195','',0,'',NULL,1,1,0,2,1,0,1603397300,1603398802,0,NULL,NULL,NULL,NULL,NULL),(145,'manual',1,0,0,0,1,'scottmt77','$2y$10$NsmEGeA5qYSlcgJWnX/hcOxDpM9oYa7wAmxFywqOH144iB5s5eqWO','','Mary','Scott','scottmt777@gmail.com',0,'','','','','','','','','','','','','en','gregorian','','99',1603545878,1606081484,1603545878,1606081484,'98.26.64.190','',0,'',NULL,1,1,0,2,1,0,1603545839,1603545839,0,NULL,NULL,NULL,NULL,NULL),(146,'manual',1,0,0,0,1,'erinkayem','$2y$10$9i6zYOKiJVvgzq1OTRNh2.OisQxqzsK0P6RvkrAdMo3qBqxq7nVmq','','Erin','Kayem','erinkayem@gmail.com',0,'','','','','','','','','','','','','en','gregorian','','99',1603662162,1632344769,1632344712,1632344769,'67.49.236.9','',0,'',NULL,1,1,0,2,1,0,1603562298,1603562298,0,NULL,NULL,NULL,NULL,NULL),(147,'manual',1,0,0,0,1,'tatiana@limitlesspsyche.com','$2y$10$YXRAcQnv30OWgvFNSF0vIuNXqSAUb3RLsRMf3hKXVKLyS.eBrtT2m','','Tatiana','Dmitrieva','tatiana@limitlesspsyche.com',0,'','','','','','','','','','','','','en','gregorian','','99',1605016086,1666798992,1666798897,1666798992,'5.71.166.29','',0,'',NULL,1,1,0,2,1,0,1604597958,1604597958,0,NULL,NULL,NULL,NULL,NULL),(148,'manual',1,0,0,0,1,'woelkeot','$2y$10$2skj.3sBuWuFrsV7IDhdNe2d01vv78Kk3e4nvCsry1Coe4fgpWMGm','','Sharie','Woelke','woelkeot@gmail.com',0,'','','','','','','','','','','','','en','gregorian','','99',1604686511,1635877623,1635875210,1635875243,'174.112.143.155','',0,'',NULL,1,1,0,2,1,0,1604686410,1604686410,0,NULL,NULL,NULL,NULL,NULL),(149,'manual',1,0,0,0,1,'sbellinger','$2y$10$NpqmKWhvbMV1Brnf9fUg7.sI6gzgzCQT/BIIY3Ug8AOCeHDt7P71q','','Seanceray','Bellinger','seannabell@gmail.com',0,'','','','','','','','','','','','','en','gregorian','','99',1604704771,1604711983,1604704881,1604705344,'104.49.248.65','',0,'',NULL,1,1,0,2,1,0,1604704695,1604704695,0,NULL,NULL,NULL,NULL,NULL),(150,'manual',1,0,0,0,1,'kellyv','$2y$10$wRT25dqknxdqY.Ek2GIy6uO4fWlbFKCthIxMwF4ew8HwBsN/R3Jqe','','Kelly','Vagts','vagtsk@grandschools.org',0,'','','','','','','','','','','','','en','gregorian','','99',1605122167,1659365519,1652206296,1659365519,'204.113.42.115','',0,'',NULL,1,1,0,2,1,0,1605112238,1605112238,0,NULL,NULL,NULL,NULL,NULL),(151,'manual',1,0,0,0,1,'saeidmushtagh','$2y$10$rPM5qhN9PN9elKWfCXzEP.B5v2ULTwwQ/ykZcq/LPY8dmfbJVGQUq','','saeid','mushtagh','drsaeidnd@gmail.com',0,'','','','','','','','','','','','','en','gregorian','','99',1605124047,1620944960,1620935268,1620944960,'172.218.27.44','',0,'',NULL,1,1,0,2,1,0,1605123897,1605123897,0,NULL,NULL,NULL,NULL,NULL),(152,'manual',1,0,0,0,1,'susancrews','$2y$10$wYFtUR.twLSMi2XdDsp.5.GL30Kym3tBL8GthOS3FqMoboWSrBsvG','','Susan','Crews','reflectionscs@outlook.com',0,'','','','','','','','','','','','','en','gregorian','','99',1605902367,1621861063,1612617801,1621861063,'173.191.102.62','',0,'',NULL,1,1,0,2,1,0,1605900884,1605900884,0,NULL,NULL,NULL,NULL,NULL),(153,'manual',1,0,0,0,1,'yelenalapidusmd','$2y$10$eyZZWdNZwwBlzYffUQuyuO4LdCOKkhjdbFUWur8V1WkCxRdIwtyb2','','Yelena','Lapidus, MD','yelenalapidusmd@yahoo.com',0,'','','','','','','','','','','Avila Beach','US','en','gregorian','','99',1606784023,1642726471,1615420356,1642726471,'68.189.94.202','',0,'','The Lapidus Clinic CEO, Founder and Medical Director',1,1,0,2,1,0,1606783970,1606783970,0,NULL,NULL,NULL,NULL,NULL),(154,'manual',1,0,0,0,1,'michele_blackwell','$2y$10$ZOh7BhjP2bxKwwT5.oqrh.Zv6IllCReyV/Ecy8uiwStZsESAq8nvK','','Michele','Blackwell','tiffanythompson@gmail.com',0,'','','','','','','','','','','','','en','gregorian','','99',0,0,0,0,'','',0,'',NULL,1,1,0,2,1,0,1606846408,1616012405,0,NULL,NULL,NULL,NULL,NULL),(155,'manual',1,0,0,0,1,'brainattain.sharon@gmail.com','$2y$10$.OcdNhJaX8oWeVNl9ppiCuuj1Eth0WxoigzgGFG/ggPN0fl/.V7IS','','Sharon','Bergman','brainattain.sharon@gmail.com',0,'','','','','','','','','','','','','en','gregorian','','99',1606861057,1607217820,1607215538,1607217820,'98.209.1.95','',0,'',NULL,1,1,0,2,1,0,1606860889,1606860889,0,NULL,NULL,NULL,NULL,NULL),(156,'manual',1,0,0,0,1,'neurogenesisnfb@gmail.com','$2y$10$G/50e15XtY5rjPstRhNs0OeGNKlFpwrpzxKYMaQUwJbxKnlJ7V2Hi','','Nicole','Boughton','neurogenesisNFB@gmail.com',0,'','','','','','','','','','','','','en','gregorian','','99',1607044114,1666157674,1664826070,1666157674,'47.6.186.27','',0,'',NULL,1,1,0,2,1,0,1607043964,1607043964,0,NULL,NULL,NULL,NULL,NULL),(157,'manual',1,0,0,0,1,'pamworks@aol.com','$2y$10$eykYKNB4PuQMLoD0QZfPKu3ERwCOzFb6pFZDBIbDQ4CJqlEexoK52','','Pamela','Blodgett','braintrainingofnewengland@gmail.com',0,'','','','','','','','','','','','','en','gregorian','','99',0,0,0,0,'','',0,'',NULL,1,1,0,2,1,0,1607098864,1607098864,0,NULL,NULL,NULL,NULL,NULL),(158,'manual',1,0,0,0,1,'jmishalanie','$2y$10$OsOHlqZLqqTOvn/RPTrMz.04I4S.BqZAiidjYDdfmmFfqm6Z0dCcm','','Jason','Mishalanie','jmishalanie@yahoo.com',0,'','','','','','','','','','','','','en','gregorian','','99',1607103247,1654623769,1654622091,1654623610,'76.183.160.7','',0,'',NULL,1,1,0,2,1,0,1607101361,1607101361,0,NULL,NULL,NULL,NULL,NULL),(159,'manual',1,0,0,0,1,'alsancfb','$2y$10$Hdzxa8fComKJgT3qq/9CjOExbhl1/4E2en2P9sfx/quyAezN6BuQC','','Alejandro','Sanchez','biofeedback@live.com',0,'','','','','','','','','','','','','en','gregorian','','99',1607484207,1667915326,1667915300,1667915326,'107.77.215.203','',0,'',NULL,1,1,0,2,1,0,1607484106,1654387513,0,NULL,NULL,NULL,NULL,NULL),(160,'manual',1,0,0,0,1,'theaddster','$2y$10$reTAinbNmnBM/tCRmh5hbe5XsPQFNJLC7GRDPa1TMm7MtodiNYwEO','','adam','thompson','adamfthompson@gmail.com',0,'','','','','','','','','','','','','en','gregorian','','99',1607926174,1668905469,1668905330,1668905469,'98.202.90.49','',0,'',NULL,1,1,0,2,1,0,1607925987,1607925987,0,NULL,NULL,NULL,NULL,NULL),(161,'manual',1,0,0,0,1,'lbarker','$2y$10$hgFgn534siTV1Jl3.O6txuKkp.xP8rZeX.rQF9yPBWH0lmldiqGC2','','Lisa','Barker','barkeremma416@gmail.com',0,'','','','','','','','','','','','','en','gregorian','','99',1632266150,1635011615,1635005789,1635005816,'67.176.89.123','',0,'',NULL,1,1,0,2,1,0,1608134434,1608134434,0,NULL,NULL,NULL,NULL,NULL),(162,'manual',1,0,0,0,1,'dellinmb','$2y$10$R/BQaAy8sxrfJ0B0bKW9LexLu.jVgAoBAQAV3mUjQBeEpJwYnjhKm','','Mary','Dellinger','dellinmb@gmail.com',0,'','','','','','','','','','','','','en','gregorian','','99',1609867194,1668193683,1668154461,1668184893,'66.169.43.96','',0,'',NULL,1,1,0,2,1,0,1608162985,1608162985,0,NULL,NULL,NULL,NULL,NULL),(163,'manual',1,0,0,0,1,'arlette','$2y$10$9aedYwPskMvq5hVyCPG1beM5XYT02P0oA23roh66zt.e/eJEGiogy','','Arlette','Zargarian','arlettezargarian6@gmail.com',0,'','','','','','','','','','','','','en','gregorian','','99',1608683157,1636167198,1626558389,1636167198,'108.219.214.182','',0,'',NULL,1,1,0,2,1,0,1608666086,1608666086,0,NULL,NULL,NULL,NULL,NULL),(164,'manual',1,0,0,0,1,'ciarantracey','$2y$10$zlbDV/HGj.poKI7sgN686.xb7gIQe6niXB6omX4AWbcRlpQTVLclm','','Ciaran','Tracey','ciaran@neurointegrationworks.com',0,'','','','','','','','','','','','US','en','gregorian','','99',1608736621,1668529221,1665503422,1668529221,'99.67.91.191','',0,'','',1,1,0,2,1,0,1608736530,1657828191,0,'','','','',''),(165,'manual',1,0,0,0,1,'brycekretz','$2y$10$f97SUTu6mW1bYg8vPDcA2.HiB60j8kb5/6fUcI8bVt08gWBTjiM32','','Bryce','Kretz','bryce@neurointegrationworks.com',0,'','','','','','','','','','','','','en','gregorian','','99',1608746543,1608746543,0,1608746543,'12.235.146.182','',0,'',NULL,1,1,0,2,1,0,1608745845,1608745845,0,NULL,NULL,NULL,NULL,NULL),(166,'manual',1,0,0,0,1,'rebeccaallanson','$2y$10$IwG7biAcE41T9fhpwYdJVefMw.sjHwx0H20ZduPNyFjaSC8Ie3YPu','','Rebecca','Allanson','badgeresponderservices@gmail.com',0,'','','','','','','','','','','','','en','gregorian','','99',1608761975,1621268189,1621267354,1621268037,'98.173.24.195','',0,'',NULL,1,1,0,2,1,0,1608757964,1643762383,0,NULL,NULL,NULL,NULL,NULL),(167,'manual',1,0,0,0,1,'janohm','$2y$10$.wp4bSWdsZaqsSppafqSC.euryHXFnRGug1v4c47PfWPhwEDtYAW6','','Jan','Ohm','JAN@TORONTOTHERAPISTS.CA',0,'','','','','','','','','','','','','en','gregorian','','99',1640657372,1667941504,1666179397,1667941504,'99.238.217.5','',0,'',NULL,1,1,0,2,1,0,1608767330,1608767330,0,NULL,NULL,NULL,NULL,NULL),(168,'manual',1,0,0,0,1,'scocjin','$2y$10$XTNXv2Tyy6pv0pC2b3MGc.KJdbts1WNt8DqtUMuYvGKK69jcCKduC','','Sally','Cocjin','Jcoc10@aol.com',0,'','','','','','','','','','','','','en','gregorian','','99',1608774931,1652285867,1649020654,1652285867,'47.183.220.94','',0,'',NULL,1,1,0,2,1,0,1608774868,1608774868,0,NULL,NULL,NULL,NULL,NULL),(169,'manual',1,0,0,0,1,'drmax','$2y$10$KfPBEaSBLZMgYdf4xjhV8.rmqMrD4tG2tTvZqPEnlnqPn0v3arzK6','','Donald','Maxwell','drmax@apcentre.com',0,'','','','','','','','','','','','','en','gregorian','','99',1609435647,1664065333,1647392967,1664065333,'45.78.114.13','',0,'',NULL,1,1,0,2,1,0,1608828291,1608828291,0,NULL,NULL,NULL,NULL,NULL),(170,'manual',1,0,0,0,1,'kylerbonesteel@gmail.com','$2y$10$euTZlq1JXbcAgXvEa/YF2O/ycviaQy5LhXABYZ8ODaSTvlgjbOkBi','','Kyle','Bonesteel','kylerbonesteel@gmail.com',0,'','','','','','','','','','','','','en','gregorian','','99',1608832701,1658951949,1649439284,1658951949,'50.76.76.73','',0,'',NULL,1,1,0,2,1,0,1608832670,1608832670,0,NULL,NULL,NULL,NULL,NULL),(171,'manual',1,0,0,0,1,'t3wila11s','$2y$10$/4lTPDX2yzO10RcNZGZPkuyEhxJlvvrA/TB5fACSR7GuRDvDjkG1y','','Christine','Palmquist Marshall','drchrispalmquistmft@gmail.com',0,'','','','','','','','','','','','','en','gregorian','','99',1609256481,1657684249,1657129939,1657684249,'70.181.135.191','',0,'',NULL,1,1,0,2,1,0,1609175315,1632861544,0,NULL,NULL,NULL,NULL,NULL),(172,'manual',1,0,0,0,1,'jordanilyseh@gmail.com','$2y$10$EhX6.KcM9QKN2ZcaIFcHIOehapuaonlEa2sYEzUcHE1qWJYWYHi5y','','MERLYN','HURD','JORDANILYSEH@GMAIL.COM',0,'','','','','','','','','','','','','en','gregorian','','99',1609776299,1655827279,1609776299,1655827279,'98.116.56.250','',0,'',NULL,1,1,0,2,1,0,1609262163,1609262163,0,NULL,NULL,NULL,NULL,NULL),(173,'manual',1,0,0,0,1,'christina leah lewis','$2y$10$7NwPNYf50SJEfu48iKNtXOSDD/AtV29QLRlCGgjZjJqRuevr4.E.G','','Christina','Lewis','christy@thebetcenter.org',0,'','','','','','','','','','','','','en','gregorian','','99',1626896110,1654035837,1630003212,1654035837,'47.186.41.22','',0,'',NULL,1,1,0,2,1,0,1609265727,1609265727,0,NULL,NULL,NULL,NULL,NULL),(174,'manual',1,0,0,0,1,'calebjorr','$2y$10$6EtHUtmHaeACFgXtJUsnEO92Qn6zpoUoco47L31PPVDdnFVY6fLvC','','Caleb','Orr','calebjorr@gmail.com',0,'','','','','','','','','','','Sandpoint','US','en','gregorian','','99',1610394743,1649779762,1649779485,1649779493,'64.98.23.63','',0,'','',1,1,0,2,1,0,1609280554,1610394903,0,'','','','',''),(175,'manual',1,0,0,0,1,'leigihrich55@yahoo.com','$2y$10$b2jfjXzs7kQu7VaxNnjAYemEVkOsv/GqDQSG8NQpWGV8hxcQ6GFJ.','','Leigh','Richardson','leighrich55@yahoo.com',0,'','','','','','','','','','','','','en','gregorian','','99',1609282697,1609282697,0,1609282697,'70.122.163.118','',0,'',NULL,1,1,0,2,1,0,1609282667,1610644713,0,NULL,NULL,NULL,NULL,NULL),(176,'manual',1,0,0,0,1,'robertlenzie','$2y$10$WBfOPlDIPDjJbKyj2DpcBOwMiPNB8hexl1Sx55wnQoHJ3A2Cf8E.K','','Robert','Lenzie','rob@lenzie.com',0,'','','','','','','','','','','','','en','gregorian','','99',1609359560,1667236991,1666258004,1667236991,'86.138.219.162','',0,'',NULL,1,1,0,2,1,0,1609359515,1609359515,0,NULL,NULL,NULL,NULL,NULL),(177,'manual',1,0,0,0,1,'roger.yoder@therapyspokane.com','$2y$10$XUHLyJyq/Xb1FsSC2kC5i.tigXYLLNLkWsQpAtPEluIapcFFoPNBi','','Roger','Yoder','roger.yoder@therapyspokane.com',0,'','','','','','','','','','','','','en','gregorian','','99',1611170307,1668534695,1652234886,1668534695,'98.247.104.168','',0,'',NULL,1,1,0,2,1,0,1609363817,1609363817,0,NULL,NULL,NULL,NULL,NULL),(178,'manual',1,0,0,0,1,'joy breayley','$2y$10$bU8kmV89iVqDs3yhMU3WY.02DVLnkd8BsNODHgbc7Aq5frEbNrJF6','','Joy','Breayley','joyb@xtra.co.nz',0,'','','','','','','','','','','','','en','gregorian','','99',1609387695,1668817375,1668647150,1668817375,'219.89.1.3','',0,'',NULL,1,1,0,2,1,0,1609387604,1668647109,0,NULL,NULL,NULL,NULL,NULL),(179,'manual',1,0,0,0,1,'bruno','$2y$10$BaQcZw2Z6LnnEf0hKdfD0eFHOsfkE.NgpRAmAwyTDoH0fStApnUcu','','Jeffrey','Bruno','gooddestinationstravel@yahoo.com',0,'','','','','','','','','','','','','en','gregorian','','99',1609388923,1668202906,1663777989,1668202906,'24.6.188.83','',0,'',NULL,1,1,0,2,1,0,1609387909,1640723407,0,NULL,NULL,NULL,NULL,NULL),(180,'manual',1,0,0,0,1,'dan tuttle','$2y$10$6gheMwDhlfh/y7AlytMIyuEEtXpQU68fR.7Ps1lkvMwiBpxzZICOu','','Dan','Tuttle','qeegtut@gmail.com',0,'','','','','','','','','','','','','en','gregorian','','99',0,0,0,0,'','',0,'',NULL,1,1,0,2,1,0,1609436992,1609436992,0,NULL,NULL,NULL,NULL,NULL),(181,'manual',1,0,0,0,1,'sarahuntharper@me.com','$2y$10$SNN555.mGehhrKZMI9Zm2e5WI5qzk/YS5PtB.FgZN4i5t7REqdBlS','','Sara','Harper','sarahuntharper@me.com',0,'','','','','','','','','','','','','en','gregorian','','99',1609440666,1609440666,0,1609440666,'97.99.228.6','',0,'',NULL,1,1,0,2,1,0,1609440265,1640720150,0,NULL,NULL,NULL,NULL,NULL),(182,'manual',1,0,0,0,1,'drteurman','$2y$10$TXKj90cdx6CoCFPY4pAFeOiVy1tDAWXFXoiAYnR0BxYNKGU.GtSkC','','Gay','Teurman','drteurman@brainhealthclinic.org',0,'','','','','','','','','','','','','en','gregorian','','99',1654111030,1668708202,1668641446,1668708202,'65.78.137.60','',0,'',NULL,1,1,0,2,1,0,1609443122,1609443122,0,NULL,NULL,NULL,NULL,NULL),(183,'manual',1,0,0,0,1,'randyjacobs','$2y$10$HyX8v7mefrwK8gtcrFKMQOdpzMYkhGQ9GQYxLMgxqtRW7aIABR9/a','','Randall','Jacobs','randyjacobs4therapy@gmail.com',0,'','','','','','','','','','','','','en','gregorian','','99',1609453124,1658874021,1658850857,1658874021,'66.215.128.207','',0,'',NULL,1,1,0,2,1,0,1609453050,1609453050,0,NULL,NULL,NULL,NULL,NULL),(184,'manual',1,0,0,0,1,'nwhittredge','$2y$10$ykUF9G46iqP9Cl9HijiXQuh9OJM4ECKPGysIJuClEaO.tJSqZxWbi','','Nick','Whittredge','n.whittredge@gmail.com',0,'','','','','','','','','','','','','en','gregorian','','99',1628025613,1641002095,1628025613,1641002095,'71.192.27.50','',0,'',NULL,1,1,0,2,1,0,1609454689,1664119446,0,NULL,NULL,NULL,NULL,NULL),(185,'manual',1,0,0,0,1,'bbpay','$2y$10$z9h7gkOqdqAFWTmykkSzWO0Y9CPLo88FnKyx6sCaeT4f6gyf5BbmO','','Brigham','Bowles','BRIGHAMBOWLES@GMAIL.COM',0,'','','','','','','','','','','','','en','gregorian','','99',0,0,0,0,'','',0,'',NULL,1,1,0,2,1,0,1609472828,1609472828,0,NULL,NULL,NULL,NULL,NULL),(186,'manual',1,0,0,0,1,'sbrock@shaw.ca','$2y$10$x33kVq/zeekgxFTlVofVaubW5PVU9HQ3ZTSlBiRASLJ08tURkhbde','','Susan','Brock','sbrock@shaw.ca',0,'','','','','','','','','','','','','en','gregorian','','99',0,0,0,0,'','',0,'',NULL,1,1,0,2,1,0,1609543855,1609543855,0,NULL,NULL,NULL,NULL,NULL),(187,'manual',1,0,0,0,1,'deborah a. schwengel','$2y$10$T2u.T8A3CL.S4TjaR5vvluauS8heACtgvxdMV4bHydQpM7EVRzKxi','','Deborah','Schwengel','dschwen1@jhmi.edu',0,'','','','','','','','','','','','','en','gregorian','','99',1610231550,1610233617,1610231550,1610231589,'162.129.250.18','',0,'',NULL,1,1,0,2,1,0,1609885472,1609885472,0,NULL,NULL,NULL,NULL,NULL),(188,'manual',1,0,0,0,1,'john lemay','$2y$10$WgJvTmYS497iD.HiqrTalO2JwqwOyYNSFKbd4JBJ5M6rvsvQet5Qu','','John','LeMay','johnlemay@me.com',0,'','','','','','','','','','','','','en','gregorian','','99',1609975961,1660855338,1609975961,1660855338,'69.111.183.106','',0,'',NULL,1,1,0,2,1,0,1609975700,1609975700,0,NULL,NULL,NULL,NULL,NULL),(189,'manual',1,0,0,0,1,'katharrismail@gmail.com','$2y$10$volyzrremuYaS3lunjaiv.05p/Lyd4F7bbQ8.QI5PBFACvsXxaMYW','','Kat','Harris','katharrismail@gmail.com',0,'','','','','','','','','','','','','en','gregorian','','99',1610307221,1610307221,0,1610307221,'71.229.64.230','',0,'',NULL,1,1,0,2,1,0,1610303515,1610303515,0,NULL,NULL,NULL,NULL,NULL),(190,'manual',1,0,0,0,1,'rachaeljbishop','$2y$10$GaQmYYnME5e0AEfiwIx1dOFgXWUMTZXirk8zTrQCevHbvEpPpXsLe','','Rachael','Bishop Siewert','rachaeljbishop@gmail.com',0,'','','','','','','','','','','','','en','gregorian','','99',1623163269,1663601717,1657563250,1663601717,'66.184.179.251','',0,'',NULL,1,1,0,2,1,0,1610477748,1610477748,0,NULL,NULL,NULL,NULL,NULL),(191,'manual',1,0,0,0,1,'jvandegrift','$2y$10$56NVAx6E/1ZLCCvNtkDN6OHetBch05uvm57TG4n5jOggcQCs4/V4i','','John','VanDeGrift','John@aspennfb.com',0,'','','','','','','','','','','','','en','gregorian','','99',1610650699,1659472253,1637330373,1659472253,'161.97.204.177','',0,'','',1,1,0,2,1,0,1610647498,1610650743,0,'','','','',''),(192,'manual',1,0,0,0,1,'tfreeris@gmail.com','$2y$10$art9BYq0f08zq39v6rOMI.QqLrCtuOPZeICrmu/AOW3dFQcelUw32','','Tiffany','Freer','tfreeris@gmail.com',0,'','','','','','','','','','','','','en','gregorian','','99',1611099016,1635118754,1635117970,1635118238,'67.177.248.215','',0,'',NULL,1,1,0,2,1,0,1610897587,1610897587,0,NULL,NULL,NULL,NULL,NULL),(193,'manual',1,0,0,0,1,'moofy','$2y$10$hDqQMxVoaS576xdZ4JweoubRcS9Z1nP1RkI/OVP10WTPq1zZrnO3G','','Jen','Robinson','j_rob20@yahoo.com',0,'','','','','','','','','','','?','US','en','gregorian','','99',1611252906,1616797661,1612888382,1616777797,'98.173.24.195','',0,'','',1,1,0,2,1,0,1611252071,1611252888,0,'','','','',''),(194,'manual',1,0,0,0,1,'dalesfoster@comcast.net','$2y$10$QkBO4tL7aQ7SGD9JDX2KaeXB0cf4qewMVZB/eXpFqiVXMUgUSdlNi','','Dale','Foster','dalesfoster@comcast.net',0,'','','','','','','','','','','','','en','gregorian','','99',1613768770,1650824324,1650736148,1650820830,'50.228.29.218','',0,'',NULL,1,1,0,2,1,0,1611535588,1643628429,0,NULL,NULL,NULL,NULL,NULL),(195,'manual',1,0,0,0,1,'karoliina@squidvswhale.net','$2y$10$TfRVq3Hh2Nw70h4T7wVfq.9mbLEMbSAQCg3w3plB4icrOt52lWEYO','','Karoliina','Munter','karoliina@squidvswhale.net',0,'','','','','','','','','','','','','en','gregorian','','99',1615999627,1640106785,1635350621,1640106785,'199.126.224.102','',0,'',NULL,1,1,0,2,1,0,1611542696,1611542696,0,NULL,NULL,NULL,NULL,NULL),(196,'manual',1,0,0,0,1,'elitephysiology','$2y$10$L0H5G4lhhb3sWsTD60TGZe7dSIab4Fa9nu9isG57EG1zyDD1W0kJS','','Taylor','Capozziello','elitephysiologySF@gmsil.com',0,'','','','','','','','','','','','','en','gregorian','','99',1619553227,1639685329,1635532744,1639685329,'104.178.14.8','',0,'',NULL,1,1,0,2,1,0,1611603750,1611603750,0,NULL,NULL,NULL,NULL,NULL),(197,'manual',1,0,0,0,1,'orlipeter@gmail.com','$2y$10$MjDNixitWGVNDCqLKq6HI.w5fBWQWmsxCK6B/0J1DJ.Lh2CXPcVdW','','Orli','Peter','orlipeter@yahoo.com',0,'','','','','','','','','','','','','en','gregorian','','99',1623084511,1666301922,1666300508,1666300542,'99.98.3.45','',0,'',NULL,1,1,0,2,1,0,1611609751,1647368932,0,NULL,NULL,NULL,NULL,NULL),(198,'manual',1,0,0,0,1,'lisatat','$2y$10$3PtoqaXYoIM9aX/m3Bzkgu3vJ5DprlrV5fKrekI0Kld4dnMq1A2Je','','Lisa','Tataryn','info@smartpdprogram.com',0,'','','','','','','','','','','','','en','gregorian','','99',1611620336,1666116647,1664846870,1666116647,'104.178.255.251','',0,'',NULL,1,1,0,2,1,0,1611620290,1611620290,0,NULL,NULL,NULL,NULL,NULL),(199,'manual',1,0,0,0,1,'gretchen morse','$2y$10$8kmaQNAQi7bnCmgn1gZZU.6uYzEIw/LqI1UmiMx6omcA9Q5FbdwDe','','Gretchen','Morse','morsegre@msu.edu',0,'','','','','','','','','','','','','en','gregorian','','99',1625686100,1663589084,1651584472,1663589084,'73.145.129.213','',0,'',NULL,1,1,0,2,1,0,1611669532,1611669532,0,NULL,NULL,NULL,NULL,NULL),(200,'manual',1,0,0,0,1,'mattdg00','$2y$10$gJ/MvP7RfhBcho0jm8n8PeKYubXsT7h8LVdTG3Cp5keL2a6b6Wo3e','','Matthew','Greene','matthew@ascendneuro.com',0,'','','','','','','','','','','','','en','gregorian','','99',1611677639,1619039290,1619037560,1619037578,'184.101.125.46','',0,'',NULL,1,1,0,2,1,0,1611675416,1611675416,0,NULL,NULL,NULL,NULL,NULL),(201,'manual',1,0,0,0,1,'kellyfredell@gmail.com','$2y$10$884lbROUuQMZcqnkDwE5huQ0cm4PT9NS4Xp4uTU/U/KW0HCV4FAoO','','Kelly','Fredell','admin@foothillsintegrative.com',0,'','','','','','','','','','','','','en','gregorian','','99',1611870270,1667323171,1667323014,1667323171,'198.53.250.17','',0,'',NULL,1,1,0,2,1,0,1611773410,1611773410,0,NULL,NULL,NULL,NULL,NULL),(202,'manual',1,0,0,0,1,'dr hartney','$2y$10$rYlvXly2Iw1TlfT516eNyeN01cUPiPE9/BxCdZf46GIuRoPeuG/QC','','Elizabeth','Hartney','drhartney@icloud.com',0,'','','','','','','','','','','','','en','gregorian','','99',1612806382,1667835072,1667526262,1667835072,'24.80.40.117','',0,'',NULL,1,1,0,2,1,0,1612756581,1612756581,0,NULL,NULL,NULL,NULL,NULL),(203,'manual',1,0,0,0,1,'jordan tiberio','$2y$10$G6lfNj2FzV3HKJLLWBfRserBx6Y4PlqxmtsdizP5Ic7QKl4OHaCGm','','Jordan','Tiberio','jordantiberio@gmail.com',0,'','','','','','','','','','','','','en','gregorian','','99',1612805416,1653591413,1653579996,1653590934,'199.126.224.41','',0,'',NULL,1,1,0,2,1,0,1612805289,1612805289,0,NULL,NULL,NULL,NULL,NULL),(204,'manual',1,0,0,1,1,'louis','$2y$10$exH3rU/xthatk.eQFQeJt.CXPSLeF2csRbWLLdK6BhLyNdoe43Dhy','','LOUIS','DAMIS','DRDAMIS@LOUISDAMISPHD.COM',0,'','','','','','','','','','','','','en','gregorian','','99',1615175419,1666368593,1661352969,1666368593,'68.205.102.171','',0,'',NULL,1,1,0,2,1,0,1612901819,1635967207,0,NULL,NULL,NULL,NULL,NULL),(205,'manual',1,0,0,0,1,'rmeghani','$2y$10$m2Mgm49aI8HFIEit6FJMW.DQD9X52t8zxKekX8cL7p76ZUxn15Y/S','','Rehana','Meghani','rehana@positivestrides.ca',0,'','','','','','','','','','','','','en','gregorian','','99',1613597440,1668616568,1668616397,1668616435,'205.206.224.67','',0,'',NULL,1,1,0,2,1,0,1613595836,1668616367,0,NULL,NULL,NULL,NULL,NULL),(206,'manual',1,0,0,0,1,'r.turner','$2y$10$5PxmBofshzvMoMj/OA54r.WBHIeZCyZui7Px0jfHOJXbo.deBtuX2','','Robert','Turner','robertturner@networkneurology.com',0,'','','','','','','','','','','','','en','gregorian','','99',1613692518,1614703303,1613700495,1614703303,'184.185.19.94','',0,'',NULL,1,1,0,2,1,0,1613692474,1613692474,0,NULL,NULL,NULL,NULL,NULL),(207,'manual',1,0,0,0,1,'annajasiewicz','$2y$10$8fyYaNXfNri5H1rvLadcjOxiFs.YkynW2gDZuM.6tz6SBk4FkATNC','','Anna','Jasiewicz','aniajasiewicz@yahoo.com',0,'','','','','','','','','','','','','en','gregorian','','99',1613760746,1648066536,1614388688,1648066536,'73.8.178.61','',0,'',NULL,1,1,0,2,1,0,1613758474,1613758474,0,NULL,NULL,NULL,NULL,NULL),(208,'manual',1,0,0,0,1,'david harper','$2y$10$dCJrVQ715BtQOquvmkxBQ.GIRZP1KqWMb.VlLttdDTJisYZ12p8Hi','','David','Harper','drdave@mosaiclifecare.com',0,'','','','','','','','','','','','','en','gregorian','','99',1614184885,1638384985,1637084189,1638384985,'204.237.91.3','',0,'',NULL,1,1,0,2,1,0,1614184843,1638384961,0,NULL,NULL,NULL,NULL,NULL),(209,'manual',1,0,0,0,1,'sofia_galan','$2y$10$nrnN.hDitVUhDI2ciE9UIOf0cGFT6b0S.j0r0WhbC0g0gF6jBTAoi','','Sofia','Sanz Galan','ssanzgal@calpoly.edu',0,'','','','','','','','','','','','','en','gregorian','','99',1614465418,1639875299,1639873423,1639873441,'98.182.26.130','',0,'',NULL,1,1,0,2,1,0,1614368440,1630100109,0,NULL,NULL,NULL,NULL,NULL),(210,'manual',1,0,0,0,1,'popiop4','$2y$10$D5Ifyv/tratz9A39f3cN9O/hJEHwwseKXusRcmy3oxDgV61vy4ua.','','Kody','Newman','kody@alpineneuro.com',0,'','','','','','','','','','','','','en','gregorian','','99',1614807250,1633573522,1627500990,1633573522,'73.14.190.177','',0,'',NULL,1,1,0,2,1,0,1614804902,1614805030,0,NULL,NULL,NULL,NULL,NULL),(211,'manual',1,0,0,0,1,'karen lake','$2y$10$CaTyVhpR7p7LxGJRbXyY..KtN1MLq31c0cuLGzTqpCgmp6qHjg1vC','','Karen','Lake','karen.lake@lakepsych.com',0,'','','','','','','','','','','','','en','gregorian','','99',1614998891,1616785040,1616780530,1616780541,'162.192.126.255','',0,'',NULL,1,1,0,2,1,0,1614998134,1614998134,0,NULL,NULL,NULL,NULL,NULL),(212,'manual',1,0,0,1,1,'hightshoe','$2y$10$yBOnaBBFXIG3IEp76li56eT2hjqNbQRwP1iUxhgrM1JV6gDZANCpa','','Brenda','Hightshoe','brenro@gmail.com',0,'','','','','','','','','','','','','en','gregorian','','99',1615828868,1668114793,1668114761,1668114793,'66.41.85.10','',0,'',NULL,1,1,0,2,1,0,1615305928,1649265204,0,NULL,NULL,NULL,NULL,NULL),(213,'manual',1,0,0,0,1,'suenew6311','$2y$10$yJAZzGbaXeSH8S1.LIOf7OWlDljOMw3ZmCg9YSFmmOWs/ZUIt2t.K','','Susan','Newton','suenewton17@gmail.com',0,'','','','','','','','','','','','','en','gregorian','','99',1615310146,1615399283,1615310146,1615398419,'75.158.11.22','',0,'',NULL,1,1,0,2,1,0,1615310001,1615310001,0,NULL,NULL,NULL,NULL,NULL),(214,'manual',1,0,0,0,1,'peterbeaman','$2y$10$hGJKiC0v.3MtagSnE9glWeEeUnNKgCHyDtHbN0.yuti/D4ccalFR.','','Peter','Beaman','radiantmindneurofeedback@gmail.com',0,'','','','','','','','','','','','','en','gregorian','','99',1615597023,1668642566,1664491890,1668642566,'97.115.188.191','',0,'',NULL,1,1,0,2,1,0,1615596996,1615596996,0,NULL,NULL,NULL,NULL,NULL),(215,'manual',1,0,0,0,1,'seanharrisart','$2y$10$zcXqxSEk1YkyLN9SpiHoMuzFNwN2j1Ih9IfEbXNIqYiWLEA7yWeye','','Sean','Harris','sean@neurofield.com',0,'','','','','','','','','','','','','en','gregorian','','99',0,0,0,0,'','',0,'',NULL,1,1,0,2,1,0,1615999716,1615999716,0,NULL,NULL,NULL,NULL,NULL),(216,'manual',1,0,0,0,1,'jaketear1','$2y$10$Fk6IlZ32pmGD2fhahO2PQ.im/96r1seJoefqKnv79yBLXf/lYItVG','','Jake','Tear','jake@neurofield.com',0,'','','','','','','','','','','','','en','gregorian','','99',1616791377,1616791377,0,1616791377,'98.173.24.195','',0,'',NULL,1,1,0,2,1,0,1616001506,1616001506,0,NULL,NULL,NULL,NULL,NULL),(217,'manual',1,0,0,0,1,'norma valdez carranza','$2y$10$tY7bKs5n1gBxpKzvSgPq7eVKOM53LG/P5Ec5ZvnyeRW/xJRG7dh6K','','norma','valdez carranza','normignita@gmail.com',0,'','','','','','','','','','','','','en','gregorian','','99',1616577368,1656271385,1639509873,1656271385,'86.195.125.176','',0,'',NULL,1,1,0,2,1,0,1616511979,1616511979,0,NULL,NULL,NULL,NULL,NULL),(218,'manual',1,0,0,0,1,'bbhc','$2y$10$1B7C1qqplZFES4EUEOdHmuNW1CYOQscocY2vQacWoaw3dsLjwAr3a','','Guy','Odishaw','godishaw@mac.com',0,'','','','','','','','','','','','','en','gregorian','','99',1617409505,1643215440,1636024719,1643215440,'66.41.85.110','',0,'',NULL,1,1,0,2,1,0,1617406448,1617406448,0,NULL,NULL,NULL,NULL,NULL),(219,'manual',1,0,0,0,1,'dmccomb','$2y$10$fV.QNAb.oYs8rRun8CAtd.qZ5r7F6ZUndRgap1MPMnGUy5kizQm22','','Dena','McComb','denamccombcoaching@gmail.com',0,'','','','','','','','','','','','','en','gregorian','','99',1617469903,1632939278,1629560674,1632939278,'98.247.107.229','',0,'',NULL,1,1,0,2,1,0,1617469835,1617469835,0,NULL,NULL,NULL,NULL,NULL),(220,'manual',1,0,0,0,1,'cleo.valentine','$2y$10$j3RB22NWOcwRS7tEBAvyeuHHAc7XIkrvTJsflIqyk7ZolQT5mFaya','','Cleo','Valentine','cleo.valentine@icloud.com',0,'','','','','','','','','','','','','en','gregorian','','99',1617818844,1666026080,1666026059,1666026080,'86.146.110.43','',0,'',NULL,1,1,0,2,1,0,1617818814,1629737336,0,NULL,NULL,NULL,NULL,NULL),(221,'manual',1,0,0,0,1,'elijahfregm@gmail.com','$2y$10$6.saraOke.KzDGUe.tOBp.aS4fe6IyigFN1GdjoeGkYVr1/moVNU.','','Elijah','Fregm','elijahfregm@gmail.com',0,'','','','','','','','','','','','','en','gregorian','','99',1618510299,1655748067,1655740280,1655740291,'71.173.200.88','',0,'',NULL,1,1,0,2,1,0,1618507137,1618507137,0,NULL,NULL,NULL,NULL,NULL),(222,'manual',1,0,0,0,1,'wecidaho','$2y$10$DQimGhdOn.XSaK9L.oY7Lus9Y43ZraMMpAGjpFV19O8G8LkiqjULq','','Robert','Wyatt','robertwyatt@wecidaho.com',0,'','','','','','','','','','','','','en','gregorian','','99',1619109918,1658770750,1658767352,1658767686,'199.231.116.18','',0,'',NULL,1,1,0,2,1,0,1618953912,1637249503,0,NULL,NULL,NULL,NULL,NULL),(223,'manual',1,0,0,0,1,'achellai@flexgroups.com','$2y$10$QD7bEejqVIDA8mJxEBM8ju8kJHPeABu0s/F4GP5Ib9Wmi3VW3zMBq','','Amina','Chellai','achellai@flexgroups.com',0,'','','','','','','','','','','','','en','gregorian','','99',1619195445,1665672031,1665668593,1665670571,'35.182.161.133','',0,'',NULL,1,1,0,2,1,0,1619194905,1665668517,0,NULL,NULL,NULL,NULL,NULL),(224,'manual',1,0,0,0,1,'kedalati','$2y$10$UUqmdcC8TR.UzwoBzuzD.e5ewbkPw4zUDcMpabu0Pz2dIT.W3r6E.','','Kourosh','Edalati','drkedalati@gmail.com',0,'','','','','','','','','','','','','en','gregorian','','99',1619297299,1626485224,1626485151,1626485224,'216.232.198.189','',0,'',NULL,1,1,0,2,1,0,1619296130,1619296130,0,NULL,NULL,NULL,NULL,NULL),(225,'manual',1,0,0,0,1,'drnikki','$2y$10$NHQ5YOBi1hdYsI97bnX02OCHv.P1GHJqa91vDAtMpLPRnRW8CE4hq','','Dr. Nikki','Siso','drnikkith@gmail.com',0,'','','','','','','','','','','Austin','US','en','gregorian','','99',1619558540,1623251850,1623251823,1623251850,'136.49.110.167','',0,'','',1,1,0,2,1,0,1619487377,1619487377,0,NULL,NULL,NULL,NULL,NULL),(226,'manual',1,0,0,0,1,'pjryanphd','$2y$10$f5Q89s1rVKVQtJmKIGOL7eDbIY6gcetq/hk0cROn0sE6hErMbYTfC','','Patricia Jo','Ryan','pjrphd@gmail.com',0,'','','','','','','','','','','','','en','gregorian','','99',0,0,0,0,'','',0,'',NULL,1,1,0,2,1,0,1620164109,1620164109,0,NULL,NULL,NULL,NULL,NULL),(227,'manual',1,0,0,0,1,'wes@brainandbehaviorassociates.com','$2y$10$pPSe.7J0Rs3va34iHUOgveAWKTTwpBAikqUr7nJ7Y.9oAm6wnEuS6','','Wesley','Center','wes@brainandbehaviorassociates.com',0,'','','','','','','','','','','','','en','gregorian','','99',1620165038,1644282238,1643072874,1644282238,'24.178.28.46','',0,'',NULL,1,1,0,2,1,0,1620164220,1620164220,0,NULL,NULL,NULL,NULL,NULL),(228,'manual',1,0,0,0,1,'katie@brainandbehaviorassociates.com','$2y$10$99YuPAlC/W2MzwEJSwoSLe6pJ4XwOX1Bzt7uQyMXP9Y2bKQDzp4d.','','Katie','Gregg','katie@brainandbehaviorassociates.com',0,'','','','','','','','','','','','','en','gregorian','','99',1620168934,1669135056,1669056246,1669124537,'157.182.84.10','',0,'','',1,1,0,2,1,0,1620164422,1628018745,0,'','','','',''),(229,'manual',1,0,0,0,1,'reginavictoria','$2y$10$FCkN14MG/648YQQEa9LdZOYNmKyd44z2/jJyk7V980bABX3dvxtgG','','Regina','DeFranco','reginafolen@gmail.com',0,'','','','','','','','','','','','','en','gregorian','','99',1620324048,1652640637,1652632447,1652640637,'98.22.106.53','',0,'',NULL,1,1,0,2,1,0,1620323971,1620323971,0,NULL,NULL,NULL,NULL,NULL),(230,'manual',1,0,0,0,1,'drsuruchichandra@gmail.com','$2y$10$nTsaM/uUjytAZQiluCmNYeetq4gIeig/odC9A.InjQzqnxvK03czy','','Suruchi','Chandra','drsuruchichandra@gmail.com',0,'','','','','','','','','','','','','en','gregorian','','99',1621273485,1665423243,1664883543,1665423243,'69.251.176.3','',0,'',NULL,1,1,0,2,1,0,1621272947,1629477175,0,NULL,NULL,NULL,NULL,NULL),(231,'email',0,0,1,0,1,'nanja@movethebrain.nl.1654913807','$2y$10$67Ct8b9eBvkswJoaUKVO5.m1U76.cg3qtdUN4hlUeTCdnN0vexa8q','','Nanja','Schorel','986e749d203f2aa5d088e7c54a9c1f7e',0,'','','','','','','','','','','Zeist','NL','en','gregorian','','99',0,0,0,0,'','N4QFEBDQESv73Us',0,'',NULL,1,1,0,2,1,0,1621365576,1654913807,0,NULL,'','','',''),(232,'manual',1,0,0,0,1,'ianhoffman3','$2y$10$WojV0q8xrwWN6xUhu1IcEOLmgixU6FhaANwbHh05V5oeIvixUq2iK','','Ian','Hoffman','ianhoffman3@gmail.com',0,'','','','','','','','','','','','','en','gregorian','','99',1621470422,1632412317,1629762792,1632412242,'99.61.252.222','',0,'',NULL,1,1,0,2,1,0,1621470294,1621470294,0,NULL,NULL,NULL,NULL,NULL),(233,'email',0,0,1,0,1,'rnsbrainproducts@gmail.com.1654913809','$2y$10$fnfujDS7FLHHchi71a109OHoLFJmu.HaXeFqJsdR1UnbfxNeVOTtm','','nanja','schorel','ce7150ff8bf2a3a69fc310b0078994c7',0,'','','','','','','','','','','zeist','NL','en','gregorian','','99',1621577346,1621580297,0,1621577346,'217.100.191.118','EPVsLFS1A8xDLV1',0,'',NULL,1,1,0,2,1,0,1621577239,1654913809,0,NULL,'','','',''),(234,'manual',1,0,0,0,1,'cmolinar','$2y$10$2znfDe/bidj4xCizkRJm7..wkmWnOpz8fyBuAF2j.3PGGTne7.DaK','','Cassandra','Molinar','cassandra.molinar@gmail.com',0,'','','','','','','','','','','El Paso','US','en','gregorian','','99',1622295218,1662215664,1662215506,1662215532,'99.35.154.178','',0,'','',1,1,0,2,1,0,1622295099,1622295099,0,NULL,NULL,NULL,NULL,NULL),(235,'manual',1,0,0,0,1,'kuya','$2y$10$jFlPormjLTk32qpQ431daOyiduInOIRu8jLmaw/vpvAIlshcRaZXa','','Guenter','Bergmann','guenter@kuya.life',0,'','','','','','','','','','','','','en','gregorian','','99',1622601186,1622654431,1622601186,1622650387,'136.49.158.191','',0,'',NULL,1,1,0,2,1,0,1622601162,1622601162,0,NULL,NULL,NULL,NULL,NULL),(236,'manual',1,0,0,0,1,'kenphilipp','$2y$10$reLJ34ivLHclL9XwyrREROB6DBOw03eme/B0nANK.R9Mw1gTCjv6C','','Kenneth','Philipp','kphilipp@valleypsych.com',0,'','','','','','','','','','','','','en','gregorian','','99',1622929038,1664656711,1663360617,1664656711,'50.30.23.2','',0,'',NULL,1,1,0,2,1,0,1622665246,1624991377,0,NULL,NULL,NULL,NULL,NULL),(237,'manual',1,0,0,0,1,'eirwin','$2y$10$LBEYFCkHZ0Z7FvN3PEbJ4uITxY0c2IKcsK/S15fDu/6IDyAqxRZq2','','Elizabbeth','Irwin','Elizabethirwin94@yahoo.com',0,'','','','','','','','','','','','','en','gregorian','','99',1623006140,1656282061,1641573403,1656282061,'172.56.59.208','',0,'',NULL,1,1,0,2,1,0,1623005997,1656282015,0,NULL,NULL,NULL,NULL,NULL),(238,'manual',1,0,0,0,1,'jasonteo','$2y$10$4Ijdmoh93c/UqQ5AO2CFC.1uO4.S0eTZ94EgWXLhBAlAPCL1CMvGK','','Jason','Teo','jason@brain.com.sg',0,'','','','','','','','','','','','','en','gregorian','','99',1623113133,1666136136,1665047067,1666136136,'119.74.60.161','',0,'',NULL,1,1,0,2,1,0,1623111479,1637340550,0,NULL,NULL,NULL,NULL,NULL),(239,'manual',1,0,0,0,1,'silvan7974','$2y$10$kxyumvDmkH6VFXw3LKKQUOxqCBgKLIXFoCx/NutAuZuCfd30Hl712','','Silvan','Filmer','silvan.filmer@gmail.com',0,'','','','','','','','','','','','','en','gregorian','','99',1623268194,1625065106,1624537364,1625065106,'79.236.212.142','',0,'',NULL,1,1,0,2,1,0,1623267868,1623267868,0,NULL,NULL,NULL,NULL,NULL),(240,'manual',1,0,0,0,1,'ciara weddborn','$2y$10$guBJCDuMtCttwwsMGYwm2.xwKxbzLyOhd3tjx8nmVA2fY7Sbyb/6y','','Ciara','Weddborn','cw4706@yahoo.com',0,'','','','','','','','','','','','','en','gregorian','','99',1623712902,1668312299,1655670743,1668312299,'68.201.56.54','',0,'',NULL,1,1,0,2,1,0,1623712861,1631735392,0,NULL,NULL,NULL,NULL,NULL),(241,'manual',1,0,0,0,1,'er@aequilibria.eu','$2y$10$GP34qTzFJwFJUXh1kv1kqule71TYeY4A6a2uxk64PA.bOAJ/fYrWC','','Emanuela','Russo','er@aequilibria.eu',0,'','','','','','','','','','','','','en','gregorian','','99',1624021474,1636126464,1636126365,1636126384,'151.47.126.121','',0,'',NULL,1,1,0,2,1,0,1624021441,1624021441,0,NULL,NULL,NULL,NULL,NULL),(242,'manual',1,0,0,0,1,'hollymic','$2y$10$i6OWaFwHGfqdOHzwcsmnmeHVl77ndSkCO2FMt3Hz6j7O.hsWvOOtK','','Holly','Gill','holly.mic@hotmail.com',0,'','','','','','','','','','','','','en','gregorian','','99',1624458762,1667071772,1667068709,1667069752,'72.11.22.108','',0,'',NULL,1,1,0,2,1,0,1624458489,1631132413,0,NULL,NULL,NULL,NULL,NULL),(243,'manual',1,0,0,0,1,'magnolia','$2y$10$lbabOGhAC/zm.A3i3NF39.V11riTQHBILrg.cc.ursqonR4aBOpWm','','Bethany','Brenes','bethanybrenes@gmail.com',0,'','','','','','','','','','','','','en','gregorian','','99',1624486500,1668553981,1668553931,1668553981,'67.177.103.128','',0,'',NULL,1,1,0,2,1,0,1624486372,1629140779,0,NULL,NULL,NULL,NULL,NULL),(244,'manual',1,0,0,0,1,'jaycruz','$2y$10$kJlP.PVkCgkJTuGMi4EKJOoeC2vKB1SvKw8R2CrlNtrdL0rkpB0PW','','Jay','Cruz','jay@thecruzcenter.com',0,'','','','','','','','','','','','','en','gregorian','','99',1625777288,1657325724,1657325189,1657325724,'104.34.132.16','',0,'',NULL,1,1,0,2,1,0,1625777052,1638222875,0,NULL,NULL,NULL,NULL,NULL),(245,'manual',1,0,0,0,1,'appigraphe','$2y$10$XPKLuLXb7oEthFYno5FZJuPH8MOC0/4/QzZZy/e067XC.PzWovTWO','','Annie','McClure','info@appigraphe.com',0,'','','','','','','','','','','','','en','gregorian','','99',1625948693,1625948983,1625948693,1625948983,'142.183.237.104','',0,'',NULL,1,1,0,2,1,0,1625948670,1625948670,0,NULL,NULL,NULL,NULL,NULL),(246,'manual',1,0,0,0,1,'sbrand76','$2y$10$uOgMPkNf3q0TK9ihmgg96OVcMudUOk.VdrvjIiRpaJv..EfGB3li.','','Santiago','Brand','santiago@themind-lab.com',0,'','','','','','','','','','','','','en','gregorian','','99',1626135842,1626742611,1626738300,1626742542,'219.74.34.202','',0,'',NULL,1,1,0,2,1,0,1625992751,1625992751,0,NULL,NULL,NULL,NULL,NULL),(247,'manual',1,0,0,0,1,'donabiswas','$2y$10$fb1/.6XLrWIXugS/Cb7MGOZhVgo8GNSjudAiyyMltfLh1Qkt91crq','','Dona','Biswas','donabiswas76@gmail.com',0,'','','','','','','','','','','','','en','gregorian','','99',1626862547,1627616610,1627096521,1627600797,'60.241.218.35','',0,'',NULL,1,1,0,2,1,0,1626862443,1626862443,0,NULL,NULL,NULL,NULL,NULL),(248,'manual',1,0,0,0,1,'jonhegg','$2y$10$mKgTXBpZKxi2aolbx/OVZ.wPCyAjB3YSwibbPlkkhzFY6ZBffBdLW','','Jon','Hegg','braintraining@tpg.com.au',0,'','','','','','','','','','','','','en','gregorian','','99',1626983104,1668717336,1668655276,1668717336,'1.145.84.60','',0,'',NULL,1,1,0,2,1,0,1626983059,1626983059,0,NULL,NULL,NULL,NULL,NULL),(249,'manual',1,0,0,0,1,'adriennes1','$2y$10$RgMdxTxBSuOQ0KozhpOo/OU.V7JrbfbLtgWNyFy65p7feOwrwwhey','','Adrienne','Sharma','adriennesharma28@gmail.com',0,'','','','','','','','','','','','','en','gregorian','','99',1627941769,1642543208,1642543151,1642543208,'172.58.86.232','',0,'',NULL,1,1,0,2,1,0,1627484721,1627484721,0,NULL,NULL,NULL,NULL,NULL),(250,'manual',1,0,0,0,1,'mcgill scott','$2y$10$mm/fs2oTWXt7MQ1tPLXLFOJYp53Z5/wvfQue3mMdVcolFX5DKJFNC','','Mcgill','Scott','mcgill@brainscapes.co.za',0,'','','','','','','','','','','','','en','gregorian','','99',1627814482,1668503957,1667558613,1668503957,'155.93.173.71','',0,'',NULL,1,1,0,2,1,0,1627814175,1668503882,0,NULL,NULL,NULL,NULL,NULL),(251,'manual',1,0,0,0,1,'nicoledd','$2y$10$pdRrwIP9pNTATj9OybA9vu0bcTnaOycwPlLh.q6pmv2cpMHD5uNWq','','Nicole','Daddio','DaddioLLC@gmail.com',0,'','','','','','','','','','','','','en','gregorian','','99',1627945626,1635800149,1632149525,1635800149,'67.161.155.208','',0,'',NULL,1,1,0,2,1,0,1627945528,1628548500,0,NULL,NULL,NULL,NULL,NULL),(252,'manual',1,0,0,0,1,'andrew bindewald','$2y$10$b.4sY2t4wI2wSHGO7F9jWeVHBkVohl3WG0nmCNdkt6I/hauQHbACa','','Andrew','Bindewald','rab3lpc@gmail.com',0,'','','','','','','','','','','','','en','gregorian','','99',1628019967,1668787439,1667048980,1668787439,'73.145.240.226','',0,'',NULL,1,1,0,2,1,0,1628013365,1628013365,0,NULL,NULL,NULL,NULL,NULL),(253,'manual',1,0,0,0,1,'asayoung99','$2y$10$eN6RmCnWl0H79Oy6OzOOxuC5UkGtBJ3pzNeXZSsfRBSjEliSuniqC','','Asa','Young','asayoung99@gmail.com',0,'','','','','','','','','','','','','en','gregorian','','99',1632018537,1632018676,1632018537,1632018605,'47.37.180.216','',0,'',NULL,1,1,0,2,1,0,1628022831,1628022831,0,NULL,NULL,NULL,NULL,NULL),(254,'manual',1,0,0,0,1,'billroozeboom','$2y$10$7gUn4tL5r2QbTzs14ReKLOy3jbgmKpmr0owu6cE8vOs3RkU64mXte','','Bill','Roozeboom','dr.william.roozeboom@gmail.com',0,'','','','','','','','','','','','','en','gregorian','','99',1628616556,1664237934,1655320569,1664237934,'47.145.199.226','',0,'',NULL,1,1,0,2,1,0,1628614858,1628616787,0,NULL,NULL,NULL,NULL,NULL),(255,'manual',1,0,0,0,1,'lexsealoo','$2y$10$50PqaLICpmzuPBxqz7p3Du6Ht58.nnDAe9Oj3IDx5qg84HEbV0fu2','','lexi','lin','lexi@tetraneuronet.com',0,'','','','','','','','','','','','','en','gregorian','','99',1628651366,1660736460,1657205893,1660736460,'69.206.54.175','',0,'',NULL,1,1,0,2,1,0,1628651343,1628651343,0,NULL,NULL,NULL,NULL,NULL),(256,'manual',1,0,0,0,1,'ejlv','$2y$10$LYYPf4XQzw7xzaVq/6n/3u78KefU1FIxN/WMeJH7TIna8ZsF5BVjW','','Edwin','Verstraeten','edwin.verstraeten@gmail.com',0,'','','','','','','','','','','','','en','gregorian','','99',1630012629,1668617107,1642540907,1668617107,'181.214.218.107','',0,'',NULL,1,1,0,2,1,0,1629968004,1668617087,0,NULL,NULL,NULL,NULL,NULL),(257,'manual',1,0,0,0,1,'badgeresponderservices@gmail.com','$2y$10$nTOOjV3kRnhVyu6pfq5xzOmNSwJTTHBiZK4Y16bPuR7WIgSgsfgz6','','Rebecca','Allanson','rebecca@theresilientbadge.com',0,'','','','','','','','','','','','','en','gregorian','','99',1629993301,1668264406,1668264382,1668264406,'24.8.94.154','',0,'',NULL,1,1,0,2,1,0,1629993264,1629993264,0,NULL,NULL,NULL,NULL,NULL),(258,'manual',1,0,0,0,1,'daniellelouise','$2y$10$.QojfXJNS6R.MAvACslvA.6/ev2rZYjvEwTZb3Kt6kt9XpJMzocMO','','Danielle','Crandall','danielle@brainandbehaviorassociates.com',0,'','','','','','','','','','','','','en','gregorian','','99',1630016158,1669085638,1668883454,1669085371,'72.191.214.91','',0,'',NULL,1,1,0,2,1,0,1630016016,1630016225,0,NULL,NULL,NULL,NULL,NULL),(259,'manual',1,0,0,0,1,'jodie_c','$2y$10$Ow.Hj5O38zyhAW8xOUk.De0ngXuaTbvaNEThA.5RlL88LFb3RSPem','','Jodie','Cossette','jodielcossette@gmail.com',0,'','','','','','','','','','','','','en','gregorian','','99',0,0,0,0,'','',0,'',NULL,1,1,0,2,1,0,1630094532,1630094532,0,NULL,NULL,NULL,NULL,NULL),(260,'manual',1,0,0,0,1,'scottkuenneke','$2y$10$VwrW6A8U38ChJnFqTVcXz.TRmzeqZmTrqmmeAXqpM47K.YrxmpNIi','','Scott','Kuenneke','skuenneke@caloprograms.com',0,'','','','','','','','','','','','','en','gregorian','','99',0,0,0,0,'','',0,'',NULL,1,1,0,2,1,0,1630097830,1630097830,0,NULL,NULL,NULL,NULL,NULL),(261,'manual',1,0,0,0,1,'mimi_aye','$2y$10$K6NgIhkYOlp/ycBvwPgGkeaI21EFwlYdTp6Mv56y8RLDn9Em9jrhi','','Mimi','Aye','mimiaye@post.harvard.edu',0,'','','','','','','','','','','','','en','gregorian','','99',1630514331,1630514331,0,1630514331,'107.77.230.174','',0,'',NULL,1,1,0,2,1,0,1630099077,1630515542,0,NULL,NULL,NULL,NULL,NULL),(262,'manual',1,0,0,0,1,'cory_w','$2y$10$5DleY3U1TZwkaIl9wpqE2.JxbVYqvjj4XDO8Sb/TPEaL9nLLX3eOa','','Cory','Williams','cwilliams@nashvillefamilywellness.com',0,'','','','','','','','','','','','','en','gregorian','','99',1630278577,1632160763,1632156326,1632156601,'74.93.247.1','',0,'',NULL,1,1,0,2,1,0,1630099234,1632156307,0,NULL,NULL,NULL,NULL,NULL),(263,'manual',1,0,0,0,1,'regina_k','$2y$10$RQsSf9CK31ok3l3J2fpa9uaUvfXiJZ1CP/RQgQ3jZGLizAYCLjei.','','Regina','K\'Burg','weaselover2001@yahoo.com',0,'','','','','','','','','','','','','en','gregorian','','99',0,0,0,0,'','',0,'',NULL,1,1,0,2,1,0,1630099361,1630099361,0,NULL,NULL,NULL,NULL,NULL),(264,'manual',1,0,0,0,1,'john_j','$2y$10$51vdXa7JRvXzZFmoH.thzebWwuKY.XlhdwacmTxHyHdomyIbnLHJi','','John','Joesph','johnj41291@gmail.com',0,'','','','','','','','','','','','','en','gregorian','','99',1630359137,1666652703,1666631476,1666652703,'174.208.107.93','',0,'',NULL,1,1,0,2,1,0,1630099501,1630099501,0,NULL,NULL,NULL,NULL,NULL),(265,'manual',1,0,0,0,1,'karis_w','$2y$10$vRYHJeHOO/JAgguHeNHgHOfRQ/nvNO9chAKkoHs9uyWydnl37/Whu','','Karis','Ward','Karis.Ward@therapyspokane.com',0,'','','','','','','','','','','','','en','gregorian','','99',0,0,0,0,'','',0,'',NULL,1,1,0,2,1,0,1630099589,1630099589,0,NULL,NULL,NULL,NULL,NULL),(266,'manual',1,0,0,0,1,'dennis.ahern@va.gov','$2y$10$GYQoU/.IBpS3Yvr3TMb5VO2OSxb.rNqxrqyYGV4JISOvk2FDt.AnG','','Dennis','Ahern','dennis.ahern@va.gov',0,'','','','','','','','','','','','','en','gregorian','','99',1640307855,1640635198,1640622992,1640623169,'152.131.1.16','',0,'',NULL,1,1,0,2,1,0,1631659826,1631659826,0,NULL,NULL,NULL,NULL,NULL),(267,'manual',1,0,0,0,1,'lateerlink','$2y$10$NscjWbMrnGeowKX2CBreTey5NyZJbgrP8.17UMarYAS46I1xQVsfa','','Leslie','Teerlink','lateerlink@gmail.com',0,'','','','','','','','','','','','','en','gregorian','','99',1633355843,1666297280,1666296996,1666297106,'98.97.14.182','',0,'',NULL,1,1,0,2,1,0,1633352855,1633352855,0,NULL,NULL,NULL,NULL,NULL),(268,'manual',1,0,0,0,1,'cyovich','$2y$10$/nC6D76seohe3D6YD/89x.R9n9QMUeKKREwvFpr.g/dxnr19tBjVW','','Courtney','Yovich','courtney@aspennfb.com',0,'','','','','','','','','','','','','en','gregorian','','99',1633389428,1635365037,1635188889,1635365037,'161.97.204.177','',0,'',NULL,1,1,0,2,1,0,1633389410,1633445555,0,NULL,NULL,NULL,NULL,NULL),(269,'manual',1,0,0,0,1,'jmaille','$2y$10$JN55S03vpRNo/J3kCvWDEOlS6mz8088dLJMkCOGV2crgexxo9xEVK','','Jessica','McPherson','jmaille1214@gmail.com',0,'','','','','','','','','','','','','en','gregorian','','99',1635961882,1657893553,1650039937,1657893553,'96.51.132.99','',0,'',NULL,1,1,0,2,1,0,1635961833,1635961833,0,NULL,NULL,NULL,NULL,NULL),(270,'manual',1,0,0,0,1,'drlarsonnin','$2y$10$xhXo6a0rZH.lL22NR.YwJ.3qEjSXhU1xwYBtRgHUUJG8p5.APTt/a','','Dr. Linda','Larson','DrLarson@nidnt.com',0,'','','','','','','','','','','','','en','gregorian','','99',1637361700,1652568805,1643170656,1652568805,'64.98.23.202','',0,'',NULL,1,1,0,2,1,0,1636131575,1636131575,0,NULL,NULL,NULL,NULL,NULL),(271,'manual',1,0,0,0,1,'rvincent','$2y$10$ZRIGCR7TfdrLIq.3abMZaOtG12xtYfVMLiRp0DNY2mVfpcWMXriue','','Ralph-Vincent','Sanchez','ralph.v.sanchez@gmail.com',0,'','','','','','','','','','','','','en','gregorian','','99',1636380219,1668522641,1668522618,1668522641,'73.6.107.43','',0,'',NULL,1,1,0,2,1,0,1636380179,1636380179,0,NULL,NULL,NULL,NULL,NULL),(272,'manual',1,0,0,0,1,'praxis@diana.siedek.at','$2y$10$teX4BxCif/O7wAL/BQqyR.rQ12b9G4iTTiDwVUIKOwmLM/MtBc2HG','','Diana','Siedek','praxis@dianasiedek.at',0,'','','','','','','','','','','','','en','gregorian','','99',1636495757,1636496921,0,1636495757,'46.75.72.231','',0,'',NULL,1,1,0,2,1,0,1636495672,1636495672,0,NULL,NULL,NULL,NULL,NULL),(273,'manual',1,0,0,0,1,'mindfulgph','$2y$10$QM06Wg8C.fytPtMID/f.2.CPYMIrCsy4afIuQ272/7AM5Y2USAODu','','Glenn','Horwitz','drglennphd@gmail.com',0,'','','','','','','','','','','','','en','gregorian','','99',1636823374,1668109714,1668109490,1668109608,'73.152.7.188','',0,'',NULL,1,1,0,2,1,0,1636823342,1636823342,0,NULL,NULL,NULL,NULL,NULL),(274,'manual',1,0,0,0,1,'lisa7792','$2y$10$nxDSnOZ0tMo8sANkl4Uy3OsSHZjUy78Q9rc3CJBRPtnE9DgSOYO8G','','Lisa','Merrifield','psychologics@yahoo.com',0,'','','','','','','','','','','','','en','gregorian','','99',1664145956,1666230324,1664145956,1666230324,'184.97.134.54','',0,'',NULL,1,1,0,2,1,0,1637953541,1637953541,0,NULL,NULL,NULL,NULL,NULL),(275,'manual',1,0,0,0,1,'coolguise','$2y$10$8OGaGtg4QGjePPkguRb3PODBmyaYQFXgk27wJ6hxaOMKWdaDvoasS','','cheryl','mark','tyler@connectneurofeedback.com',0,'','','','','','','','','','','','','en','gregorian','','99',1637959251,1668472448,1668472126,1668472158,'136.34.204.63','',0,'','',1,1,0,2,1,0,1637959219,1642520092,0,NULL,NULL,NULL,NULL,NULL),(276,'manual',1,0,0,0,1,'drakeinstitute','$2y$10$Ugy1ocf5hosVl9W9sM2NNOlAzY.BcwMxWiD8pOcuMw6AqJwKZ8Dxm','','David','Velkoff','drvelkoff@drakeinstitute.com',0,'','','','','','','','','','','','','en','gregorian','','99',1638674290,1639805538,1639805497,1639805538,'72.211.222.112','',0,'',NULL,1,1,0,2,1,0,1638673904,1638673904,0,NULL,NULL,NULL,NULL,NULL),(277,'manual',1,0,0,0,1,'satoriclarke','$2y$10$IBxi7iwwY4xP5pxTpvRt0e4TDlsSASSB1eBKUzC9ypKBJNG4Bd3EK','','Satori','Clarke','satoriclarke@gmail.com',0,'','','','','','','','','','','','','en','gregorian','','99',1639103364,1639711288,1639709248,1639709301,'202.58.201.158','',0,'',NULL,1,1,0,2,1,0,1639103325,1639103325,0,NULL,NULL,NULL,NULL,NULL),(278,'manual',1,0,0,0,1,'hputney','$2y$10$Lyl56q6fpfg1XvMDF95O8eIN8SWozMwnJ35DX3hs4LxBHUolC95L.','','Heather','Putney','heather.putney@untetheredtherapy.org',0,'','','','','','','','','','','','','en','gregorian','','99',1639665088,1668832876,1668787892,1668832876,'74.109.212.132','',0,'',NULL,1,1,0,2,1,0,1639663963,1648670480,0,NULL,NULL,NULL,NULL,NULL),(279,'manual',1,0,0,0,1,'onyekachi.mkpolulu@gmail.com','$2y$10$scHCd8i1.p.OxP2sv9cGveL9EFDHPU6NeuNP6JbzEoFOSl1pXhsj2','','Onyekachi','Obi Mkpolulu','onyekachi.mkpolulu@gmail.com',0,'','','','','','','','','','','','','en','gregorian','','99',1639909258,1643547879,1642588850,1643547879,'71.47.238.110','',0,'',NULL,1,1,0,2,1,0,1639909227,1639909227,0,NULL,NULL,NULL,NULL,NULL),(280,'manual',1,0,0,0,1,'tanveer','$2y$10$3MIWo6Jg5FUBU0RLXEbJvuUqjDXLJ.UTxjdeyrEqomjM6g2XwgYIy','','Maqbul','Shaik','smdtanveer18@gmail.com',0,'','','','','','','','','','','','','en','gregorian','','99',0,0,0,0,'','',0,'',NULL,1,1,0,2,1,0,1640427826,1640427826,0,NULL,NULL,NULL,NULL,NULL),(281,'manual',1,0,0,0,1,'sstj','$2y$10$WZTQ98n0eKy0rrKBXSnzU.YKGIG8DTfT23APPUunbuPeNdip5hkj2','','Stephanie','Turner-Johnson','sturnerjohnson@gmail.com',0,'','','','','','','','','','','','','en','gregorian','','99',1640835934,1641147016,1640835934,1641147016,'68.225.243.247','',0,'',NULL,1,1,0,2,1,0,1640835864,1640835864,0,NULL,NULL,NULL,NULL,NULL),(282,'manual',1,0,0,0,1,'mdhrc2@yahoo.com','$2y$10$FJV9XHVFKtJbol8EytdIP.3eqYTBI3VcHU9/1PXYahmiX56dZhHwO','','Jimmy','Pennington','mdhrc2@yahoo.com',0,'','','','','','','','','','','','','en','gregorian','','99',1640887273,1668611012,1668182355,1668611012,'209.112.231.78','',0,'',NULL,1,1,0,2,1,0,1640887239,1640887239,0,NULL,NULL,NULL,NULL,NULL),(283,'manual',1,0,0,0,1,'crickellis@cox.net','$2y$10$Zw3mqzY6Yclp4G/RAVT5mOMZVJ3ltlINDxPqCU1ufTwnkEDzA48OS','','C','Rick Ellis','crickellis@cox.net',0,'','','','','','','','','','','','','en','gregorian','','99',0,0,0,0,'','',0,'',NULL,1,1,0,2,1,0,1640954395,1640954395,0,NULL,NULL,NULL,NULL,NULL),(284,'manual',1,0,0,0,1,'john','$2y$10$rGg5DTXa.3iqr6Rpz9Bu9eVA3KyLgCFPrba6x3HPCHur3LYqL234C','','John','Babson','sandyb2388@yahoo.com',0,'','','','','','','','','','','','','en','gregorian','','99',1640980352,1666194296,1640980352,1666194296,'42.98.218.237','',0,'',NULL,1,1,0,2,1,0,1640979427,1666194272,0,NULL,NULL,NULL,NULL,NULL),(285,'manual',1,0,0,0,1,'nathan.hollenbeck@gmail.com','$2y$10$vrfOABgFRBy7DwXUNKM7bOlaNqOwtMAQgZ3jcf1WwlySC66autDL6','','Nathan','Hollenbeck','nathan.hollenbeck@gmail.com',0,'','','','','','','','','','','','','en','gregorian','','99',0,0,0,0,'','',0,'',NULL,1,1,0,2,1,0,1641006247,1641006247,0,NULL,NULL,NULL,NULL,NULL),(286,'manual',1,0,0,0,1,'alison@pnwbh.com','$2y$10$fC.lP9raUZMOH52lralrzuqmN4o9rL3tFIpMfvyC2OPWP/iIuKpQG','','Alison','Gullion','alison@pnwbh.com',0,'','','','','','','','','','','','','en','gregorian','','99',1643657663,1643831156,1643820356,1643831156,'24.21.107.85','',0,'',NULL,1,1,0,2,1,0,1641007299,1641007299,0,NULL,NULL,NULL,NULL,NULL),(287,'manual',1,0,0,0,1,'tysonchungphd','$2y$10$aV6LOvilvLbtocnBrRKYf.TQitKo9xjJCvZLFNh4voQKY.GK2HJWu','','Tyson','Chung','tysonchungphd@gmail.com',0,'','','','','','','','','','','','','en','gregorian','','99',1641053207,1665179589,1665155719,1665178635,'152.131.10.193','',0,'',NULL,1,1,0,2,1,0,1641050414,1641050414,0,NULL,NULL,NULL,NULL,NULL),(288,'manual',1,0,0,0,1,'franbieganekmslp@gmail.com','$2y$10$hvfn74ZLBIRhsZTJJDooCOA7V4rKvMHEer5b4F1vn3LtKoKx9/pNG','','Frances','Bieganek','franbieganekmslp@gmail.com',0,'','','','','','','','','','','','','en','gregorian','','99',1641230520,1662735265,1662660814,1662734969,'47.41.124.121','',0,'',NULL,1,1,0,2,1,0,1641230377,1662409782,0,NULL,NULL,NULL,NULL,NULL),(289,'manual',1,0,0,0,1,'victor-customer','$2y$10$zPBFXxPu0oj2h979xksb0O0CnTu2JYz6M.ok2l7GWGz0cm4dvCbLu','','Victor','Ghenghiu','victor.ghenghiu@synergogroup.net',0,'','','','','','','','','','','','','en','gregorian','','99',0,0,0,0,'','',0,'',NULL,1,1,0,2,1,0,1641929132,1641929132,0,NULL,NULL,NULL,NULL,NULL),(290,'manual',1,0,0,0,1,'mjones','$2y$10$7HwK4OEh9/4psPT1xoV/M.HhYOiv.4l/kJHaBXEFOUGkOGsZ6XdNq','','Mark','Jones','mjones@sanantoniocounseling.net',0,'','','','','','','','','','','','','en','gregorian','','99',0,0,0,0,'','',0,'',NULL,1,1,0,2,1,0,1642611647,1642611647,0,NULL,NULL,NULL,NULL,NULL),(291,'manual',1,0,0,0,1,'smdtanveer@outlook.com','$2y$10$B.hsRa11TTwXFabCH8iOYONh6XIQfOIvMrvdasY1syNAeJrMERaQy','','tanveer','shaik','smdtanveer@outlook.com',0,'','','','','','','','','','','','','en','gregorian','','99',1642674105,1643298888,1643298590,1643298697,'106.195.67.96','',0,'',NULL,1,1,0,2,1,0,1642673982,1643298523,0,NULL,NULL,NULL,NULL,NULL),(292,'manual',1,0,0,0,1,'compujohnny@gmail.com','$2y$10$v7c5BTS4TAWHXTvYW9YIbOXjeRma2PYJv8L13b.KgOpvFykSBe43K','','John','Youssef','compujohnny@gmail.com',0,'','','','','','','','','','','','','en','gregorian','','99',1642765142,1666636104,1666117679,1666636104,'197.46.84.107','',0,'',NULL,1,1,0,2,1,0,1642765091,1642765091,0,NULL,NULL,NULL,NULL,NULL),(293,'manual',1,0,0,0,1,'billieshubin','$2y$10$3aSdrrgKHLjZ6tTa78G39OocGWQZa1vF7Sj22wEsqxPAXWuJNCDsi','','Billie','Shubin','billieshubin@sbcglobal.net',0,'','','','','','','','','','','','','en','gregorian','','99',1643769096,1643769096,0,1643769096,'104.220.98.65','',0,'',NULL,1,1,0,2,1,0,1643763083,1643769042,0,NULL,NULL,NULL,NULL,NULL),(294,'manual',1,0,0,0,1,'drgrozelle@gmail.com','$2y$10$H5M1WJkwCVogrqQ3pfE8VujUh31NyDoc7E2PVUGHRqUNbt1apctBe','','George','Rozelle','drgrozelle@gmail.com',0,'','','','','','','','','','','','','en','gregorian','','99',1644440283,1667944433,1667944407,1667944433,'69.254.125.130','',0,'',NULL,1,1,0,2,1,0,1644436304,1644436304,0,NULL,NULL,NULL,NULL,NULL),(295,'manual',1,0,0,0,1,'integr8yourbrain@gmail.com','$2y$10$NSKtof8Z99TmYMX6epdGSuHD389c/N4zG.QuzcDW6MQDo00Gykt5a','','Dale','Foster','integr8yourbrain@gmail.com',0,'','','','','','','','','','','','','en','gregorian','','99',1649173715,1655565175,1654899978,1655565175,'50.228.29.218','',0,'',NULL,1,1,0,2,1,0,1644454972,1644454972,0,NULL,NULL,NULL,NULL,NULL),(296,'manual',1,0,0,0,1,'yosimine','$2y$10$wSaCkgH85k/v2LK2F3xLx.1kKQjEUNqKJBVOEwVDxUDInMKluMow2','','Yoshimine','Norikazu','yoshimine@tama.ac.jp',0,'','','','','','','','','','','Kanagawa Sagamihara','JP','en','gregorian','','99',1646671727,1665016851,1663077873,1665013910,'119.172.228.72','',0,'','',1,1,0,2,1,0,1646671647,1647042121,0,'','','','',''),(297,'manual',1,0,0,0,1,'lglyonsphd','$2y$10$9XcqyIu9inI1HIdrokpumub/Vlyi7f5tbcW8IvvBfehGrUkaySD1i','','Dr.Lawrence','Lyons','lglyonsphd@gmail.com',0,'','','','','','','','','','','','','en','gregorian','','99',1650996719,1666128476,1653953745,1666128476,'98.152.228.59','',0,'','',1,1,0,2,1,0,1649360386,1653158813,0,'','','','',''),(298,'manual',1,0,0,0,1,'teoviii','$2y$10$ETpr/szFRdaXwt03kXT0n.mm9HJw.XkMGIDV.Hfirkh2rQ0ntCqcu','','Teo','Ramirez','teo@viiibrand.com',0,'','','','','','','','','','','','','en','gregorian','','99',1649717212,1667294402,1667294391,1667294402,'45.48.72.28','',0,'',NULL,1,1,0,2,1,0,1649361916,1649361916,0,NULL,NULL,NULL,NULL,NULL),(299,'manual',1,0,0,0,1,'emilysteen','$2y$10$EBRC3FSkU4v/u2I7wMz4AOjus5atRivmRI1S3TyN.Rm29cvAD8qAu','','emily','Steen','emily@fcpsych.com',0,'','','','','','','','','','','','','en','gregorian','','99',1649870897,1669131858,1669128614,1669131775,'76.135.174.157','',0,'',NULL,1,1,0,2,1,0,1649870351,1653404573,0,NULL,NULL,NULL,NULL,NULL),(300,'manual',1,0,0,0,1,'erinolivo','$2y$10$RpeyXz1lToynp94/uru2Uuqvkk1.YJZ8cr8z30L.Uq41JRezg/Gb6','','Erin','Olivo','erinolivo@centerforwisemindliving.com',0,'','','','','','','','','','','','','en','gregorian','','99',1651096760,1668630329,1666107473,1668630329,'100.2.153.126','',0,'',NULL,1,1,0,2,1,0,1651091304,1651091304,0,NULL,NULL,NULL,NULL,NULL),(301,'email',1,0,0,0,1,'waleedsohail','$2y$10$ZsfyGntSPHUN8iQuhM2tU./xf2GJb.8ExxreunsbQyqtPXZ7g.kKm','','Waleed','Sohail','hello@thefonerep.com',0,'','','','','','','','','','','','PK','en','gregorian','','99',1652723085,1657834273,1657231650,1657832511,'119.73.117.71','j3ycNyzUI1YN0kW',0,'','',1,1,0,2,1,0,1652484152,1652722554,0,'','','','',''),(302,'manual',1,0,0,0,1,'halimawaleed','$2y$10$fLXf/TiiYic/0XNBSP4q/u2QmrcRb6yu5thW0R43avIX5Bntd46rm','','Haleema','Waleed','halimatariq72@gmail.com',0,'','','','','','','','','','','','','en','gregorian','','99',1652733597,1656030667,1655769175,1656027227,'39.37.169.85','',0,'','',1,1,0,2,1,0,1652726482,1652726482,0,'','','','',''),(303,'manual',1,0,0,0,1,'dmajtexas@gmail.com','$2y$10$gCZz5Z6PKpbLgtkCG.TQR.TaRS1Ivu00XxKuEcoBL0Cb6X08dz6Kq','','Dr Dennis','Alvarez, PsyD, LPC-A','dmajkc@msn.com',0,'','','','','','','','','','','','','en','gregorian','','99',1653528696,1656292273,1656287829,1656287886,'98.96.4.128','',0,'',NULL,1,1,0,2,1,0,1653495104,1653495104,0,NULL,NULL,NULL,NULL,NULL),(304,'manual',1,0,0,0,1,'cyn.wilson76@gmail.com','$2y$10$IuLuzYMf1k.qQNUOXn0h8.3D7Z/rOomnAdLOIgHXM9EAP/ItzXmyC','','Cynthia','Wilson','cyn.wilson76@gmail.com',0,'','','','','','','','','','','','','en','gregorian','','99',1654630280,1668205565,1667507913,1668205565,'68.35.246.93','',0,'',NULL,1,1,0,2,1,0,1654630220,1666450392,0,NULL,NULL,NULL,NULL,NULL),(305,'manual',1,0,0,0,1,'waleedstudent','$2y$10$O4cr/WA6sHDXgu4Ce2KpmukA6OgjdgrFI7WSXFLwQPLpPrnXc.Cia','','Waleed','Sohail','wsohail123@gmail.com',0,'','','','','','','','','','','Lahore','PK','en','gregorian','','99',1655322356,1655323853,0,1655322356,'119.73.121.172','',0,'','',1,1,0,2,1,0,1655321982,1655321982,0,'','','','',''),(306,'manual',1,0,0,0,1,'john1','$2y$10$lHJrR/rvyj.Z9V0HzfEwhe9irlSoUVJynVhA/Os1aLsLvGasNzjx2','','John','DeWig','john@neurofield.com',0,'','','','','','','','','','','','','en','gregorian','','99',1656347396,1656347522,0,1656347396,'98.173.24.195','',0,'','',1,1,0,2,1,0,1655411856,1655411916,0,NULL,NULL,NULL,NULL,'john1'),(307,'manual',1,0,0,0,1,'caroline rum','$2y$10$7p6m8N5vWdBMNaLM0gOLa.eH/IR/5WY2R93Njhmo1PwQC57J8l6P6','','Caroline','Rum','carolinerum.slp@gmail.com',0,'','','','','','','','','','','','','en','gregorian','','99',1655823713,1656246469,1656194096,1656246469,'47.201.166.105','',0,'',NULL,1,1,0,2,1,0,1655822842,1655822842,0,NULL,NULL,NULL,NULL,NULL),(308,'manual',1,0,0,0,1,'gerryschriever','$2y$10$V4uqvUZosl0qNdNV7BJKjezQFFDHkHKVJ0YQ.PfwRBYJ13lKPpW.C','','Jennifer','Schriever','gerryschriever@rocketmail.com',0,'','','','','','','','','','','','','en','gregorian','','99',1655867720,1656264508,1656248244,1656263874,'136.49.140.30','',0,'',NULL,1,1,0,2,1,0,1655824139,1655824139,0,NULL,NULL,NULL,NULL,NULL),(309,'manual',1,0,0,0,1,'lcraulerson','$2y$10$ccWPDDVhv88ZJh7gGU1P6ONHWCkwsCmTDWEhxrKAWkgSJK2hF36Mu','','Leah','Raulerson','lcraulerson@gmail.com',0,'','','','','','','','','','','','','en','gregorian','','99',1655911514,1668457401,1668103154,1668457401,'50.243.136.85','',0,'',NULL,1,1,0,2,1,0,1655909747,1655909747,0,NULL,NULL,NULL,NULL,NULL),(310,'manual',1,0,0,0,1,'carriebuechner','$2y$10$8ETc4OpbG6/WsxY4ihj3t.s9iWwM0u5QAoaEwN4tw52hTQQtSShTm','','Carolyn','Buechner','cebuechner@gmail.com',0,'','','','','','','','','','','','','en','gregorian','','99',1655931924,1668722095,1668706719,1668720291,'50.243.136.85','',0,'',NULL,1,1,0,2,1,0,1655921086,1655921086,0,NULL,NULL,NULL,NULL,NULL),(311,'manual',1,0,0,0,1,'mkberry85','$2y$10$CDJiPiQqRQqSmW3Az/PpvOsHLdqNvg5wQLhGvSXcy4.sQkL9e2T4.','','Matthew','Berry','mkberry85@gmail.com',0,'','','','','','','','','','','','','en','gregorian','','99',1656026304,1658690955,1658690946,1658690955,'71.28.238.235','',0,'',NULL,1,1,0,2,1,0,1656022667,1656022667,0,NULL,NULL,NULL,NULL,NULL),(312,'manual',1,0,0,0,1,'angeliquevasilaros','$2y$10$LlaJmYP0ta.rqQ3H9jCmX.0mr0jQ3DfgHsAKKR/WQzeWKH0fqe3CC','','Angelique','Vasilaros','admin@angeliquevasilaros.ca',0,'','','','','','','','','','','','','en','gregorian','','99',1656432235,1669058144,1669058128,1669058144,'107.179.232.13','',0,'',NULL,1,1,0,2,1,0,1656428699,1662039848,0,NULL,NULL,NULL,NULL,NULL),(313,'manual',1,0,0,0,1,'sarah.clement','$2y$10$Tex2GYHYPeaHFmPLU05xW.H7aZHTOqFj4QYv9ccWjE/sBePRBDvFa','','Sarah','Clement','sarah.clement@gmail.com',0,'','','','','','','','','','','','','en','gregorian','','99',1656429337,1669075493,1669074715,1669075493,'73.126.251.221','',0,'',NULL,1,1,0,2,1,0,1656429120,1656429317,0,NULL,NULL,NULL,NULL,NULL),(314,'manual',1,0,0,0,1,'judycrawford','$2y$10$J7VurbpQz.bTpH9QdaR/BuF8k7tCurBdquMY7KfunOG.mR8O97Td2','','Judy','Crawford','tieitsah@magim.be',0,'','','','','','','','','','','','','en','gregorian','','99',1656477606,1656480361,1656480260,1656480361,'45.48.72.28','',0,'',NULL,1,1,0,2,1,0,1656431969,1656431969,0,NULL,NULL,NULL,NULL,NULL),(315,'manual',1,0,0,0,1,'newtanhoe','$2y$10$vTmitMOCY8rrmW.Jj1NKCOsn3dBf/FuOWDKWzgR4ULpxX.Xt0FX1O','','Newtan','Hoe','newtanhoe@ccmail.uk',0,'','','','','','','','','','','','','en','gregorian','','99',1656481407,1656488052,1656487856,1656487908,'172.58.20.233','',0,'',NULL,1,1,0,2,1,0,1656481326,1656481326,0,NULL,NULL,NULL,NULL,NULL),(316,'manual',1,0,0,0,1,'chinseeahh','$2y$10$RzYpxWauEOLNumlH47Cy4.zo.zQ.o8EUy/esV9mciKFg3ZvlabK0q','','Cinzia','Molla','chinseeahh@aol.com',0,'','','','','','','','','','','','','en','gregorian','','99',0,0,0,0,'','',0,'',NULL,1,1,0,2,1,0,1656598858,1656598858,0,NULL,NULL,NULL,NULL,NULL),(317,'manual',1,0,0,0,1,'marina de santiago','$2y$10$.73IsWcHENlME2/6gKugV.icCOjZ/NZq/GQvzpiZO9rBZ8xDoXWAi','','Marina','de Santiago','asdrem@hotmail.com',0,'','','','','','','','','','','','','en','gregorian','','99',1656754068,1665075863,1665074021,1665075863,'139.47.67.107','',0,'',NULL,1,1,0,2,1,0,1656751980,1656924122,0,NULL,NULL,NULL,NULL,NULL),(318,'manual',1,0,0,0,1,'alexis','$2y$10$YzYHET6AqU08UmSaXR8cIuxHDBAiVU0XMh4zcCpr9POTPF71KBore','','Alexis','Rosener','alexis@neurotherapynebraska.com',0,'','','','','','','','','','','','','en','gregorian','','99',1657302558,1665590108,1665590025,1665590047,'70.184.220.162','',0,'',NULL,1,1,0,2,1,0,1657225215,1657225215,0,NULL,NULL,NULL,NULL,NULL),(319,'manual',1,0,0,0,1,'mathiaspatloch','$2y$10$T1Dg.UKu.vD.MHq1AVQipuekNXbZnLOROfDNq.6S9hE2IoMPRIt9u','','Mathias','Patloch','MathiasPatloch@hotmail.com',0,'','','','','','','','','','','Vienna','AT','en','gregorian','','99',1657659356,1669046108,1669006381,1669046108,'156.146.61.205','',0,'','Psychologe',1,1,0,2,1,0,1657561618,1657561693,0,NULL,NULL,NULL,NULL,'MathiasPatloch'),(320,'manual',1,0,0,0,1,'brianimber','$2y$10$panFyKeVMsRqM9Cn2sccnufiRbcTExkIdWAG/zViowrM5pq.m.rlm','','Brian','Imber','drbrian@mindshiftpsychotherapy.com',0,'','','','','','','','','','','','','en','gregorian','','99',1658339758,1663807856,1663806699,1663806819,'73.118.244.151','',0,'',NULL,1,1,0,2,1,0,1658245207,1658245207,0,NULL,NULL,NULL,NULL,NULL),(321,'manual',1,0,0,0,1,'dillonlegalvideo','$2y$10$JO.dJ.vk1BZLtmknIxYeIu4JpGfEnGUtuswjXsHrQgl8BI2GweXTS','','Jeannine','Dillon','jeannine@dillonlegalvideo.com',0,'','','','','','','','','','','','','en','gregorian','','99',1659544709,1659544709,0,1659544709,'98.173.24.195','',0,'',NULL,1,1,0,2,1,0,1659544351,1659544351,0,NULL,NULL,NULL,NULL,NULL),(322,'manual',1,0,0,0,1,'rpotter','$2y$10$Jvxdcvtnp28WIYGGYfjQ.u.PhGieu19Rhl4qZ/SHFAi2humZIOdA.','','Rhonda','Potter','rpotter@bcia.org',0,'','','','','','','','','','','','','en','gregorian','','99',1659557389,1663284734,1663273447,1663273468,'98.186.218.68','',0,'',NULL,1,1,0,2,1,0,1659556739,1659556739,0,NULL,NULL,NULL,NULL,NULL),(323,'manual',1,0,0,0,1,'neha.msw','$2y$10$Rj3sc6bFqCi1762sgQdS6.ayILrH5f13Ayu38qwtbwCQ/y14WZ8zS','','Neha','Duggal','neha.msw@gmail.com',0,'','','','','','','','','','','','','en','gregorian','','99',1659612387,1668227245,1667525966,1668227245,'73.235.48.152','',0,'',NULL,1,1,0,2,1,0,1659572166,1659572166,0,NULL,NULL,NULL,NULL,NULL),(324,'manual',1,0,0,0,1,'marianneplahn','$2y$10$.QQMn2mlchyQscCBMwskh.Lpi1Yv1XdxDUeivhtj3RKQ1f5tenmO6','','MARIANNE','PLAHN','marianneplahn@gmail.com',0,'','','','','','','','','','','','','en','gregorian','','99',1659594489,1659595415,1659594489,1659595415,'45.48.72.28','',0,'',NULL,1,1,0,2,1,0,1659593934,1659593934,0,NULL,NULL,NULL,NULL,NULL),(325,'manual',1,0,0,0,1,'billie.vesely','$2y$10$6bzdwphy1kkkg08zE48oH.9tKD2M/YxpykLLH3TEgrjYaAVKIdul2','','Billie','Vesely','billie.vesely@gmail.com',0,'','','','','','','','','','','','','en','gregorian','','99',1659985577,1667006756,1663344671,1667002909,'174.205.32.126','',0,'',NULL,1,1,0,2,1,0,1659983838,1667002890,0,NULL,NULL,NULL,NULL,NULL),(326,'manual',1,0,0,0,1,'rojas.e','$2y$10$vbqKjR0QRjoY7Nwnw3OhneJrjDTxqFQAjIVCxOXkGQc/lKJfd4ANC','','Erika','Rojas','rojas.e@saskpsych.ca',0,'','','','','','','','','','','Saskatoon','CA','en','gregorian','','99',1667965832,1667965853,1667965832,1667965853,'67.225.41.70','',0,'','',1,1,0,2,1,0,1660020370,1660020550,0,NULL,NULL,NULL,NULL,'rojas.e'),(327,'manual',1,0,0,0,1,'rory.gowda','$2y$10$bu7HzCHWGscVUjrPyZL9oeY/tz6mBtdumRgPFHKvr79B1TaVdP5eu','','Rory','Gowda-Sookochoff','rory.gowda.sookochoff@usask.ca',0,'','','','','','','','','','','','','en','gregorian','','99',1660763972,1667961124,1660764033,1667961124,'207.47.175.221','',0,'',NULL,1,1,0,2,1,0,1660190948,1660763950,0,NULL,NULL,NULL,NULL,NULL),(328,'manual',1,0,0,0,1,'carolyuen22','$2y$10$jMr873w73IAssVJuSZ0rDeZ7JS3jmDsz6FzLPJcCgo7lYqrdcDSBG','','Carol','Yuen','carolyuen22@gmail.com',0,'','','','','','','','','','','','','en','gregorian','','99',1660527211,1667095471,1665218862,1667095471,'116.14.64.104','',0,'',NULL,1,1,0,2,1,0,1660462161,1664599145,0,NULL,NULL,NULL,NULL,NULL),(329,'manual',1,0,0,0,1,'alisa.butcher','$2y$10$G2sTm2BBVxrShFohlZMDpuGHXo/cjDJQr0CK2vCUFUoSJn8ttYCBi','','Alisa','Butcher','alisabutcher@gmail.com',0,'','','','','','','','','','','Fairbanks','US','en','gregorian','','99',1660939155,1667596215,1667596188,1667596215,'206.174.108.109','',0,'','',1,1,0,2,1,0,1660930318,1660939642,0,NULL,NULL,NULL,NULL,'alisa.butcher'),(330,'manual',1,0,0,0,1,'mmichellegross','$2y$10$ECx2SISh06ksyQNh5VHb4Of8hbhNBI3KTOazXLE8MJgSOYDGMXjay','','Dale','Foster','mmichellegross@gmail.com',0,'','','','','','','','','','','','','en','gregorian','','99',1661279602,1667316646,1667316559,1667316579,'45.18.199.217','',0,'',NULL,1,1,0,2,1,0,1661267598,1661267598,0,NULL,NULL,NULL,NULL,NULL),(331,'manual',1,0,0,0,1,'ellen.dalebroux','$2y$10$l3GZ7aN397SjiF93zTqwTOatB1GRXZVrGbUZ.u1ehZnTl0Hjcorwi','','Ellen','Dalebroux','dalebe90@gmail.com',0,'','','','','','','','','','','','','en','gregorian','','99',1661392867,1668805127,1668191905,1668802633,'75.70.248.107','',0,'',NULL,1,1,0,2,1,0,1661271106,1661302461,0,NULL,NULL,NULL,NULL,NULL),(332,'manual',1,0,0,0,1,'bybiddue','$2y$10$nxejkbkwbT1fGd0YfDxpM.y5Fb31OS.NZFbR2cxgIOYwOCLMI2udy','','QEEG','Board','bybiddue@kpost.be',0,'','','','','','','','','','','','','en','gregorian','','99',1661273466,1661286729,1661273466,1661286729,'98.173.24.195','',0,'',NULL,1,1,0,2,1,0,1661272371,1661272371,0,NULL,NULL,NULL,NULL,NULL),(333,'manual',1,0,0,0,1,'john.lavery','$2y$10$iZFB.ivq4sgpVK.QKdTcwuuqb.JYyfD7DDE9R0RWBDv2k6bbMSguW','','John','Lavery','dr.lavery@allenarthritis.com',0,'','','','','','','','','','','','','en','gregorian','','99',1661299206,1665635299,1665635118,1665635299,'47.187.171.217','',0,'',NULL,1,1,0,2,1,0,1661291571,1661291571,0,NULL,NULL,NULL,NULL,NULL),(334,'manual',1,0,0,0,1,'kristen.allen','$2y$10$JtsflTh54zCnkbi13fL3j.hh.ZXo.wK/0tGxjRI7Ku.c09TWgCyLm','','Kristen','Allen','aallen@mindfulnessclinic.org',0,'','','','','','','','','','','','','en','gregorian','','99',1661352983,1666204300,1666201788,1666201805,'23.25.165.30','',0,'',NULL,1,1,0,2,1,0,1661352712,1661352967,0,NULL,NULL,NULL,NULL,NULL),(336,'manual',1,0,0,0,1,'saifon.bun','$2y$10$R45iNQm59CYr.T.7l7P0KO/K8CQs2NRyuS5hsvSLARsJShUSa7.QW','','SAIFON','BUNYACHATAKUL','saifon.bun@cmu.ac.th',0,'','','','','','','','','','','','','en','gregorian','','99',1661598425,1661600974,0,1661598425,'223.206.43.77','',0,'',NULL,1,1,0,2,1,0,1661598412,1661598412,0,NULL,NULL,NULL,NULL,NULL),(337,'manual',1,0,0,0,1,'drjasonrhodes','$2y$10$9aMuKgwd8nXzFgmCyy1J2uMO9u7hV1JkxUvThgrjML4JC3BQzlXU.','','Jason','Rhodes','drjasonrhodes@gmail.com',0,'','','','','','','','','','','','','en','gregorian','','99',1662125653,1662126143,1662125653,1662125993,'174.86.86.152','',0,'',NULL,1,1,0,2,1,0,1662125638,1662125638,0,NULL,NULL,NULL,NULL,NULL),(338,'manual',1,0,0,0,1,'marissalewismd','$2y$10$rVxp8cUOKViG8umcFUdZCuwH/BblSUOAsX33H31qNLYeWzs4rHYxK','','Marissa','Lewis','marissalewismd@gmail.com',0,'','','','','','','','','','','','','en','gregorian','','99',1662129577,1662225068,1662221198,1662221205,'68.91.254.119','',0,'',NULL,1,1,0,2,1,0,1662129553,1662129553,0,NULL,NULL,NULL,NULL,NULL),(339,'manual',1,0,0,0,1,'tiffany.cagle-schrift','$2y$10$bWlB0VQHax8VL.IDRTThveogyfcAgk40apbbPO5SW7rTapnWrQkiW','','Tiffany','Cagle-Schrift','tiffanyrcagle@gmail.com',0,'','','','','','','','','','','','','en','gregorian','','99',1662135809,1667856248,1667853448,1667856248,'75.38.53.81','',0,'',NULL,1,1,0,2,1,0,1662135635,1662135635,0,NULL,NULL,NULL,NULL,NULL),(340,'manual',1,0,0,0,1,'megan.simpson','$2y$10$DfffVCKGbJ1oWUT6I8Cbo.1bHi3B8dQXgSNBhAkCt5Yel.M22hxly','','Megan','Simpson','mgnsimpson@yahoo.com',0,'','','','','','','','','','','','','en','gregorian','','99',1662492002,1669137353,1669062100,1669135461,'24.216.36.180','',0,'',NULL,1,1,0,2,1,0,1662491980,1662491980,0,NULL,NULL,NULL,NULL,NULL),(341,'manual',1,0,0,0,1,'nigzulf','$2y$10$KtEgCqGLgb39ztmR6UjRFOyJNEdyGQdj2zQLgA2cJihDwJW7nl.uC','','Nighat','Gilani','nigzulf@gmail.com',0,'','','','','','','','','','','','','en','gregorian','','99',1662962971,1662963046,0,1662962971,'115.186.169.2','',0,'',NULL,1,1,0,2,1,0,1662962931,1662962931,0,NULL,NULL,NULL,NULL,NULL),(342,'manual',1,0,0,0,1,'chrissy.schlechter','$2y$10$HQDgW4kN0aRSbP7vsR2noOBY67g6NocoMaiK0w/U1otSZ.zHcAwM2','','Chrissy','Schlechter','chrissy@norumpsychservices.com',0,'','','','','','','','','','','','','en','gregorian','','99',1663254508,1669051305,1668185548,1669049986,'68.104.223.112','',0,'',NULL,1,1,0,2,1,0,1663175709,1663175709,0,NULL,NULL,NULL,NULL,NULL),(343,'manual',1,0,0,0,1,'juliakhassall','$2y$10$Nxnl1qC8VK7XIW9lflgjVO6L0fvUf4DT1nb2hqbPZEKOyfaw6fc9W','','Julia','Hassall','juliakhassall@gmail.com',0,'','','','','','','','','','','','','en','gregorian','','99',1663528844,1663528844,0,1663528844,'108.172.52.252','',0,'',NULL,1,1,0,2,1,0,1663480350,1663480350,0,NULL,NULL,NULL,NULL,NULL),(344,'manual',1,0,0,0,1,'info','$2y$10$n0CnTA0SdJIu4fDbd8XHeOIcwoZvehJq5pcplD8v4o/4b05F3ykaG','','Kerryn','Coombe','info@tncv.com.au',0,'','','','','','','','','','','','','en','gregorian','','99',1663658249,1668663624,1668656695,1668663624,'49.176.148.93','',0,'',NULL,1,1,0,2,1,0,1663652353,1663652353,0,NULL,NULL,NULL,NULL,NULL),(345,'manual',1,0,0,0,1,'kerryn.coombe','$2y$10$.GWeFMBr376/6p97t1m8ReROZ2P8vOs7v8PIAfwXnrg5RMKjNVXaO','','Kerryn','Coombe','kerryn@tncv.com.au',0,'','','','','','','','','','','','','en','gregorian','','99',0,0,0,0,'','',0,'',NULL,1,1,0,2,1,0,1663687045,1663687045,0,NULL,NULL,NULL,NULL,NULL),(346,'manual',1,0,0,0,1,'jonathan.mozenter','$2y$10$4gZjoRd8HlDRS7k517Ail.y3KTMEDx2.0kZ1DD9NffKI4a3CcKA4C','','Jonathan','Mozenter','mozenter@protonmail.com',0,'','','','','','','','','','','','','en','gregorian','','99',1664316711,1664318090,1664316711,1664318090,'98.11.199.20','',0,'',NULL,1,1,0,2,1,0,1664316700,1664316700,0,NULL,NULL,NULL,NULL,NULL),(347,'manual',1,0,0,0,1,'courtney.underwood','$2y$10$LSd1VKA7AH.YtsiGN/0mLud2g2vKO6VJuFeTlXWp56F5R1q9KgGx.','','Courtney','Underwood','cunderwood@chcfortdodge.com',0,'','','','','','','','','','','','','en','gregorian','','99',1664360124,1667507772,1664382404,1667507772,'154.6.21.246','',0,'',NULL,1,1,0,2,1,0,1664359964,1664359964,0,NULL,NULL,NULL,NULL,NULL),(348,'manual',1,0,0,0,1,'coronelpaulette','$2y$10$JJzz9H.b2Wv7tmCrWvpax.8UeIxihAQS7kv5SwHMLCwEW7Oj4q49C','','Paulette','Abaroa','coronelpaulette@gmail.com',0,'','','','','','','','','','','','','en','gregorian','','99',1664655455,1664657892,1664656213,1664657829,'73.124.208.87','',0,'',NULL,1,1,0,2,1,0,1664655424,1664655424,0,NULL,NULL,NULL,NULL,NULL),(349,'manual',1,0,0,0,1,'nathan.pacheco','$2y$10$A78guw1pCDN/0mI5FOLAmOoxwt/D.M0z2xBuuBxplI2tNOvbMu/Ti','','Nathan','Pacheco','nathanpachecocounselor@gmail.com',0,'','','','','','','','','','','','','en','gregorian','','99',1665295255,1667417676,1667416680,1667416937,'75.166.121.170','',0,'',NULL,1,1,0,2,1,0,1665295229,1665295229,0,NULL,NULL,NULL,NULL,NULL),(350,'manual',1,0,0,0,1,'integrity.way','$2y$10$xVBG3vexw4ccvWcxJ1fYYutc/TipFQj1RzKwVdlUoWU7DEsrxLHAW','','Courtney','Olive','courtneyolive7@gmail.com',0,'','','','','','','','','','','','','en','gregorian','','99',1665596103,1668703219,1668696173,1668702818,'170.55.6.250','',0,'','',1,1,0,2,1,0,1665595972,1665595972,0,NULL,NULL,NULL,NULL,NULL),(351,'manual',1,0,0,0,1,'drdavidbooth','$2y$10$ELDVhRidC9frqLP59AOZzeR/MC5AYqeD19dmeEjKQini4uPyijf4m','','David','Booth','drdavidgbooth@gmail.com',0,'','','','','','','','','','','','','en','gregorian','','99',1665633743,1668710578,1668652271,1668710578,'173.198.169.40','',0,'',NULL,1,1,0,2,1,0,1665633717,1665633717,0,NULL,NULL,NULL,NULL,NULL),(352,'manual',1,0,0,0,1,'rachel.allignet','$2y$10$V/1U7g.f53s7e/PD0hmxhOKUmus5WCYAXHLQ303JraLhOADwNxT3i','','Rachel','ALLIGNET','rachel.allignet@hotmail.fr',0,'','','','','','','','','','','','','en','gregorian','','99',1665743387,1668630371,1667383209,1668630371,'92.152.0.181','',0,'',NULL,1,1,0,2,1,0,1665743373,1667383173,0,NULL,NULL,NULL,NULL,NULL),(353,'manual',1,0,0,0,1,'corrie.vesely','$2y$10$o0DjmeXufIDXbaRyEDzwp.8IQO5H7ZoYiD2csTURA6x8dYvTc.1wO','','Corrie','Vesely','everyshadeofblue@protonmail.me',0,'','','','','','','','','','','','','en','gregorian','','99',1665776251,1666989103,1666661921,1666989103,'174.205.32.126','',0,'',NULL,1,1,0,2,1,0,1665776238,1665776238,0,NULL,NULL,NULL,NULL,NULL),(354,'manual',1,0,0,0,1,'corrie.v','$2y$10$vJNsuJTVlbXXyrFBFEltfeTZqntxm1qdMCNEODU6.s7/18sgjeNa6','','Corrie','Vesely','corrie.vesely@gmail.com',0,'','','','','','','','','','','','','en','gregorian','','99',1666986662,1669068187,1666989656,1669066603,'174.205.36.177','',0,'',NULL,1,1,0,2,1,0,1665781692,1666986377,0,NULL,NULL,NULL,NULL,NULL),(355,'manual',1,0,0,0,1,'sara.norum','$2y$10$rvrLKmNME.PTQ1WRgKC/BujHeGri7LhD8/.HYYZJIbsnmRrKnpVNO','','Sara','Norum','sara@norumpsychservices.com',0,'','','','','','','','','','','','','en','gregorian','','99',1665948422,1665951427,0,1665948422,'174.0.92.88','',0,'',NULL,1,1,0,2,1,0,1665948400,1665948400,0,NULL,NULL,NULL,NULL,NULL),(356,'manual',1,0,0,0,1,'brycekretz-5275','$2y$10$EL.ktJhI21iM6j9/x/.BseQRwJz9avFMSJrMFZ98fEvwlv4hb4Zo.','','Bryce','Kretz','brycekretz@yahoo.com',0,'','','','','','','','','','','','','en','gregorian','','99',1666189742,1666801280,1666709708,1666801206,'99.62.190.250','',0,'',NULL,1,1,0,2,1,0,1666023829,1666023829,0,NULL,NULL,NULL,NULL,NULL),(357,'manual',1,0,0,0,1,'udonate','$2y$10$2rTQ366NK/6sqYbGDJOkd.ZvRbZeK763J5fehkNlTbHXiwIICakWm','','uxue','doñate','udonate@cop.es',0,'','','','','','','','','','','','','en','gregorian','','99',1666164246,1666164986,0,1666164246,'89.128.56.27','',0,'',NULL,1,1,0,2,1,0,1666164233,1666164233,0,NULL,NULL,NULL,NULL,NULL),(358,'manual',1,0,0,0,1,'g7mack','$2y$10$lg8PLBZ2.gp39GHlWipao.SuopcrvpCR/idezgl4AmOxl5W9x.cqq','','George','Mack','g7mack@gmail.com',0,'','','','','','','','','','','','','en','gregorian','','99',0,0,0,0,'','',0,'',NULL,1,1,0,2,1,0,1666284676,1666284676,0,NULL,NULL,NULL,NULL,NULL),(359,'manual',1,0,0,0,1,'jennifer.nava','$2y$10$IVgIfioCaTYNwq5b0hcJnOkJQI73OEvlBLJkRFWrZiaogwqCRxwRK','','Jennifer','Nava','jennifernavamft@gmail.com',0,'','','','','','','','','','','','','en','gregorian','','99',1666451740,1668020268,1668015842,1668017851,'73.151.236.51','',0,'',NULL,1,1,0,2,1,0,1666451727,1666451727,0,NULL,NULL,NULL,NULL,NULL),(360,'manual',1,0,0,0,1,'michelaparisi','$2y$10$8E.wD9HRM0Iudjzup29pueI1UpFO/o0PKLXm2PpnrGhU3tfgHHi5u','','Michela','Parisi','michela@connectedbraincounseling.com',0,'','','','','','','','','','','','','en','gregorian','','99',1667929357,1668797090,1668796977,1668797026,'71.196.188.133','',0,'',NULL,1,1,0,2,1,0,1667928915,1667928915,0,NULL,NULL,NULL,NULL,NULL),(361,'manual',1,0,0,0,1,'info@houstonbraincenter.com','$2y$10$xQLjBVl.0vwzzNIb1/u8BebLXXlxCKyb1rHG6biD4lcfPy1Rs.OqK','','Lorrianne','Morrow','info@houstonbraincenter.com',0,'','','','','','','','','','','','','en','gregorian','','99',1668034380,1668710880,1668471957,1668709738,'73.115.233.148','',0,'',NULL,1,1,0,2,1,0,1668034043,1668034043,0,NULL,NULL,NULL,NULL,NULL),(362,'manual',1,0,0,0,1,'ldc444','$2y$10$C2zO6owplC5FL7bFnjlEce7neKkfH6xc9vR0xh6hVKSQ4o/FAsIlK','','Lance','Chamberlain','ldc444@gmail.com',0,'','','','','','','','','','','','','en','gregorian','','99',1668194185,1668369003,1668294534,1668369003,'128.92.213.35','',0,'',NULL,1,1,0,2,1,0,1668194149,1668194149,0,NULL,NULL,NULL,NULL,NULL),(363,'manual',1,0,0,0,1,'rsheller1@aol.com','$2y$10$UsH/bFhUfY91YNL4u8U9LOjPFtb5G2JFCnMReh.l02UdSF32aGmCu','','Robert','Heller','rsheller1@aol.com',0,'','','','','','','','','','','','','en','gregorian','','99',1668442283,1668442283,0,1668442283,'173.69.159.40','',0,'',NULL,1,1,0,2,1,0,1668442227,1668442227,0,NULL,NULL,NULL,NULL,NULL),(364,'manual',1,0,0,0,1,'alisa.pillai','$2y$10$5OZ4wQgp0tmHsMmNSyT3nOcj1.gqvhDsX4WxqgdTL/tXWf9zPNxla','','Alisa','Pillai','alisa.pillai@gmail.com',0,'','','','','','','','','','','','','en','gregorian','','99',0,0,0,0,'','',0,'',NULL,1,1,0,2,1,0,1668714496,1668714496,0,NULL,NULL,NULL,NULL,NULL),(365,'manual',1,0,0,0,1,'necollmartinez','$2y$10$hAWdg84jN45r7dpOhsE2Tep6z4gku6c6rZhzlk1N1/iEiIiGS5p8y','','Necoll','Martinez','necollmartinez@hotmail.com',0,'','','','','','','','','','','','','en','gregorian','','99',0,0,0,0,'','',0,'',NULL,1,1,0,2,1,0,1669134956,1669134956,0,NULL,NULL,NULL,NULL,NULL);

--
